000
CXUS46 KSTO 021958
CLMMYV


CLIMATE REPORT
NATIONAL WEATHER SERVICE SACRAMENTO, CA
1258 PM PDT TUE JUL 2 2019

...................................

...THE MARYSVILLE AIRPORT CA CLIMATE SUMMARY FOR THE MONTH OF JUNE 2019...

CLIMATE NORMAL PERIOD 1981 TO 2010
CLIMATE RECORD PERIOD 9999 TO 9999

WEATHER         OBSERVED          NORMAL  DEPART  LAST YEAR`S
                 VALUE   DATE(S)  VALUE   FROM    VALUE
                                          NORMAL
.............................................................
TEMPERATURE (F)
RECORD
 HIGH              MM   MM
 LOW               23   06/30/2014
HIGHEST           104   06/18        MM      MM
LOWEST             54   06/29        MM      MM
                        06/16
                        06/07
AVG. MAXIMUM     92.6              89.7     2.9
AVG. MINIMUM     59.9              57.4     2.5
MEAN             76.2              73.5     2.7
DAYS MAX >= 90     22              14.9     7.1
DAYS MAX <= 32      0               0.0     0.0
DAYS MIN <= 32      0               0.0     0.0
DAYS MIN <= 0       0               0.0     0.0

PRECIPITATION (INCHES)
RECORD
 MAXIMUM           MM   MM
 MINIMUM           MM   MM
TOTALS              T              0.37   -0.37     0.00
DAYS >= .01         0
DAYS >= .10         0
DAYS >= .50         0
DAYS >= 1.00        0

SNOWFALL (INCHES)
RECORDS
 TOTAL             MM   MM
 24 HR TOTAL       MM
TOTALS            0.0                MM      MM
 LIQUID EQUIV    0.00                MM      MM
SINCE 7/1         0.0                MM      MM
 LIQUID 7/1      0.00
DAYS >= TRACE       0                MM      MM
DAYS >= 1.0         0                MM      MM
GREATEST
 SNOW DEPTH         0   MM
 24 HR TOTAL      0.0   06/30 TO 06/30
 STORM TOTAL       MM
 (MM/DD(HH))            MM

DEGREE_DAYS
HEATING TOTAL       0                 4      -4
 SINCE 7/1       2373              2735    -362
COOLING TOTAL     342               261      81
 SINCE 1/1        437               386      51

FREEZE DATES
RECORD
 EARLIEST     MM
 LATEST       MM
EARLIEST      11/10             MM
LATEST        02/23             MM
..............................................................

WIND (MPH)
AVERAGE WIND SPEED              7.4
HIGHEST WIND SPEED/DIRECTION    30/330    DATE  06/08
HIGHEST GUST SPEED/DIRECTION    39/320    DATE  06/08

SKY COVER
POSSIBLE SUNSHINE (PERCENT)   MM
AVERAGE SKY COVER           0.00
NUMBER OF DAYS FAIR           30
NUMBER OF DAYS PC              0
NUMBER OF DAYS CLOUDY          0

AVERAGE RH (PERCENT)     52

WEATHER CONDITIONS. NUMBER OF DAYS WITH
  0
  0
  0
  0
  0
  0
  0
HAZE                      0

-  INDICATES NEGATIVE NUMBERS.
R  INDICATES RECORD WAS SET OR TIED.
MM INDICATES DATA IS MISSING.
T  INDICATES TRACE AMOUNT.

$$
