271
CXUS53 KLIX 030100
CLMNEW


CLIMATE REPORT
NATIONAL WEATHER SERVICE NEW ORLEANS
755 PM CDT THU MAY 2 2019

...................................

...THE NEW ORLEANS CLIMATE SUMMARY FOR THE MONTH OF APRIL 2019...

CLIMATE NORMAL PERIOD 1981 TO 2010
CLIMATE RECORD PERIOD 1946 TO 2019

WEATHER         OBSERVED          NORMAL  DEPART  LAST YEAR`S
                 VALUE   DATE(S)  VALUE   FROM    VALUE  DATE(S)
                                          NORMAL
................................................................
TEMPERATURE (F)
RECORD
 HIGH              92   04/21/1987
 LOW               32   04/08/1971
HIGHEST            86   04/30                         85  04/29
LOWEST             49   04/15                         46  04/16
                        04/03
AVG. MAXIMUM     78.6              78.2     0.4     76.5
AVG. MINIMUM     61.4              60.0     1.4     57.5
MEAN             70.0              69.1     0.9     67.0
DAYS MAX >= 90      0               0.1    -0.1        0
DAYS MAX <= 32      0               0.0     0.0        0
DAYS MIN <= 32      0               0.0     0.0        0
DAYS MIN <= 0       0               0.0     0.0        0

PRECIPITATION (INCHES)
RECORD
 MAXIMUM
 MINIMUM
TOTALS           6.81              4.61    2.20     5.82
DAILY AVG.       0.23              0.15    0.08     0.19
DAYS >= .01         8               6.9     1.1        6
DAYS >= .10         6               4.7     1.3        4
DAYS >= .50         2               2.5    -0.5        3
DAYS >= 1.00        2               1.4     0.6        1
GREATEST
 24 HR. TOTAL    3.52

SNOWFALL (INCHES)
RECORDS
 TOTAL
 24 HR TOTAL
 SNOW DEPTH
TOTALS            0.0               0.0     0.0      0.0
SINCE 7/1         0.0                 T     0.0        T
SNOWDEPTH AVG.      0                                  0
DAYS >= TRACE       0               0.0     0.0        0
DAYS >= 1.0         0               0.0     0.0        0
GREATEST
 SNOW DEPTH         0                                  0
 24 HR TOTAL      0.0

DEGREE_DAYS
HEATING TOTAL      20                34     -14       32
 SINCE 7/1        983              1279    -296     1119
COOLING TOTAL     177               157      20       98
 SINCE 1/1        353               257      96      355
.................................................................

WIND (MPH)
AVERAGE WIND SPEED              9.2
HIGHEST WIND SPEED/DIRECTION    35/280    DATE  04/19
HIGHEST GUST SPEED/DIRECTION    45/140    DATE  04/18

SKY COVER
POSSIBLE SUNSHINE (PERCENT)   MM
AVERAGE SKY COVER           0.50
NUMBER OF DAYS FAIR           10
NUMBER OF DAYS PC             10
NUMBER OF DAYS CLOUDY         10

AVERAGE RH (PERCENT)     68

-  INDICATES NEGATIVE NUMBERS.
R  INDICATES RECORD WAS SET OR TIED.
MM INDICATES DATA IS MISSING.
T  INDICATES TRACE AMOUNT.

$$

24/RR
