000
CXUS53 KLIX 021403
CLMNEW


CLIMATE REPORT
NATIONAL WEATHER SERVICE NEW ORLEANS
855 AM CDT TUE JUL 2 2019

...................................

...THE NEW ORLEANS CLIMATE SUMMARY FOR THE MONTH OF JUNE 2019...

CLIMATE NORMAL PERIOD 1981 TO 2010
CLIMATE RECORD PERIOD 1946 TO 2019

WEATHER         OBSERVED          NORMAL  DEPART  LAST YEAR`S
                 VALUE   DATE(S)  VALUE   FROM    VALUE  DATE(S)
                                          NORMAL
................................................................
TEMPERATURE (F)
RECORD
 HIGH             101   06/24/2009
 LOW               50   06/01/1984
HIGHEST            98   06/03        MM      MM       97  06/30
LOWEST             66   06/13        MM      MM       68  06/06
AVG. MAXIMUM     92.1              89.5     2.6     91.9
AVG. MINIMUM     76.2              73.5     2.7     75.7
MEAN             84.1              81.5     2.6     83.8
DAYS MAX >= 90     25              14.1    10.9       26
DAYS MAX <= 32      0               0.0     0.0        0
DAYS MIN <= 32      0               0.0     0.0        0
DAYS MIN <= 0       0               0.0     0.0        0

PRECIPITATION (INCHES)
RECORD
 MAXIMUM        17.62   2001
 MINIMUM         0.23   1979
TOTALS           4.32              8.06   -3.74     6.78
DAILY AVG.       0.14              0.27   -0.13     0.23
DAYS >= .01         8              12.9    -4.9       11
DAYS >= .10         5               9.1    -4.1        9
DAYS >= .50         3               5.1    -2.1        7
DAYS >= 1.00        1               3.0    -2.0        3
GREATEST
 24 HR. TOTAL    2.49   06/15 TO 06/15

DEGREE_DAYS
HEATING TOTAL       0                 0       0        0
 SINCE 7/1        983              1280    -297     1119
COOLING TOTAL     580               495      85      573
 SINCE 1/1       1395              1114     281     1400
.................................................................

WIND (MPH)
AVERAGE WIND SPEED              6.8
HIGHEST WIND SPEED/DIRECTION    35/210    DATE  06/06
HIGHEST GUST SPEED/DIRECTION    45/350    DATE  06/28

SKY COVER
POSSIBLE SUNSHINE (PERCENT)   MM
AVERAGE SKY COVER           0.60
NUMBER OF DAYS FAIR            2
NUMBER OF DAYS PC             20
NUMBER OF DAYS CLOUDY          8

AVERAGE RH (PERCENT)     68

-  INDICATES NEGATIVE NUMBERS.
R  INDICATES RECORD WAS SET OR TIED.
MM INDICATES DATA IS MISSING.
T  INDICATES TRACE AMOUNT.

$$
