000
CXUS51 KOKX 011420
CLMNYC

CLIMATE REPORT
NATIONAL WEATHER SERVICE NEW YORK NY
1019 AM EDT MON JUL 1 2019



...THE CENTRAL PARK NY CLIMATE SUMMARY FOR THE MONTH OF JUNE 2019...

CLIMATE NORMAL PERIOD 1981 TO 2010
CLIMATE RECORD PERIOD 1869 TO 2019

WEATHER         OBSERVED          NORMAL  DEPART  LAST YEAR`S
                 VALUE   DATE(S)  VALUE   FROM    VALUE  DATE(S)
                                          NORMAL
................................................................
TEMPERATURE (F)
RECORD
 HIGH             101   06/27/1966
                        06/29/1934
 LOW               44   06/01/1945
HIGHEST            91   06/29        MM      MM       93  06/30
LOWEST             54   06/04        MM      MM       51  06/04
                                                          06/03
AVG. MAXIMUM     79.0              79.3    -0.3     79.6
AVG. MINIMUM     64.3              63.6     0.7     63.7
MEAN             71.7              71.4     0.3     71.7
DAYS MAX >= 90      1               2.1    -1.1        3
DAYS MAX <= 32      0               0.0     0.0        0
DAYS MIN <= 32      0               0.0     0.0        0
DAYS MIN <= 0       0               0.0     0.0        0

PRECIPITATION (INCHES)
RECORD
 MAXIMUM        10.27   2003
 MINIMUM         0.02   1949
TOTALS           5.46              4.41    1.05     3.11
DAILY AVG.       0.18              0.15    0.03     0.10
DAYS >= .01        13              11.2     1.8       13
DAYS >= .10         9               6.9     2.1        6
DAYS >= .50         6               3.0     3.0        2
DAYS >= 1.00        0               1.0    -1.0        1
GREATEST
 24 HR. TOTAL    0.86   06/25 TO 06/25           06/28 TO 06/28
                        06/02 TO 06/02                    06/30 TO 06/30EATHER         OBSERVED          NORMAL  DEPART  LAST YEAR`S
                                                          06/30 TO 06/30EATHER         OBSERVED          NORMAL  DEPART  LAST YEAR`S
 STORM TOTAL       MM                                 MM
 (MM/DD(HH))            MM                    06/28(00) TO 06/28(00)
                                                 06/30(00) TO 06/30(00)0EATHER         OBSERVED          NORMAL  DEPART  LAST YEAR`S
                                                 06/30(00) TO 06/30(00)0EATHER         OBSERVED          NORMAL  DEPART  LAST YEAR`S

DEGREE_DAYS
HEATING TOTAL       9                19     -10       11
 SINCE 7/1       4613              4750    -137     4548
COOLING TOTAL     216               212       4      220
 SINCE 1/1        271               281     -10      356
.................................................................

WIND (MPH)
AVERAGE WIND SPEED              4.1
HIGHEST WIND SPEED/DIRECTION    22/050    DATE  06/13
HIGHEST GUST SPEED/DIRECTION    37/360    DATE  06/30

AVERAGE RH (PERCENT)     64

WEATHER CONDITIONS. NUMBER OF DAYS WITH
THUNDERSTORM              4     MIXED PRECIP               0
HEAVY RAIN               11     RAIN                       8
LIGHT RAIN               15     FREEZING RAIN              0
LT FREEZING RAIN          0     HAIL                       0
HEAVY SNOW                0     SNOW                       0
LIGHT SNOW                0     SLEET                      0
FOG                      14     FOG W/VIS <= 1/4 MILE      2
HAZE                      9

-  INDICATES NEGATIVE NUMBERS.
R  INDICATES RECORD WAS SET OR TIED.
MM INDICATES DATA IS MISSING.
T  INDICATES TRACE AMOUNT.

$$
