000
CXUS51 KOKX 011531
CLMNYC

CLIMATE REPORT
NATIONAL WEATHER SERVICE NEW YORK NY
1129 AM EDT WED MAY 1 2019



...THE CENTRAL PARK NY CLIMATE SUMMARY FOR THE MONTH OF APRIL 2019...

CLIMATE NORMAL PERIOD 1981 TO 2010
CLIMATE RECORD PERIOD 1869 TO 2019

WEATHER         OBSERVED          NORMAL  DEPART  LAST YEAR`S
                 VALUE   DATE(S)  VALUE   FROM    VALUE  DATE(S)
                                          NORMAL
................................................................
TEMPERATURE (F)
RECORD
 HIGH              96   04/17/2002
                        04/18/1976
 LOW               20   04/05/1874
HIGHEST            80   04/19        MM      MM       82  04/13
LOWEST             33   04/01        MM      MM       32  04/09
                                                          04/08
AVG. MAXIMUM     63.3              61.2     2.1     57.1
AVG. MINIMUM     47.6              44.8     2.8     41.8
MEAN             55.4              53.0     2.4     49.4
DAYS MAX >= 90      0               0.1    -0.1        0
DAYS MAX <= 32      0               0.0     0.0        0
DAYS MIN <= 32      0               0.9    -0.9        2
DAYS MIN <= 0       0               0.0     0.0        0

PRECIPITATION (INCHES)
RECORD
 MAXIMUM        14.01   1983
 MINIMUM         0.95   1881
TOTALS           4.55              4.50    0.05     5.78
DAILY AVG.       0.15              0.15    0.00     0.19
DAYS >= .01        18              11.5     6.5       14
DAYS >= .10         8               6.9     1.1        9
DAYS >= .50         4               2.6     1.4        3
DAYS >= 1.00        1               1.2    -0.2        1
GREATEST
 24 HR. TOTAL    1.03   04/26 TO 04/26           04/16 TO 04/16
                                                          04/02 TO 04/02EATHER         OBSERVED          NORMAL  DEPART  LAST YEAR`S
                                                          04/02 TO 04/02EATHER         OBSERVED          NORMAL  DEPART  LAST YEAR`S
 STORM TOTAL       MM                                 MM
 (MM/DD(HH))            MM                    04/16(00) TO 04/16(00)
                                                 04/02(00) TO 04/02(00)2EATHER         OBSERVED          NORMAL  DEPART  LAST YEAR`S
                                                 04/02(00) TO 04/02(00)2EATHER         OBSERVED          NORMAL  DEPART  LAST YEAR`S

SNOWFALL (INCHES)
TOTALS            0.0               0.6    -0.6      5.5
 LIQUID EQUIV    0.00              0.10   -0.10     0.55
SINCE 7/1        20.5              25.8    -5.3     40.9
 LIQUID 7/1      2.05              2.60   -0.55     4.09
SNOWDEPTH AVG.      0                MM      MM        0
DAYS >= TRACE       0               0.3    -0.3        1
DAYS >= 1.0         0               0.1    -0.1        1
GREATEST
 SNOW DEPTH         0   MM                             5  04/02
 24 HR TOTAL      0.0   04/30 TO 04/30           04/02 TO 04/02
                                                          04/02 TO 04/02EATHER         OBSERVED          NORMAL  DEPART  LAST YEAR`S
                                                          04/02 TO 04/02EATHER         OBSERVED          NORMAL  DEPART  LAST YEAR`S
 STORM TOTAL       MM                                 MM
 (MM/DD(HH))            MM                    04/02(00) TO 04/02(00)
                                                 04/02(00) TO 04/02(00)2EATHER         OBSERVED          NORMAL  DEPART  LAST YEAR`S
                                                 04/02(00) TO 04/02(00)2EATHER         OBSERVED          NORMAL  DEPART  LAST YEAR`S

DEGREE_DAYS
HEATING TOTAL     289               371     -82      466
 SINCE 7/1       4479              4593    -114     4477
COOLING TOTAL      11                11       0        6
 SINCE 1/1         11                12      -1        8
.................................................................

WIND (MPH)
AVERAGE WIND SPEED              4.4
HIGHEST WIND SPEED/DIRECTION    24/270    DATE  04/15
HIGHEST GUST SPEED/DIRECTION    39/280    DATE  04/15

AVERAGE RH (PERCENT)     60

WEATHER CONDITIONS. NUMBER OF DAYS WITH
THUNDERSTORM              2     MIXED PRECIP               0
HEAVY RAIN                8     RAIN                      11
LIGHT RAIN               22     FREEZING RAIN              0
LT FREEZING RAIN          0     HAIL                       0
HEAVY SNOW                0     SNOW                       0
LIGHT SNOW                0     SLEET                      0
FOG                      16     FOG W/VIS <= 1/4 MILE      1
HAZE                     10

-  INDICATES NEGATIVE NUMBERS.
R  INDICATES RECORD WAS SET OR TIED.
MM INDICATES DATA IS MISSING.
T  INDICATES TRACE AMOUNT.

$$
