000
CXUS55 KPSR 010820
CLMNYL

CLIMATE REPORT
NATIONAL WEATHER SERVICE PHOENIX AZ
120 AM MST WED MAY 1 2019

...................................

...THE YUMA AZ CLIMATE SUMMARY FOR THE MONTH OF APRIL 2019...

CLIMATE NORMAL PERIOD 1981 TO 2010
CLIMATE RECORD PERIOD 1876 TO 2019

WEATHER         OBSERVED          NORMAL  DEPART
                 VALUE   DATE(S)  VALUE   FROM
                                          NORMAL
................................................
TEMPERATURE (F)
RECORD
 HIGH             107   04/06/1989
                        04/21/1958
                        04/18/1954
 LOW               38   04/08/1929
                        04/05/1901
HIGHEST           101   04/26       100       1
LOWEST             54   04/17        49       5
                        04/11
AVG. MAXIMUM     89.3              86.4     2.9
AVG. MINIMUM     61.1              59.6     1.5
MEAN             75.2              73.0     2.2
DAYS MAX >= 90     13              10.4     2.6
DAYS MAX <= 32      0               0.0     0.0
DAYS MIN <= 32      0               0.0     0.0
DAYS MIN <= 0       0               0.0     0.0

PRECIPITATION (INCHES)
RECORD
 MAXIMUM         1.20   1965
 MINIMUM         0.00   2018
                        2017
                        2014
TOTALS           0.09              0.15   -0.06
DAYS >= .01         2               0.7     1.3
DAYS >= .10         0               0.5    -0.5
DAYS >= .50         0               0.1    -0.1
DAYS >= 1.00        0               0.0     0.0
GREATEST
 24 HR. TOTAL    0.07   04/16 TO 04/16

DEGREE_DAYS
HEATING TOTAL       0                13     -13
 SINCE 7/1        814               686     128
COOLING TOTAL     316               253      63
 SINCE 1/1        432               406      26
.................................................

WIND (MPH)
AVERAGE WIND SPEED              7.4
HIGHEST GUST SPEED/DIRECTION    46/300    DATE  04/09

AVERAGE RH (PERCENT)     32

WEATHER CONDITIONS. NUMBER OF DAYS WITH
THUNDERSTORM              2     HEAVY RAIN                 0
RAIN                      2     LIGHT RAIN                 1
FOG W/VIS <= 1/4 MILE     0

-  INDICATES NEGATIVE NUMBERS.
R  INDICATES RECORD WAS SET OR TIED.
MM INDICATES DATA IS MISSING.
T  INDICATES TRACE AMOUNT.

$$
