000
CXUS55 KPSR 010823
CLMNYL

CLIMATE REPORT
NATIONAL WEATHER SERVICE PHOENIX AZ
119 AM MST MON JUL 1 2019

...................................

...THE YUMA AZ CLIMATE SUMMARY FOR THE MONTH OF JUNE 2019...

CLIMATE NORMAL PERIOD 1981 TO 2010
CLIMATE RECORD PERIOD 1876 TO 2019

WEATHER         OBSERVED          NORMAL  DEPART
                 VALUE   DATE(S)  VALUE   FROM
                                          NORMAL
................................................
TEMPERATURE (F)
RECORD
 HIGH             122   06/26/1990
 LOW               51   06/05/1925
HIGHEST           114   06/12       113       1
LOWEST             64   06/03        64       0
AVG. MAXIMUM    102.9             103.5    -0.6
AVG. MINIMUM     73.2              74.6    -1.4
MEAN             88.2              89.0    -0.8
DAYS MAX >= 90     29              29.0     0.0
DAYS MAX <= 32      0               0.0     0.0
DAYS MIN <= 32      0               0.0     0.0
DAYS MIN <= 0       0               0.0     0.0

PRECIPITATION (INCHES)
RECORD
 MAXIMUM         0.62   1912
 MINIMUM         0.00   2017
                        2014
                        2013
TOTALS           0.00R             0.01   -0.01
DAYS >= .01         0               0.2    -0.2
DAYS >= .10         0               0.1    -0.1
DAYS >= .50         0               0.0     0.0
DAYS >= 1.00        0               0.0     0.0
GREATEST
 24 HR. TOTAL    0.00   06/30 TO 06/30

DEGREE_DAYS
HEATING TOTAL       0                 0       0
 SINCE 7/1        814               686     128
COOLING TOTAL     680               721     -41
 SINCE 1/1       1426              1633    -207
.................................................

WIND (MPH)
AVERAGE WIND SPEED              7.9
HIGHEST GUST SPEED/DIRECTION    28/170    DATE  06/25

AVERAGE RH (PERCENT)     25

WEATHER CONDITIONS. NUMBER OF DAYS WITH
THUNDERSTORM              0     HEAVY RAIN                 0
RAIN                      0     LIGHT RAIN                 0
FOG W/VIS <= 1/4 MILE     0

-  INDICATES NEGATIVE NUMBERS.
R  INDICATES RECORD WAS SET OR TIED.
MM INDICATES DATA IS MISSING.
T  INDICATES TRACE AMOUNT.

$$
