000
CXUS55 KPSR 010935
CLMNYL

CLIMATE REPORT
NATIONAL WEATHER SERVICE PHOENIX AZ
233 AM MST SUN SEP 1 2019

...................................

...THE YUMA AZ CLIMATE SUMMARY FOR THE MONTH OF AUGUST 2019...

CLIMATE NORMAL PERIOD 1981 TO 2010
CLIMATE RECORD PERIOD 1876 TO 2019

WEATHER         OBSERVED          NORMAL  DEPART
                 VALUE   DATE(S)  VALUE   FROM
                                          NORMAL
................................................
TEMPERATURE (F)
RECORD
 HIGH             120   08/27/1981
 LOW               58   08/30/1907
HIGHEST           116   08/15       114       2
                        08/05
LOWEST             77   08/13        74       3
                        08/12
AVG. MAXIMUM    108.7             106.2     2.5
AVG. MINIMUM     82.9              82.3     0.6
MEAN             95.8              94.3     1.5
DAYS MAX >= 90     31              30.8     0.2
DAYS MAX <= 32      0               0.0     0.0
DAYS MIN <= 32      0               0.0     0.0
DAYS MIN <= 0       0               0.0     0.0

PRECIPITATION (INCHES)
RECORD
 MAXIMUM         6.25   1909
 MINIMUM         0.00   2006
                        2004
                        2002
TOTALS              T              0.47   -0.47
DAYS >= .01         0               2.4    -2.4
DAYS >= .10         0               1.2    -1.2
DAYS >= .50         0               0.3    -0.3
DAYS >= 1.00        0               0.1    -0.1
GREATEST
 24 HR. TOTAL       T   08/07 TO 08/07

DEGREE_DAYS
HEATING TOTAL       0                 0       0
 SINCE 7/1          0                 0       0
COOLING TOTAL     962               907      55
 SINCE 1/1       3298              3453    -155
.................................................

WIND (MPH)
AVERAGE WIND SPEED              7.5
HIGHEST GUST SPEED/DIRECTION    43/160    DATE  08/23

AVERAGE RH (PERCENT)     37

WEATHER CONDITIONS. NUMBER OF DAYS WITH
THUNDERSTORM              1     HEAVY RAIN                 0
RAIN                      0     LIGHT RAIN                 1
FOG W/VIS <= 1/4 MILE     0

-  INDICATES NEGATIVE NUMBERS.
R  INDICATES RECORD WAS SET OR TIED.
MM INDICATES DATA IS MISSING.
T  INDICATES TRACE AMOUNT.

$$
