675
CXUS53 KGID 011923
CLMODX


CLIMATE REPORT
NATIONAL WEATHER SERVICE HASTINGS NE
222 PM CDT THU AUG 1 2019

...................................

...THE ORD NE CLIMATE SUMMARY FOR THE MONTH OF JULY 2019...

CLIMATE NORMAL PERIOD 1981 TO 2010
CLIMATE RECORD PERIOD 1895 TO 2019

WEATHER         OBSERVED          NORMAL  DEPART  LAST YEAR`S
                 VALUE   DATE(S)  VALUE   FROM    VALUE
                                          NORMAL
.............................................................
TEMPERATURE (F)
HIGHEST            94   07/19        MM      MM       93
                        07/18
LOWEST             51   07/23        MM      MM       49
AVG. MAXIMUM     85.2              87.3    -2.1     84.0
AVG. MINIMUM     63.6              61.5     2.1     62.0
MEAN             74.4              74.4     0.0     73.0
DAYS MAX >= 90      5              10.7    -5.7        6
DAYS MAX <= 32      0
DAYS MIN <= 32      0               0.0     0.0        0
DAYS MIN <= 0       0

PRECIPITATION (INCHES)
TOTALS           4.34              2.97    1.37     5.84
DAILY AVG.       0.14              0.10    0.04     0.19
DAYS >= .01        12                MM      MM       12
DAYS >= .10         7                MM      MM        9
DAYS >= .50         4                MM      MM        5
DAYS >= 1.00        2                MM      MM        1
GREATEST
 24 HR. TOTAL    1.27   07/16 TO 07/16

DEGREE_DAYS
HEATING TOTAL       0
 SINCE 7/1          0
COOLING TOTAL     301
 SINCE 1/1        478
..............................................................

WIND (MPH)
AVERAGE WIND SPEED              7.1
HIGHEST WIND SPEED/DIRECTION    38/350    DATE  07/15
HIGHEST GUST SPEED/DIRECTION    54/350    DATE  07/15

SKY COVER
POSSIBLE SUNSHINE (PERCENT)   MM
NUMBER OF DAYS FAIR           27
NUMBER OF DAYS PC              3
NUMBER OF DAYS CLOUDY          1

AVERAGE RH (PERCENT)     75

WEATHER CONDITIONS. NUMBER OF DAYS WITH
THUNDERSTORM             12     MIXED PRECIP               0
HEAVY RAIN                3     RAIN                       7
LIGHT RAIN               18     FREEZING RAIN              0
LT FREEZING RAIN          0     HAIL                       0
HEAVY SNOW                0     SNOW                       0
LIGHT SNOW                0     SLEET                      0
FOG                       8     FOG W/VIS <= 1/4 MILE      2
HAZE                      1

-  INDICATES NEGATIVE NUMBERS.
R  INDICATES RECORD WAS SET OR TIED.
MM INDICATES DATA IS MISSING.
T  INDICATES TRACE AMOUNT.

$$
