000
CXUS53 KGID 021554 CCA
CLMODX

CLIMATE REPORT
NATIONAL WEATHER SERVICE HASTINGS NE
959 AM CDT WED MAY 1 2019

CORRECTED PRECIPITATION TOTAL

...................................

...THE ORD NE CLIMATE SUMMARY FOR THE MONTH OF APRIL 2019...

CLIMATE NORMAL PERIOD 1981 TO 2010
CLIMATE RECORD PERIOD 1895 TO 2019

WEATHER         OBSERVED          NORMAL  DEPART  LAST YEAR`S
                 VALUE   DATE(S)  VALUE   FROM    VALUE
                                          NORMAL
.............................................................
TEMPERATURE (F)
HIGHEST            89   04/20        MM      MM       83
LOWEST             20   04/13        MM      MM        2
AVG. MAXIMUM     62.8              61.6     1.2     54.1
AVG. MINIMUM     34.8              35.9    -1.1     27.3
MEAN             48.8              48.8     0.0     40.7
DAYS MAX >= 90      0               0.0     0.0        0
DAYS MAX <= 32      1
DAYS MIN <= 32     10               9.3     0.7       22
DAYS MIN <= 0       0

PRECIPITATION (INCHES)
TOTALS           2.87              2.59    0.28     1.47
DAILY AVG.       0.10              0.09    0.01     0.05
DAYS >= .01        11                MM      MM       13
DAYS >= .10         5                MM      MM        5
DAYS >= .50         3                MM      MM        0
DAYS >= 1.00        0                MM      MM        0
GREATEST
 24 HR. TOTAL    0.58   04/06 TO 04/06

DEGREE_DAYS
HEATING TOTAL     479
 SINCE 7/1       6879
COOLING TOTAL       0
 SINCE 1/1          0
..............................................................

WIND (MPH)
AVERAGE WIND SPEED              10.9
HIGHEST WIND SPEED/DIRECTION    36/020    DATE  04/11
HIGHEST GUST SPEED/DIRECTION    47/350    DATE  04/18

SKY COVER
POSSIBLE SUNSHINE (PERCENT)   MM
NUMBER OF DAYS FAIR           14
NUMBER OF DAYS PC             11
NUMBER OF DAYS CLOUDY          4

AVERAGE RH (PERCENT)     67

WEATHER CONDITIONS. NUMBER OF DAYS WITH
THUNDERSTORM              6     MIXED PRECIP               0
HEAVY RAIN                2     RAIN                       7
LIGHT RAIN               13     FREEZING RAIN              1
LT FREEZING RAIN          1     HAIL                       0
HEAVY SNOW                0     SNOW                       0
LIGHT SNOW                4     SLEET                      0
FOG                       8     FOG W/VIS <= 1/4 MILE      1
HAZE                      0

-  INDICATES NEGATIVE NUMBERS.
R  INDICATES RECORD WAS SET OR TIED.
MM INDICATES DATA IS MISSING.
T  INDICATES TRACE AMOUNT.

$$
