000
CXUS52 KCAE 011805
CLMOGB


CLIMATE REPORT
NATIONAL WEATHER SERVICE COLUMBIA SC
109 PM EDT MON JUL 1 2019

...................................

...THE ORANGEBURG AIRPORT SC CLIMATE SUMMARY FOR THE
   MONTH OF JUNE 2019...

CLIMATE NORMAL PERIOD 1981 TO 2010
CLIMATE RECORD PERIOD 9999 TO 9999

WEATHER         OBSERVED          NORMAL  DEPART
                 VALUE   DATE(S)  VALUE   FROM
                                          NORMAL
................................................
TEMPERATURE (F)
HIGHEST            94   06/03        MM      MM
                        06/02
LOWEST             56R  06/15        MM      MM
AVG. MAXIMUM     88.3              88.9    -0.6
AVG. MINIMUM     67.2              67.6    -0.4
MEAN             77.8              78.3    -0.5
DAYS MAX >= 90     14              12.8     1.2
DAYS MAX <= 32      0               0.0     0.0
DAYS MIN <= 32      0               0.0     0.0
DAYS MIN <= 0       0               0.0     0.0

PRECIPITATION (INCHES)
TOTALS           3.84 #            5.12   -1.28 #
DAYS >= .01        14                MM      MM
DAYS >= .10         8                MM      MM
DAYS >= .50         3                MM      MM
DAYS >= 1.00        1                MM      MM
GREATEST
 24 HR. TOTAL    1.08   06/10 TO 06/10

SNOWFALL (INCHES)
DAYS >= TRACE       0

DEGREE_DAYS
HEATING TOTAL       0                 1      -1
 SINCE 7/1       2030              2333    -303
COOLING TOTAL     390               398      -8
 SINCE 1/1        881               701     180
.................................................

WIND (MPH)
AVERAGE WIND SPEED              5.4
RESULTANT WIND SPEED/DIRECTION   1/221
HIGHEST WIND SPEED/DIRECTION    39/240    DATE  06/22
HIGHEST GUST SPEED/DIRECTION    63/320    DATE  06/20

SKY COVER
POSSIBLE SUNSHINE (PERCENT)   MM
AVERAGE SKY COVER           0.30
NUMBER OF DAYS FAIR           20
NUMBER OF DAYS PC              7
NUMBER OF DAYS CLOUDY          3

AVERAGE RH (PERCENT)     70

WEATHER CONDITIONS. NUMBER OF DAYS WITH
THUNDERSTORM             10     MIXED PRECIP               0
HEAVY RAIN                7     RAIN                       9
LIGHT RAIN               15     FREEZING RAIN              0
LT FREEZING RAIN          0     HAIL                       0
HEAVY SNOW                0     SNOW                       0
LIGHT SNOW                0     SLEET                      0
FOG                      18     FOG W/VIS <= 1/4 MILE      3
HAZE                      5

-  INDICATES NEGATIVE NUMBERS.
R  INDICATES RECORD WAS SET OR TIED.
MM INDICATES DATA IS MISSING.
T  INDICATES TRACE AMOUNT.

# PRECIP GAUGE MALFUNCTION A FEW DAYS MAY HAVE NEGATIVELY
  BIASED MONTHLY TOTAL

$$
