000
CXUS53 KEAX 010651
CLMOJC

CLIMATE REPORT
NATIONAL WEATHER SERVICE KANSAS CITY/PLEASANT HILL MO
136 AM CDT TUE OCT 1 2019

...................................

...THE JOHNSON COUNTY EXECUTIVE CLIMATE SUMMARY FOR THE MONTH OF SEPTEMBER 2019...

CLIMATE NORMAL PERIOD 1981 TO 2010
CLIMATE RECORD PERIOD 9999 TO 9999

WEATHER         OBSERVED          NORMAL  DEPART  LAST YEAR`S
                 VALUE   DATE(S)  VALUE   FROM    VALUE  DATE(S)
                                          NORMAL
................................................................
TEMPERATURE (F)
HIGHEST            90   09/19        92      -2       91  09/20
                        09/18                             09/19
                        09/16                             09/18
LOWEST             54   09/23        42      12       40  09/27
AVG. MAXIMUM     83.8              78.7     5.1     79.3
AVG. MINIMUM     66.0              58.5     7.5     61.1
MEAN             74.9              68.6     6.3     70.2
DAYS MAX >= 90      6               3.1     2.9        3
DAYS MAX <= 32      0               0.0     0.0        0
DAYS MIN <= 32      0               0.0     0.0        0
DAYS MIN <= 0       0               0.0     0.0        0

PRECIPITATION (INCHES)
TOTALS           6.15              4.51    1.64     3.17
DAILY AVG.       0.20              0.15    0.05     0.11
DAYS >= .01         7               8.1    -1.1       10
DAYS >= .10         6               5.4     0.6        6
DAYS >= .50         4               2.7     1.3        2
DAYS >= 1.00        1               1.4    -0.4        1
GREATEST
 24 HR. TOTAL    2.99   09/22 TO 09/22

DEGREE_DAYS
HEATING TOTAL       0                48     -48       38
 SINCE 7/1          0                49     -49       38
COOLING TOTAL     305               156     149      205
 SINCE 1/1       1361              1321      40     1660
.................................................................

WIND (MPH)
AVERAGE WIND SPEED              8.0
HIGHEST WIND SPEED/DIRECTION    25/200    DATE  09/27
HIGHEST GUST SPEED/DIRECTION    42/200    DATE  09/27

SKY COVER
POSSIBLE SUNSHINE (PERCENT)   MM
AVERAGE SKY COVER           0.20
NUMBER OF DAYS FAIR           21
NUMBER OF DAYS PC              8
NUMBER OF DAYS CLOUDY          1

AVERAGE RH (PERCENT)     77

-  INDICATES NEGATIVE NUMBERS.
R  INDICATES RECORD WAS SET OR TIED.
MM INDICATES DATA IS MISSING.
T  INDICATES TRACE AMOUNT.

$$
