000
CXUS53 KEAX 010653
CLMOJC

STLCLMWK4 000
TTAA00 KEAX 010648


CLIMATE REPORT
NATIONAL WEATHER SERVICE KANSAS CITY/PLEASANT HILL MO
146 AM CDT THU AUG 1 2019

...................................

...THE JOHNSON COUNTY EXECUTIVE CLIMATE SUMMARY FOR THE MONTH OF JULY 2019...

CLIMATE NORMAL PERIOD 1981 TO 2010
CLIMATE RECORD PERIOD 9999 TO 9999

WEATHER         OBSERVED          NORMAL  DEPART  LAST YEAR`S
                 VALUE   DATE(S)  VALUE   FROM    VALUE  DATE(S)
                                          NORMAL
................................................................
TEMPERATURE (F)
HIGHEST            95   07/20        97      -2       99  07/12
LOWEST             60   07/24        59       1       61  07/31
AVG. MAXIMUM     86.3              87.7    -1.4     88.5
AVG. MINIMUM     68.3              68.8    -0.5     68.7
MEAN             77.3              78.3    -1.0     78.6
DAYS MAX >= 90      6              12.8    -6.8       13
DAYS MAX <= 32      0               0.0     0.0        0
DAYS MIN <= 32      0               0.0     0.0        0
DAYS MIN <= 0       0               0.0     0.0        0

PRECIPITATION (INCHES)
TOTALS           3.82              3.72    0.10     3.27
DAILY AVG.       0.12              0.12    0.00     0.11
DAYS >= .01         7               8.8    -1.8        7
DAYS >= .10         5               6.2    -1.2        4
DAYS >= .50         2               2.5    -0.5        2
DAYS >= 1.00        1               1.3    -0.3        2
GREATEST
 24 HR. TOTAL    2.25   07/21 TO 07/21

DEGREE_DAYS
HEATING TOTAL       0                 0       0        0
 SINCE 7/1          0                 0       0        0
COOLING TOTAL     390               411     -21      430
 SINCE 1/1        728               772     -44     1076
.................................................................

WIND (MPH)
AVERAGE WIND SPEED              7.0
HIGHEST WIND SPEED/DIRECTION    30/310    DATE  07/10
HIGHEST GUST SPEED/DIRECTION    47/310    DATE  07/10

SKY COVER
POSSIBLE SUNSHINE (PERCENT)   MM
AVERAGE SKY COVER           0.20
NUMBER OF DAYS FAIR           26
NUMBER OF DAYS PC              4
NUMBER OF DAYS CLOUDY          1

AVERAGE RH (PERCENT)     74

WEATHER CONDITIONS. NUMBER OF DAYS WITH
  0
  4
  0
  0
  0
  0
  0
HAZE                      2

-  INDICATES NEGATIVE NUMBERS.
R  INDICATES RECORD WAS SET OR TIED.
MM INDICATES DATA IS MISSING.
T  INDICATES TRACE AMOUNT.

$$
