000
CXUS53 KEAX 021534 RRA
CLMOJC

CLIMATE REPORT
NATIONAL WEATHER SERVICE KANSAS CITY/PLEASANT HILL MO
1024 AM CDT THU MAY 2 2019

...................................

...THE JOHNSON COUNTY EXECUTIVE CLIMATE SUMMARY FOR THE MONTH OF MARCH 2019...

CLIMATE NORMAL PERIOD 1981 TO 2010
CLIMATE RECORD PERIOD 9999 TO 9999

WEATHER         OBSERVED          NORMAL  DEPART  LAST YEAR`S
                 VALUE   DATE(S)  VALUE   FROM    VALUE  DATE(S)
                                          NORMAL
................................................................
TEMPERATURE (F)
HIGHEST            70   03/27        77      -7       75  03/15
LOWEST                  03/04        16     -17       20  03/08
AVG. MAXIMUM     49.5              55.3    -5.8     53.8
AVG. MINIMUM     31.3              34.5    -3.2     34.2
MEAN             40.4              44.9    -4.5     44.0
DAYS MAX >= 90      0               0.0     0.0        0
DAYS MAX <= 32      4               0.8     3.2        0
DAYS MIN <= 32     15              12.8     2.2       13
DAYS MIN <= 0       1               0.1     0.9        0

PRECIPITATION (INCHES)
TOTALS           2.42              2.63   -0.21     3.23
DAILY AVG.       0.08              0.08    0.00     0.10
DAYS >= .01         8               8.7    -0.7        8
DAYS >= .10         5               5.2    -0.2        3
DAYS >= .50         2               1.5     0.5        2
DAYS >= 1.00        0               0.5    -0.5        2
GREATEST
 24 HR. TOTAL    0.65   03/29 TO 03/29

DEGREE_DAYS
HEATING TOTAL     755               624     131      645
 SINCE 7/1       5036              4517     519     4533
COOLING TOTAL       0                 1      -1        0
 SINCE 1/1          0                 1      -1        0
.................................................................

WIND (MPH)
AVERAGE WIND SPEED              9.8
HIGHEST WIND SPEED/DIRECTION    35/170    DATE  03/13
HIGHEST GUST SPEED/DIRECTION    49/210    DATE  03/14

SKY COVER
POSSIBLE SUNSHINE (PERCENT)   MM
AVERAGE SKY COVER           0.50
NUMBER OF DAYS FAIR           14
NUMBER OF DAYS PC              6
NUMBER OF DAYS CLOUDY         11

AVERAGE RH (PERCENT)     68



-  INDICATES NEGATIVE NUMBERS.
R  INDICATES RECORD WAS SET OR TIED.
MM INDICATES DATA IS MISSING.
T  INDICATES TRACE AMOUNT.

$$
