014
CXUS56 KSGX 011453
CLMOKB


CLIMATE REPORT
NATIONAL WEATHER SERVICE SAN DIEGO, CA
752 AM PDT THU AUG 1 2019

...................................

...THE OCEANSIDE AIRPORT CA CLIMATE SUMMARY FOR THE MONTH OF JULY 2019...

CLIMATE NORMAL PERIOD 1981 TO 2010
CLIMATE RECORD PERIOD 1999 TO 2019

WEATHER         OBSERVED          NORMAL  DEPART  LAST YEAR`S
                 VALUE   DATE(S)  VALUE   FROM    VALUE  DATE(S)
                                          NORMAL
................................................................
TEMPERATURE (F)
RECORD
 HIGH              94   07/22/2006
 LOW               51   07/12/2001
HIGHEST            89   07/25        MM      MM       91  07/08
LOWEST             55   07/01        MM      MM       56  07/05
AVG. MAXIMUM     77.6              75.9     1.7     81.7
AVG. MINIMUM     62.0              61.3     0.7     65.5
MEAN             69.8              68.6     1.2     73.6
DAYS MAX >= 90      0               0.1    -0.1        2
DAYS MAX <= 32      0               0.0     0.0        0
DAYS MIN <= 32      0               0.0     0.0        0

PRECIPITATION (INCHES)
RECORD
 MAXIMUM         0.77   2015
 MINIMUM           MM   MM
TOTALS              T              0.12   -0.12     0.03
DAILY AVG.          T              0.00    0.00     0.00
DAYS >= .01         0                MM      MM        1
DAYS >= .10         0                MM      MM        0
DAYS >= .50         0                MM      MM        0
DAYS >= 1.00        0                MM      MM        0
GREATEST
 24 HR. TOTAL       T   07/25 TO 07/25           07/10 TO 07/10
                        07/23 TO 07/23                    07/31 TO 07/31EATHER         OBSERVED          NORMAL  DEPART  LAST YEAR`S
                                                          07/31 TO 07/31EATHER         OBSERVED          NORMAL  DEPART  LAST YEAR`S
 STORM TOTAL       MM                                 MM
 (MM/DD(HH))            MM                    07/10(00) TO 07/10(00)
                                                 07/31(00) TO 07/31(00)1EATHER         OBSERVED          NORMAL  DEPART  LAST YEAR`S
                                                 07/31(00) TO 07/31(00)1EATHER         OBSERVED          NORMAL  DEPART  LAST YEAR`S

DEGREE_DAYS
HEATING TOTAL       0                 3      -3        0
 SINCE 7/1          0                 3      -3        0
COOLING TOTAL     157               114      43      275
 SINCE 1/1        205               162      43      345

FREEZE DATES
RECORD
 EARLIEST     MM
 LATEST       MM
EARLIEST                        MM
LATEST                          MM
.................................................................

WIND (MPH)
AVERAGE WIND SPEED              5.2
RESULTANT WIND SPEED/DIRECTION   4/241
HIGHEST WIND SPEED/DIRECTION    16/240    DATE  07/21
HIGHEST GUST SPEED/DIRECTION    67/210    DATE  07/12

SKY COVER
POSSIBLE SUNSHINE (PERCENT)   MM
AVERAGE SKY COVER           0.50
NUMBER OF DAYS FAIR            5
NUMBER OF DAYS PC             21
NUMBER OF DAYS CLOUDY          5

AVERAGE RH (PERCENT)     72

WEATHER CONDITIONS. NUMBER OF DAYS WITH
  0
  0
  0
  0
  0
  0
  1
HAZE                     24

-  INDICATES NEGATIVE NUMBERS.
R  INDICATES RECORD WAS SET OR TIED.
MM INDICATES DATA IS MISSING.
T  INDICATES TRACE AMOUNT.

$$
