000
CXUS54 KOUN 011508
CLMOKC

CLIMATE REPORT
NATIONAL WEATHER SERVICE NORMAN OK
953 AM CDT THU AUG 1 2019

...................................

...THE OKLAHOMA CITY CLIMATE SUMMARY FOR THE MONTH OF JULY 2019...

CLIMATE NORMAL PERIOD 1981 TO 2010
CLIMATE RECORD PERIOD 1890 TO 2019

WEATHER         OBSERVED          NORMAL  DEPART  LAST YEAR`S
                 VALUE   DATE(S)  VALUE   FROM    VALUE
                                          NORMAL
.............................................................
TEMPERATURE (F)
RECORD
 HIGH             110   07/09/2011
                        07/06/1996
 LOW               53   07/31/1971
HIGHEST           100               101      -1      109
LOWEST             59                62      -3       63
AVG. MAXIMUM     92.8              93.9    -1.1     92.9
AVG. MINIMUM     69.5              72.2    -2.7     71.4
MEAN             81.2              83.0    -1.8     82.1
DAYS MAX >= 90     24              23.4     0.6       25
DAYS MAX <= 32      0               0.0     0.0        0
DAYS MIN <= 32      0               0.0     0.0        0
DAYS MIN <= 0       0               0.0     0.0        0

PRECIPITATION (INCHES)
RECORD
 MAXIMUM        11.90   1996
 MINIMUM            T   1983
TOTALS           0.06              2.93   -2.87     2.29
DAILY AVG.       0.00              0.09   -0.09     0.07
DAYS >= .01         1               5.7    -4.7        5
DAYS >= .10         0               4.1    -4.1        3
DAYS >= .50         0               1.9    -1.9        1
DAYS >= 1.00        0               1.0    -1.0        1
GREATEST
 24 HR. TOTAL    0.06   07/08 TO 07/08

DEGREE_DAYS
COOLING TOTAL     510               559     -49      537
 SINCE 1/1        972              1199    -227     1310
..............................................................

WIND (MPH)
AVERAGE WIND SPEED              9.5
HIGHEST WIND SPEED/DIRECTION    26/120    DATE  07/08
HIGHEST GUST SPEED/DIRECTION    36/220    DATE  07/07


WEATHER CONDITIONS. NUMBER OF DAYS WITH
THUNDERSTORM              4     MIXED PRECIP               0
HEAVY RAIN                0     RAIN                       1
LIGHT RAIN                3     FREEZING RAIN              0
LT FREEZING RAIN          0     HAIL                       0
HEAVY SNOW                0     SNOW                       0
LIGHT SNOW                0     SLEET                      0
FOG                       4     FOG W/VIS <= 1/4 MILE      0
HAZE                      0

-  INDICATES NEGATIVE NUMBERS.
R  INDICATES RECORD WAS SET OR TIED.
MM INDICATES DATA IS MISSING.
T  INDICATES TRACE AMOUNT.

................................................................
RECORDS/REMARKS
NEW RECORD LOW TEMPERATURE OF 59 DEGREES SET JULY 24TH.
NEW RECORD LOW TEMPERATURE OF 60 DEGREES SET JULY 26TH.
TIED FOR THE 4TH DRIEST JULY ON RECORD.
THE JANUARY THROUGH JULY TOTAL PRECIPITATION IS 30.89 INCHES.

$$
