000
CXUS54 KOUN 011526
CLMOKC

CLIMATE REPORT
NATIONAL WEATHER SERVICE NORMAN OK
920 AM CDT WED MAY 1 2019

...................................

...THE OKLAHOMA CITY CLIMATE SUMMARY FOR THE MONTH OF APRIL 2019...

CLIMATE NORMAL PERIOD 1981 TO 2010
CLIMATE RECORD PERIOD 1890 TO 2019

WEATHER         OBSERVED          NORMAL  DEPART  LAST YEAR`S
                 VALUE   DATE(S)  VALUE   FROM    VALUE
                                          NORMAL
.............................................................
TEMPERATURE (F)
RECORD
 HIGH             100   04/12/1972
 LOW               20   04/13/1957
                        04/02/1936
HIGHEST            86                88      -2       87
LOWEST             35                32       3       24
AVG. MAXIMUM     72.0              72.3    -0.3     67.7
AVG. MINIMUM     49.6              49.7    -0.1     41.2
MEAN             60.8              61.0    -0.2     54.4
DAYS MAX >= 90      0               0.5    -0.5        0
DAYS MAX <= 32      0               0.0     0.0        0
DAYS MIN <= 32      0               0.4    -0.4        9
DAYS MIN <= 0       0               0.0     0.0        0

PRECIPITATION (INCHES)
RECORD
 MAXIMUM        11.91   1947
 MINIMUM         0.03   1936
TOTALS           6.16              3.07    3.09     2.28
DAILY AVG.       0.21              0.10    0.11     0.08
DAYS >= .01        10               7.7     2.3        5
DAYS >= .10         7               4.7     2.3        2
DAYS >= .50         4               2.1     1.9        2
DAYS >= 1.00        3               0.8     2.2        1
GREATEST
 24 HR. TOTAL    1.68   04/13 TO 04/13

SNOWFALL (INCHES)
TOTALS            0.0                 T     0.0
SINCE 7/1         5.8               7.6    -1.8

DEGREE_DAYS
HEATING TOTAL     149               173     -24      335
 SINCE 7/1       3852              3332     520     3559
COOLING TOTAL      30                53     -23       24
 SINCE 1/1         30                66     -36       34
..............................................................

WIND (MPH)
AVERAGE WIND SPEED              12.8
HIGHEST WIND SPEED/DIRECTION    35/020    DATE  04/13
HIGHEST GUST SPEED/DIRECTION    50/020    DATE  04/13


WEATHER CONDITIONS. NUMBER OF DAYS WITH
THUNDERSTORM              7     MIXED PRECIP               0
HEAVY RAIN                4     RAIN                       6
LIGHT RAIN               13     FREEZING RAIN              0
LT FREEZING RAIN          0     HAIL                       1
HEAVY SNOW                0     SNOW                       0
LIGHT SNOW                0     SLEET                      0
FOG                      13     FOG W/VIS <= 1/4 MILE      3
HAZE                      0

-  INDICATES NEGATIVE NUMBERS.
R  INDICATES RECORD WAS SET OR TIED.
MM INDICATES DATA IS MISSING.
T  INDICATES TRACE AMOUNT.

...........................................................
RECORDS/REMARKS
RECORD RAINFALL OF 1.37 INCHES SET FOR APRIL 23 THE
JANUARY THROUGH APRIL TOTAL PRECIPITATION IS 11.40 INCHES.

$$
