000
CXUS53 KOAX 021840
CLMOMA

CLIMATE REPORT
NATIONAL WEATHER SERVICE OMAHA NEBRASKA
217 PM CDT THU MAY 2 2019

...................................

...THE OMAHA EPPLEY, NEBRASKA CLIMATE SUMMARY FOR THE MONTH OF APRIL 2019...

CLIMATE NORMAL PERIOD 1981 TO 2010
CLIMATE RECORD PERIOD 1871 TO 2019

WEATHER         OBSERVED          NORMAL  DEPART
                 VALUE   DATE(S)  VALUE   FROM
                                          NORMAL
................................................
TEMPERATURE (F)
HIGHEST            88   04/21
LOWEST             30   04/13
AVG. MAXIMUM     66.3              63.7     2.6
AVG. MINIMUM     43.4              39.8     3.6
MEAN             54.9              51.7     3.2
DAYS MAX >= 90      0
DAYS MAX <= 32      0
DAYS MIN <= 32      3
DAYS MIN <= 0       0

PRECIPITATION (INCHES)
RECORD
 MAXIMUM         8.48   1999
 MINIMUM         0.23   1936
TOTALS           1.35              2.96   -1.61
DAILY AVG.       0.05
DAYS >= .01         9
DAYS >= .10         4
DAYS >= .50         1
DAYS >= 1.00        0
GREATEST
 24 HR. TOTAL    0.67   04/26 TO 04/27

SNOWFALL (INCHES)
RECORDS
 TOTAL           10.0   1992
TOTALS              T               1.0
SINCE 7/1        52.7
SNOWDEPTH AVG.      0                MM      MM
DAYS >= 1.0         0
GREATEST
 SNOW DEPTH         0   MM
 24 HR TOTAL        T   04/28 TO 04/28
                        04/11 TO 04/11

DEGREE_DAYS
HEATING TOTAL     308               413    -105
 SINCE 7/1       6276              6002     274
COOLING TOTAL       9                15      -6
 SINCE 1/1          9                16      -7
.................................................

WIND (MPH)
AVERAGE WIND SPEED              12.4
HIGHEST WIND SPEED/DIRECTION    37/160    DATE  04/21
HIGHEST GUST SPEED/DIRECTION    48/040    DATE  04/10

SKY COVER
AVERAGE SKY COVER           0.70


WEATHER CONDITIONS. NUMBER OF DAYS WITH
THUNDERSTORM              3
MIXED PRECIP              0
HEAVY RAIN                1
RAIN                      6
LIGHT RAIN               17
FREEZING RAIN             0
LT FREEZING RAIN          0
HAIL                      1
HEAVY SNOW                0
SNOW                      0
LIGHT SNOW                2
SLEET                     0
FOG                       5
FOG W/VIS <= 1/4 MILE     2
HAZE                      2

-  INDICATES NEGATIVE NUMBERS.
R  INDICATES RECORD WAS SET OR TIED.
MM INDICATES DATA IS MISSING.
T  INDICATES TRACE AMOUNT.
>= INDICATES GREATER THAN OR EQUAL TO.
<= INDICATES LESS THAN OR EQUAL TO.

$$
