000
CXUS53 KOAX 011518
CLMOMA

CLIMATE REPORT
NATIONAL WEATHER SERVICE OMAHA NEBRASKA
1008 AM CDT MON JUL 1 2019

...................................

...THE OMAHA EPPLEY, NEBRASKA CLIMATE SUMMARY FOR THE MONTH OF JUNE 2019...

CLIMATE NORMAL PERIOD 1981 TO 2010
CLIMATE RECORD PERIOD 1871 TO 2019

WEATHER         OBSERVED          NORMAL  DEPART
                 VALUE   DATE(S)  VALUE   FROM
                                          NORMAL
................................................
TEMPERATURE (F)
HIGHEST            98   06/29
LOWEST             53   06/13
                        06/10
AVG. MAXIMUM     83.5              83.2     0.3
AVG. MINIMUM     64.9              61.0     3.9
MEAN             74.2              72.1     2.1
DAYS MAX >= 90      5
DAYS MAX <= 32      0
DAYS MIN <= 32      0
DAYS MIN <= 0       0

PRECIPITATION (INCHES)
RECORD
 MAXIMUM        12.70   1883
 MINIMUM         0.24   2007
TOTALS           2.80              4.18   -1.38
DAILY AVG.       0.09
DAYS >= .01        12
DAYS >= .10         5
DAYS >= .50         2
DAYS >= 1.00        0
GREATEST
 24 HR. TOTAL    0.78   06/03 TO 06/03

SNOWFALL (INCHES)
RECORDS
 TOTAL              T   2017
                        2008
                        2005
TOTALS            0.0               0.0
SINCE 7/1        52.7
SNOWDEPTH AVG.      0                MM      MM
DAYS >= 1.0         0
GREATEST
 SNOW DEPTH         0   MM
 24 HR TOTAL      0.0   06/30 TO 06/30

DEGREE_DAYS
HEATING TOTAL       0                17     -17
 SINCE 7/1       6449              6167     282
COOLING TOTAL     281               230      51
 SINCE 1/1        377               312      65
.................................................

WIND (MPH)
AVERAGE WIND SPEED              8.9
HIGHEST WIND SPEED/DIRECTION    33/170    DATE  06/26
HIGHEST GUST SPEED/DIRECTION    42/170    DATE  06/26

SKY COVER
AVERAGE SKY COVER           0.60


WEATHER CONDITIONS. NUMBER OF DAYS WITH
THUNDERSTORM             12
MIXED PRECIP              0
HEAVY RAIN                3
RAIN                      3
LIGHT RAIN               15
FREEZING RAIN             0
LT FREEZING RAIN          0
HAIL                      0
HEAVY SNOW                0
SNOW                      0
LIGHT SNOW                0
SLEET                     0
FOG                       7
FOG W/VIS <= 1/4 MILE     0
HAZE                      1

-  INDICATES NEGATIVE NUMBERS.
R  INDICATES RECORD WAS SET OR TIED.
MM INDICATES DATA IS MISSING.
T  INDICATES TRACE AMOUNT.
>= INDICATES GREATER THAN OR EQUAL TO.
<= INDICATES LESS THAN OR EQUAL TO.

$$
