000
CXAK59 PAFG 012225
CLMOME


CLIMATE REPORT
NATIONAL WEATHER SERVICE FAIRBANKS, AK
220 PM AKDT THU AUG 1 2019

...................................

...THE NOME AK CLIMATE SUMMARY FOR THE MONTH OF JULY 2019...

CLIMATE NORMAL PERIOD 1981 TO 2010
CLIMATE RECORD PERIOD 1906 TO 2019

WEATHER         OBSERVED          NORMAL  DEPART  LAST YEAR`S
                 VALUE   DATE(S)  VALUE   FROM    VALUE  DATE(S)
                                          NORMAL
................................................................
TEMPERATURE (F)
RECORD
 HIGH              86   07/31/1977
                        07/08/1968
 LOW                0   07/31/1936
HIGHEST            83   07/09        MM      MM       72  07/07
LOWEST             42   07/28        MM      MM       36  07/04
AVG. MAXIMUM     59.4              58.2     1.2     59.0
AVG. MINIMUM     49.4              46.2     3.2     47.8
MEAN             54.4              52.2     2.2     53.4
DAYS MAX >= 90      0               0.0     0.0        0
DAYS MAX <= 32      0               0.0     0.0        0
DAYS MIN <= 32      0               0.1    -0.1        0
DAYS MIN <= 0       0               0.0     0.0        0

PRECIPITATION (INCHES)
RECORD
 MAXIMUM         8.43   1920
 MINIMUM         0.25   1964
TOTALS           4.37              2.11    2.26     1.48
DAILY AVG.       0.14              0.07    0.07     0.05
DAYS >= .01        11              12.2    -1.2       14
DAYS >= .10         7               5.9     1.1        4
DAYS >= .50         4               1.1     2.9        0
DAYS >= 1.00        1               0.1     0.9        0
GREATEST
 24 HR. TOTAL    1.22   07/02 TO 07/02           07/31 TO 07/31

SNOWFALL (INCHES)
RECORDS
 TOTAL              T   2015
 24 HR TOTAL       MM
 SNOW DEPTH         0   MM
TOTALS            0.0               0.0     0.0      0.0
SINCE 7/1         0.0               0.0     0.0      0.0
SNOWDEPTH AVG.      0                 0       0        0
DAYS >= TRACE       0               0.0     0.0        0
DAYS >= 1.0         0               0.0     0.0        0
GREATEST
 SNOW DEPTH         0   MM                             0  MM
 24 HR TOTAL      0.0   07/31 TO 07/31           07/31 TO 07/31

DEGREE_DAYS
HEATING TOTAL     339               398     -59      350
 SINCE 7/1        339               398     -59      350
COOLING TOTAL      16                 2      14        0
 SINCE 1/1         17                 3      14        0
.................................................................

WIND (MPH)
AVERAGE WIND SPEED              9.3
HIGHEST WIND SPEED/DIRECTION    31/150    DATE  07/25
HIGHEST GUST SPEED/DIRECTION    40/150    DATE  07/25

SKY COVER
AVERAGE SKY COVER           0.60


-  INDICATES NEGATIVE NUMBERS.
R  INDICATES RECORD WAS SET OR TIED.
MM INDICATES DATA IS MISSING.
T  INDICATES TRACE AMOUNT.

$$
