650
CXAK59 PAFG 031310
CLMOME


CLIMATE REPORT
NATIONAL WEATHER SERVICE FAIRBANKS, AK
503 AM AKDT FRI MAY 3 2019

...................................

...THE NOME AK CLIMATE SUMMARY FOR THE MONTH OF APRIL 2019...

CLIMATE NORMAL PERIOD 1981 TO 2010
CLIMATE RECORD PERIOD 1906 TO 2019

WEATHER         OBSERVED          NORMAL  DEPART  LAST YEAR`S
                 VALUE   DATE(S)  VALUE   FROM    VALUE  DATE(S)
                                          NORMAL
................................................................
TEMPERATURE (F)
RECORD
 HIGH              60   04/27/1940
                        04/25/1940
 LOW              -30   04/07/1968
                        04/05/1918
HIGHEST            38   04/29        MM      MM       41  04/13
LOWEST             -2   04/21        MM      MM        6  04/02
AVG. MAXIMUM     29.5              27.5     2.0     32.0
AVG. MINIMUM     17.2              13.5     3.7     20.5
MEAN             23.4              20.5     2.9     26.2
DAYS MAX >= 90      0               0.0     0.0        0
DAYS MAX <= 32     18              17.9     0.1       16
DAYS MIN <= 32     29              27.8     1.2       30
DAYS MIN <= 0       1               6.2    -5.2        0

PRECIPITATION (INCHES)
RECORD
 MAXIMUM         2.16   1961
 MINIMUM            T   1928
TOTALS           0.35              0.76   -0.41     0.92
DAILY AVG.       0.01              0.03   -0.02     0.03
DAYS >= .01         5               8.5    -3.5        9
DAYS >= .10         1               2.6    -1.6        4
DAYS >= .50         0               0.0     0.0        0
DAYS >= 1.00        0               0.0     0.0        0
GREATEST
 24 HR. TOTAL    0.19   04/30 TO 04/30           04/29 TO 04/29

SNOWFALL (INCHES)
RECORDS
 TOTAL           23.3   1961
 24 HR TOTAL       MM
 SNOW DEPTH        90   04/19/2007
TOTALS            2.1               7.5    -5.4      8.5
SINCE 7/1       107.7              73.1    34.6    115.8
SNOWDEPTH AVG.     27                16      11       32
DAYS >= TRACE       9               8.4     0.6       12
DAYS >= 1.0         1               2.8    -1.8        4
GREATEST
 SNOW DEPTH        40   04/01                         58  04/01
 24 HR TOTAL      1.2   04/09 TO 04/09           04/29 TO 04/29

DEGREE_DAYS
HEATING TOTAL    1239              1335     -96     1152
 SINCE 7/1      10704             12310   -1606    10816
COOLING TOTAL       0                 0       0        0
 SINCE 1/1          0                 0       0        0
.................................................................

WIND (MPH)
AVERAGE WIND SPEED              9.2
HIGHEST WIND SPEED/DIRECTION    39/030    DATE  04/04
HIGHEST GUST SPEED/DIRECTION    47/040    DATE  04/04

SKY COVER
AVERAGE SKY COVER           0.40

-  INDICATES NEGATIVE NUMBERS.
R  INDICATES RECORD WAS SET OR TIED.
MM INDICATES DATA IS MISSING.
T  INDICATES TRACE AMOUNT.

$$
