000
CXUS56 KOTX 011051 CCA
CLMOMK

CLIMATE REPORT
NATIONAL WEATHER SERVICE SPOKANE, WA
336 AM PDT THU AUG 1 2019

...................................

...THE OMAK WA AIRPORT CLIMATE SUMMARY FOR THE MONTH OF JULY 2019...

CLIMATE NORMAL PERIOD 1981 TO 2010
CLIMATE RECORD PERIOD 9999 TO 9999

WEATHER         OBSERVED          NORMAL  DEPART  LAST YEAR`S
                 VALUE   DATE(S)  VALUE   FROM    VALUE  DATE(S)
                                          NORMAL
................................................................
TEMPERATURE (F)
RECORD
 HIGH             109   07/27/1939
 LOW               35   07/02/1962
HIGHEST            99   07/23        MM      MM      104  07/31
LOWEST             50   07/19        MM      MM       47  07/02
                        07/09                             07/01
AVG. MAXIMUM     87.5              88.1    -0.6     92.7
AVG. MINIMUM     58.3              57.3     1.0     59.0
MEAN             72.9              72.7     0.2     75.9
DAYS MAX >= 90     10              14.2    -4.2       22
DAYS MAX <= 32      0               0.0     0.0        0
DAYS MIN <= 32      0               0.0     0.0        0
DAYS MIN <= 0       0               0.0     0.0        0

PRECIPITATION (INCHES)
RECORD
 MAXIMUM         4.65   1992
 MINIMUM         0.00   2017
TOTALS           0.17              0.81   -0.64        T
DAILY AVG.       0.01              0.03   -0.02        T
DAYS >= .01         6                MM      MM        0
DAYS >= .10         0                MM      MM        0
DAYS >= .50         0                MM      MM        0
DAYS >= 1.00        0                MM      MM        0
GREATEST
 24 HR. TOTAL    0.07   07/06 TO 07/06                 T

DEGREE_DAYS
HEATING TOTAL       0                15     -15        6
 SINCE 7/1          0                15     -15        6
COOLING TOTAL     254               254       0      352
 SINCE 1/1        404               361      43      458
.................................................................

WIND (MPH)
AVERAGE WIND SPEED              8.6
HIGHEST WIND SPEED/DIRECTION    30/010    DATE  07/06
HIGHEST GUST SPEED/DIRECTION    39/010    DATE  07/05

SKY COVER
POSSIBLE SUNSHINE (PERCENT)   MM
AVERAGE SKY COVER           0.20
NUMBER OF DAYS FAIR           25
NUMBER OF DAYS PC              6
NUMBER OF DAYS CLOUDY          0

AVERAGE RH (PERCENT)     41

WEATHER CONDITIONS. NUMBER OF DAYS WITH
THUNDERSTORM              4     MIXED PRECIP               0
HEAVY RAIN                0     RAIN                       1
LIGHT RAIN               10     FREEZING RAIN              0
LT FREEZING RAIN          0     HAIL                       0
HEAVY SNOW                0     SNOW                       0
LIGHT SNOW                0     SLEET                      0
FOG                       0     FOG W/VIS <= 1/4 MILE      0
HAZE                      0

-  INDICATES NEGATIVE NUMBERS.
R  INDICATES RECORD WAS SET OR TIED.
MM INDICATES DATA IS MISSING.
T  INDICATES TRACE AMOUNT.

$$
