547
CXUS56 KOTX 102134 CCA
CLMOMK

CLIMATE REPORT
NATIONAL WEATHER SERVICE SPOKANE, WA
337 AM PDT WED MAY 1 2019

...................................

...THE OMAK WA AIRPORT CLIMATE SUMMARY FOR THE MONTH OF APRIL 2019...

CLIMATE NORMAL PERIOD 1981 TO 2010
CLIMATE RECORD PERIOD 9999 TO 9999

WEATHER         OBSERVED          NORMAL  DEPART  LAST YEAR`S
                 VALUE   DATE(S)  VALUE   FROM    VALUE  DATE(S)
                                          NORMAL
................................................................
TEMPERATURE (F)
RECORD
 HIGH              96   04/23/1934
 LOW               15   04/02/1936
HIGHEST            74   04/23        MM      MM       84  04/27
LOWEST             29   04/15        MM      MM       28  04/03
AVG. MAXIMUM     63.3              63.4    -0.1     60.9
AVG. MINIMUM     38.6              36.7     1.9     37.9
MEAN             50.9              50.0     0.9     49.4
DAYS MAX >= 90      0               0.0     0.0        0
DAYS MAX <= 32      0               0.0     0.0        0
DAYS MIN <= 32      3               6.9    -3.9        4
DAYS MIN <= 0       0               0.0     0.0        0

PRECIPITATION (INCHES)
RECORD
 MAXIMUM         2.72   1948
 MINIMUM         0.01   1931
TOTALS           0.69              1.04   -0.35     2.19
DAILY AVG.       0.02              0.03   -0.01     0.07
DAYS >= .01         6                MM      MM       12
DAYS >= .10         3                MM      MM        6
DAYS >= .50         0                MM      MM        1
DAYS >= 1.00        0                MM      MM        0
GREATEST
 24 HR. TOTAL    0.28   04/05 TO 04/05              0.75

DEGREE_DAYS
HEATING TOTAL     414               449     -35      462
 SINCE 7/1       5962              6039     -77     5925
COOLING TOTAL       0                 1      -1        0
 SINCE 1/1          0                 1      -1        0
.................................................................

WIND (MPH)
AVERAGE WIND SPEED              8.4
HIGHEST WIND SPEED/DIRECTION    30/020    DATE  04/20
HIGHEST GUST SPEED/DIRECTION    44/350    DATE  04/27

SKY COVER
POSSIBLE SUNSHINE (PERCENT)   MM
AVERAGE SKY COVER           0.30
NUMBER OF DAYS FAIR           17
NUMBER OF DAYS PC             11
NUMBER OF DAYS CLOUDY          2

AVERAGE RH (PERCENT)     50

WEATHER CONDITIONS. NUMBER OF DAYS WITH
THUNDERSTORM              0     MIXED PRECIP               0
HEAVY RAIN                1     RAIN                       2
LIGHT RAIN                8     FREEZING RAIN              0
LT FREEZING RAIN          0     HAIL                       0
HEAVY SNOW                0     SNOW                       0
LIGHT SNOW                0     SLEET                      0
FOG                       4     FOG W/VIS <= 1/4 MILE      0
HAZE                      4

-  INDICATES NEGATIVE NUMBERS.
R  INDICATES RECORD WAS SET OR TIED.
MM INDICATES DATA IS MISSING.
T  INDICATES TRACE AMOUNT.

$$
