000
CXUS51 KAKQ 011559
CLMORF


CLIMATE REPORT
NATIONAL WEATHER SERVICE WAKEFIELD, VA
1140 AM EDT WED MAY 1 2019

...................................

...THE NORFOLK VA CLIMATE SUMMARY FOR THE MONTH OF APRIL 2019...

CLIMATE NORMAL PERIOD 1981 TO 2010
CLIMATE RECORD PERIOD 1871 TO 2019

WEATHER         OBSERVED          NORMAL  DEPART  LAST YEAR`S
                 VALUE   DATE(S)  VALUE   FROM    VALUE  DATE(S)
                                          NORMAL
................................................................
TEMPERATURE (F)
RECORD
 HIGH              97   04/26/1960
 LOW               23   04/01/1923
HIGHEST            88   04/30        86       2       83  04/14
                                                          04/13
LOWEST             35   04/01        36      -1       38  04/08
AVG. MAXIMUM     72.5              67.6     4.9     67.6
AVG. MINIMUM     54.6              48.9     5.7     48.2
MEAN             63.5              58.2     5.3     57.9
DAYS MAX >= 90      0               0.2    -0.2        0
DAYS MAX <= 32      0               0.0     0.0        0
DAYS MIN <= 32      0               0.1    -0.1        0
DAYS MIN <= 0       0               0.0     0.0        0

PRECIPITATION (INCHES)
RECORD
 MAXIMUM        11.87   1889
 MINIMUM         0.43   1985
TOTALS           3.24              3.41   -0.17     3.41
DAILY AVG.       0.11              0.11    0.00     0.11
DAYS >= .01        11              10.1     0.9        9
DAYS >= .10         9               6.4     2.6        5
DAYS >= .50         1               2.2    -1.2        4
DAYS >= 1.00        0               0.7    -0.7        0
GREATEST
 24 HR. TOTAL    0.53   04/02 TO 04/02

SNOWFALL (INCHES)
RECORDS
 TOTAL            1.3
TOTALS            0.0
SINCE 7/1         0.1               5.8    -5.7     15.1
SNOWDEPTH AVG.      0                MM      MM        0
DAYS >= 1.0         0               0.0     0.0        0
GREATEST
 SNOW DEPTH         0   MM                             0  MM
 24 HR TOTAL      0.0

DEGREE_DAYS
HEATING TOTAL     121
 SINCE 7/1       2797              3300    -503     3174
COOLING TOTAL      84                37      47       27
 SINCE 1/1         91                44      47       49
.................................................................

WIND (MPH)
AVERAGE WIND SPEED              9.9
HIGHEST WIND SPEED/DIRECTION    35/190    DATE  04/19
HIGHEST GUST SPEED/DIRECTION    46/200    DATE  04/19

SKY COVER
POSSIBLE SUNSHINE (PERCENT)   MM
AVERAGE SKY COVER           0.30

AVERAGE RH (PERCENT)     66

WEATHER CONDITIONS. NUMBER OF DAYS WITH
THUNDERSTORM              3     MIXED PRECIP               0
HEAVY RAIN                6     RAIN                       7
LIGHT RAIN               10     FREEZING RAIN              0
LT FREEZING RAIN          0     HAIL                       0
HEAVY SNOW                0     SNOW                       0
LIGHT SNOW                0     SLEET                      0
FOG                      13     FOG W/VIS <= 1/4 MILE      1
HAZE                      3

-  INDICATES NEGATIVE NUMBERS.
R  INDICATES RECORD WAS SET OR TIED.
MM INDICATES DATA IS MISSING.
T  INDICATES TRACE AMOUNT.

$$
