000
CXAK59 PAFG 012225
CLMOTZ


CLIMATE REPORT
NATIONAL WEATHER SERVICE FAIRBANKS, AK
220 PM AKDT THU AUG 1 2019

...................................

...THE KOTZEBUE AK CLIMATE SUMMARY FOR THE MONTH OF JULY 2019...

CLIMATE NORMAL PERIOD 1981 TO 2010
CLIMATE RECORD PERIOD 1920 TO 2019

WEATHER         OBSERVED          NORMAL  DEPART  LAST YEAR`S
                 VALUE   DATE(S)  VALUE   FROM    VALUE  DATE(S)
                                          NORMAL
................................................................
TEMPERATURE (F)
RECORD
 HIGH              85   07/05/1958
 LOW               30   07/02/1976
                        07/07/1931
                        07/04/1931
HIGHEST            81   07/08        MM      MM       72  07/31
                                                          07/29
LOWEST             52   07/31        MM      MM       46  07/16
AVG. MAXIMUM     68.0              59.5     8.5     63.3
AVG. MINIMUM     59.5              49.7     9.8     53.8
MEAN             63.8              54.6     9.2     58.5
DAYS MAX >= 90      0               0.0     0.0        0
DAYS MAX <= 32      0               0.0     0.0        0
DAYS MIN <= 32      0               0.0     0.0        0
DAYS MIN <= 0       0               0.0     0.0        0

PRECIPITATION (INCHES)
RECORD
 MAXIMUM         4.16   1931
 MINIMUM         0.01   1977
                        1937
TOTALS           2.40              1.45    0.95     1.89
DAILY AVG.       0.08              0.05    0.03     0.06
DAYS >= .01        11              11.1    -0.1        8
DAYS >= .10         4               4.3    -0.3        4
DAYS >= .50         3               0.5     2.5        2
DAYS >= 1.00        0               0.0     0.0        0
GREATEST
 24 HR. TOTAL    0.72   07/31 TO 07/31           07/10 TO 07/10

SNOWFALL (INCHES)
RECORDS
 TOTAL            0.2   2002
 24 HR TOTAL       MM
 SNOW DEPTH         0   07/02/2002
                        07/25/2001
                        07/24/2001
TOTALS            0.0               0.0     0.0      0.0
SINCE 7/1         0.0               0.0     0.0      0.0
SNOWDEPTH AVG.      0                 0       0        0
DAYS >= TRACE       0               0.0     0.0        0
DAYS >= 1.0         0               0.0     0.0        0
GREATEST
 SNOW DEPTH         0   MM                             0  MM
 24 HR TOTAL      0.0   07/31 TO 07/31           07/31 TO 07/31

DEGREE_DAYS
HEATING TOTAL      81               325    -244      198
 SINCE 7/1         81               325    -244      198
COOLING TOTAL      53                 3      50        4
 SINCE 1/1         76                 4      72        4
.................................................................

WIND (MPH)
AVERAGE WIND SPEED              10.6
HIGHEST WIND SPEED/DIRECTION    36/260    DATE  07/20
HIGHEST GUST SPEED/DIRECTION    43/260    DATE  07/20

SKY COVER
AVERAGE SKY COVER           0.50


-  INDICATES NEGATIVE NUMBERS.
R  INDICATES RECORD WAS SET OR TIED.
MM INDICATES DATA IS MISSING.
T  INDICATES TRACE AMOUNT.

$$
