648
CXAK59 PAFG 031310
CLMOTZ


CLIMATE REPORT
NATIONAL WEATHER SERVICE FAIRBANKS, AK
503 AM AKDT FRI MAY 3 2019

...................................

...THE KOTZEBUE AK CLIMATE SUMMARY FOR THE MONTH OF APRIL 2019...

CLIMATE NORMAL PERIOD 1981 TO 2010
CLIMATE RECORD PERIOD 1920 TO 2019

WEATHER         OBSERVED          NORMAL  DEPART  LAST YEAR`S
                 VALUE   DATE(S)  VALUE   FROM    VALUE  DATE(S)
                                          NORMAL
................................................................
TEMPERATURE (F)
RECORD
 HIGH              49   04/30/2017
 LOW              -44   04/05/1943
                        04/03/2012
                        04/02/2012
HIGHEST            44   04/30        MM      MM       38  04/24
LOWEST              9   04/15        MM      MM       -1  04/05
                        04/07
AVG. MAXIMUM     31.6              21.2    10.4     28.7
AVG. MINIMUM     19.8               5.4    14.4     13.8
MEAN             25.7              13.3    12.4     21.2
DAYS MAX >= 90      0               0.0     0.0        0
DAYS MAX <= 32     19              22.9    -3.9       17
DAYS MIN <= 32     29              28.9     0.1       30
DAYS MIN <= 0       0              11.7   -11.7        2

PRECIPITATION (INCHES)
RECORD
 MAXIMUM         1.84   2002
 MINIMUM            T   1943
                        1939
TOTALS           0.02              0.54   -0.52     0.19
DAILY AVG.       0.00              0.02   -0.02     0.01
DAYS >= .01         1               7.0    -6.0        7
DAYS >= .10         0               1.7    -1.7        0
DAYS >= .50         0               0.1    -0.1        0
DAYS >= 1.00        0               0.0     0.0        0
GREATEST
 24 HR. TOTAL    0.02   04/09 TO 04/09           03/31 TO 04/01

SNOWFALL (INCHES)
RECORDS
 TOTAL           19.6   1999
 24 HR TOTAL       MM
 SNOW DEPTH       105   04/24/1937
TOTALS            0.2               5.1    -4.9      1.0
SINCE 7/1        60.1              58.6     1.5    104.7
SNOWDEPTH AVG.     20                21      -1       51
DAYS >= TRACE      14               6.8     7.2       12
DAYS >= 1.0         0               1.8    -1.8        0
GREATEST
 SNOW DEPTH        24   04/07                         57  04/01
                        04/06
                        04/05
 24 HR TOTAL      0.2   04/09 TO 04/09           04/27 TO 04/27

DEGREE_DAYS
HEATING TOTAL    1173              1551    -378     1308
 SINCE 7/1      11005             13778   -2773    11605
COOLING TOTAL       0                 0       0        0
 SINCE 1/1          0                 0       0        0
.................................................................

WIND (MPH)
AVERAGE WIND SPEED              9.0
HIGHEST WIND SPEED/DIRECTION    25/120    DATE  04/28
HIGHEST GUST SPEED/DIRECTION    30/120    DATE  04/28

SKY COVER
AVERAGE SKY COVER           0.60

-  INDICATES NEGATIVE NUMBERS.
R  INDICATES RECORD WAS SET OR TIED.
MM INDICATES DATA IS MISSING.
T  INDICATES TRACE AMOUNT.

$$
