000
CXUS53 KDDC 011502
CLMP28


CLIMATE REPORT
NATIONAL WEATHER SERVICE DODGE CITY KS
953 AM CDT MON JUL 1 2019

...................................

...THE MEDICINE LODGE KS CLIMATE SUMMARY FOR THE MONTH OF JUNE 2019...

CLIMATE NORMAL PERIOD 1981 TO 2010
CLIMATE RECORD PERIOD 1893 TO 2019

WEATHER         OBSERVED          NORMAL  DEPART  LAST YEAR`S
                 VALUE   DATE(S)  VALUE   FROM    VALUE  DATE(S)
                                          NORMAL
................................................................
TEMPERATURE (F)
RECORD
 HIGH             113   06/25/1911
 LOW               39   06/13/1903
HIGHEST            99   06/29        MM      MM      100  06/28
                                                          06/27
LOWEST             48   06/10        MM      MM       53  06/03
AVG. MAXIMUM     87.7              88.7    -1.0     92.3
AVG. MINIMUM     62.8              64.6    -1.8     68.0
MEAN             75.3              76.6    -1.3     80.2
DAYS MAX >= 90     12              13.4    -1.4       20
DAYS MAX <= 32      0               0.0     0.0        0
DAYS MIN <= 32      0               0.0     0.0        0
DAYS MIN <= 0       0               0.0     0.0        0

PRECIPITATION (INCHES)
RECORD
 MAXIMUM         9.63   1915
 MINIMUM         0.14   1911
TOTALS           3.90              4.11   -0.21     6.32
DAYS >= .01        11               9.4     1.6        8
DAYS >= .10         7               6.2     0.8        6
DAYS >= .50         3               3.6    -0.6        5
DAYS >= 1.00        1               1.3    -0.3        2
GREATEST
 24 HR. TOTAL    1.52   06/23 TO 06/23           06/24 TO 06/25

DEGREE_DAYS
HEATING TOTAL       2                 3      -1        0
 SINCE 7/1       4755              4458     297     4313
COOLING TOTAL     318               353     -35      461
 SINCE 1/1        410               509     -99      793
.................................................................

WIND (MPH)
AVERAGE WIND SPEED              8.0
HIGHEST WIND SPEED/DIRECTION    44/300    DATE  06/14
HIGHEST GUST SPEED/DIRECTION    68/320    DATE  06/14



-  INDICATES NEGATIVE NUMBERS.
R  INDICATES RECORD WAS SET OR TIED.
MM INDICATES DATA IS MISSING.
T  INDICATES TRACE AMOUNT.

$$
