564
CXUS53 KDDC 011453
CLMP28


CLIMATE REPORT
NATIONAL WEATHER SERVICE DODGE CITY KS
944 AM CDT WED MAY 1 2019

...................................

...THE MEDICINE LODGE KS CLIMATE SUMMARY FOR THE MONTH OF APRIL 2019...

CLIMATE NORMAL PERIOD 1981 TO 2010
CLIMATE RECORD PERIOD 1893 TO 2019

WEATHER         OBSERVED          NORMAL  DEPART  LAST YEAR`S
                 VALUE   DATE(S)  VALUE   FROM    VALUE  DATE(S)
                                          NORMAL
................................................................
TEMPERATURE (F)
RECORD
 HIGH             100   04/13/2006
                        04/29/1910
 LOW               14   04/03/1975
HIGHEST            87   04/10        MM      MM       96  04/12
LOWEST             29   04/12        MM      MM       19  04/07
                                                          04/04
AVG. MAXIMUM     70.8              68.5     2.3     66.2
AVG. MINIMUM     43.8              43.8     0.0     35.9
MEAN             57.3              56.1     1.2     51.0
DAYS MAX >= 90      0               0.5    -0.5        2
DAYS MAX <= 32      0               0.0     0.0        0
DAYS MIN <= 32      3               3.2    -0.2       12
DAYS MIN <= 0       0               0.0     0.0        0

PRECIPITATION (INCHES)
RECORD
 MAXIMUM         7.67   1947
 MINIMUM         0.00   1893
TOTALS           1.41              2.43   -1.02     1.39
DAYS >= .01         6               8.3    -2.3        7
DAYS >= .10         2               4.3    -2.3        4
DAYS >= .50         1               2.1    -1.1        1
DAYS >= 1.00        0               0.7    -0.7        0
GREATEST
 24 HR. TOTAL    0.76   04/17 TO 04/17           04/21 TO 04/21

DEGREE_DAYS
HEATING TOTAL     233               288     -55      440
 SINCE 7/1       4629              4385     244     4310
COOLING TOTAL      11                22     -11       29
 SINCE 1/1         11                24     -13       29
.................................................................

WIND (MPH)
AVERAGE WIND SPEED              10.1
HIGHEST WIND SPEED/DIRECTION    35/170    DATE  04/03
HIGHEST GUST SPEED/DIRECTION    54/330    DATE  04/18



-  INDICATES NEGATIVE NUMBERS.
R  INDICATES RECORD WAS SET OR TIED.
MM INDICATES DATA IS MISSING.
T  INDICATES TRACE AMOUNT.

$$
