000
CXUS53 KPAH 011442
CLMPAH

SDFCLMPAA 000
TTAA00 KPAH 011438


CLIMATE REPORT
NATIONAL WEATHER SERVICE PADUCAH KY
937 AM CDT THU AUG 1 2019

...................................

...THE PADUCAH ASOS CLIMATE SUMMARY FOR THE MONTH OF JULY 2019...

CLIMATE NORMAL PERIOD 1981 TO 2010
CLIMATE RECORD PERIOD 1937 TO 2019

WEATHER         OBSERVED          NORMAL  DEPART  LAST YEAR`S
                 VALUE   DATE(S)  VALUE   FROM    VALUE  DATE(S)
                                          NORMAL
................................................................
TEMPERATURE (F)
RECORD
 HIGH             108   07/17/1942
 LOW               47   07/24/1947
                        07/23/1947
HIGHEST            96   07/01        89       7       98  07/14
                                                          07/05
LOWEST             59   07/25        65      -6       63  07/31
                                                          07/29
                                                          07/26
AVG. MAXIMUM     89.5              89.3     0.2     90.8
AVG. MINIMUM     70.0              68.5     1.5     69.7
MEAN             79.7              78.9     0.8     80.2
DAYS MAX >= 90     19              15.0     4.0       20
DAYS MAX <= 32      0               0.0     0.0        0
DAYS MIN <= 32      0               0.0     0.0        0
DAYS MIN <= 0       0               0.0     0.0        0

PRECIPITATION (INCHES)
RECORD
 MAXIMUM        12.47   1972
 MINIMUM         0.28   1999
TOTALS           7.39              4.44    2.95     1.81
DAILY AVG.       0.24              0.14    0.10     0.06
DAYS >= .01        13               8.5     4.5        5
DAYS >= .10         8               5.9     2.1        3
DAYS >= .50         6               2.7     3.3        2
DAYS >= 1.00        3               1.4     1.6        0
GREATEST
 24 HR. TOTAL    1.87   07/10 TO 07/10
 STORM TOTAL       MM
 (MM/DD(HH))            MM

DEGREE_DAYS
COOLING TOTAL     465               431      34      476
 SINCE 1/1       1000               923      77     1269

FREEZE DATES
RECORD
 EARLIEST     10/01/1984
 LATEST       04/28/1992
EARLIEST                        10/26
LATEST                          04/04
.................................................................

WIND (MPH)
AVERAGE WIND SPEED              4.8
HIGHEST WIND SPEED/DIRECTION    32/140    DATE  07/17
HIGHEST GUST SPEED/DIRECTION    66/180    DATE  07/10

SKY COVER
POSSIBLE SUNSHINE (PERCENT)   MM
AVERAGE SKY COVER           0.20
NUMBER OF DAYS FAIR           25
NUMBER OF DAYS PC              5
NUMBER OF DAYS CLOUDY          1

AVERAGE RH (PERCENT)     73

WEATHER CONDITIONS. NUMBER OF DAYS WITH
THUNDERSTORM             10     MIXED PRECIP               0
HEAVY RAIN                8     RAIN                       7
LIGHT RAIN               14     FREEZING RAIN              0
LT FREEZING RAIN          0     HAIL                       0
HEAVY SNOW                0     SNOW                       0
LIGHT SNOW                0     SLEET                      0
FOG                      21    FOG W/VIS <= 1/4 MILE       2
HAZE                      5

-  INDICATES NEGATIVE NUMBERS.
R  INDICATES RECORD WAS SET OR TIED.
MM INDICATES DATA IS MISSING.
T  INDICATES TRACE AMOUNT.

$$
