149
CXUS54 KLZK 012052 CCA
CLMPBF

CLIMATE REPORT
NATIONAL WEATHER SERVICE LITTLE ROCK AR
321 PM CDT THU AUG 1 2019

...................................

...THE PINE BLUFF CLIMATE SUMMARY FOR THE MONTH OF JULY 2019...

CLIMATE NORMAL PERIOD 1981 TO 2010
CLIMATE RECORD PERIOD 1883 TO 2019

WEATHER         OBSERVED          NORMAL  DEPART  LAST YEAR`S
                 VALUE   DATE(S)  VALUE   FROM    VALUE  DATE(S)
                                          NORMAL
................................................................
TEMPERATURE (F)
RECORD
 HIGH             110   07/24/1924
                        07/23/1924
 LOW               56   07/07/1972
                        07/15/1967
                        07/23/1947
HIGHEST            96   07/10        92       4       98  07/26
                                                          07/01
LOWEST             62   07/26        72     -10       65  07/31
                        07/25
                        07/24
AVG. MAXIMUM     89.1              92.2    -3.1     91.8
AVG. MINIMUM     71.3              71.9    -0.6     72.5
MEAN             80.2              82.0    -1.8     82.2
DAYS MAX >= 90     19              21.6    -2.6       22
DAYS MAX <= 32      0               0.0     0.0        0
DAYS MIN <= 32      0               0.0     0.0        0
DAYS MIN <= 0       0               0.0     0.0        0

PRECIPITATION (INCHES)
RECORD
 MAXIMUM        14.16   1936
 MINIMUM         0.00   1886
TOTALS          10.91              3.93    6.98     3.48
DAILY AVG.       0.35              0.13    0.22     0.11
DAYS >= .01         7               9.4    -2.4       12
DAYS >= .10         5                                  6
DAYS >= .50         3                                  2
DAYS >= 1.00        3               1.2     1.8        1
GREATEST
 24 HR. TOTAL    4.12   07/15 TO 07/16

SNOWFALL (INCHES)
TOTALS            0.0               0.0     0.0      0.0
 LIQUID EQUIV    0.00              0.00    0.00     0.00
SINCE 7/1         0.0               0.0     0.0      0.0
 LIQUID 7/1      0.00              0.00    0.00     0.00
SNOWDEPTH AVG.      0
DAYS >= TRACE       0               0.0     0.0        0
DAYS >= 1.0         0                                  0
GREATEST
 SNOW DEPTH         0   MM

DEGREE_DAYS
HEATING TOTAL       0                 0       0        0
 SINCE 7/1          0                 0       0        0
COOLING TOTAL     475               528     -53      541
 SINCE 1/1       1175              1257     -82     1470

FREEZE DATES
RECORD
 EARLIEST     10/10/2000
 LATEST       04/25/1910
EARLIEST                        11/12
LATEST                          03/16
.................................................................

WIND (MPH)
AVERAGE WIND SPEED              6.6
HIGHEST WIND SPEED/DIRECTION    25/090    DATE  07/14
HIGHEST GUST SPEED/DIRECTION    35/120    DATE  07/14

SKY COVER
POSSIBLE SUNSHINE (PERCENT)   MM
AVERAGE SKY COVER           0.20
NUMBER OF DAYS FAIR           26
NUMBER OF DAYS PC              3
NUMBER OF DAYS CLOUDY          2

AVERAGE RH (PERCENT)     73

-  INDICATES NEGATIVE NUMBERS.
R  INDICATES RECORD WAS SET OR TIED.
MM INDICATES DATA IS MISSING.
T  INDICATES TRACE AMOUNT.

&&

...DATA FOR PINE BLUFF FOR JULY 2019...

.SUMMARY...
IN WHAT IS THE CLIMATOLOGICALLY WARMEST MONTH AT PINE BLUFF, THE
DEPARTURE FROM NORMAL WAS NEARLY TWO DEGREES BELOW THE 30-YEAR
AVERAGE. IT WAS THE COOLEST JULY IN FIVE YEARS. THE WARMEST
TEMPERATURE WAS 96 DEGREES, AND THE COOLEST TEMPERATURE WAS 62
DEGREES. THIS TEMPERATURE OF 62 DEGREES WAS THE COOLEST JULY
TEMPERATURE RECORDED AT PINE BLUFF IN FIVE YEARS.

RAINFALL WAS ABOVE AVERAGE FOR THE FOURTH MONTH IN A ROW, AND WAS
EXCESSIVE, ESPECIALLY DURING THE FIRST AND SECOND WEEK OF THE MONTH.
IN FACT, NEARLY ALL OF THE RAIN FELL FROM THE 8TH THROUGH THE 16TH.
THIS MADE IT THE WETTEST JULY AT PINE BLUFF IN OVER EIGHT DECADES.

.MONTHLY TEMPERATURES...
THE AVERAGE HIGH, LOW, AND MONTHLY TEMPERATURE WERE ALL THE COOLEST
SINCE 2014. THE AVERAGE HIGH MOST RECENTLY TIED 1911 FOR THE 10TH
COOLEST ON RECORD.

THERE WERE 19 DAYS WITH HIGH TEMPERATURES OF 90 DEGREES OR WARMER,
WHICH WAS THE FEWEST SINCE 2014. THERE WERE FIVE DAYS WITH LOW
TEMPERATURES IN THE 60S, WHICH WAS THE FEWEST SINCE 2016.

.DAILY TEMPERATURES...
DAILY TEMPERATURES WERE ABOVE AVERAGE ON 12 DAYS, BELOW AVERAGE ON
18 DAYS, AND AVERAGE ON ONE DAY.

.DAILY RECORD TEMPERATURES TIED OR BROKEN DURING THE MONTH...
DATE  RECORD TYPE                    NEW RECORD           PREVIOUS RECORD
15TH  COOLEST HIGH TEMPERATURE       80 IN 2019             80 IN 1989

.MONTHLY RAINFALL...
IT WAS THE WETTEST JULY SINCE 1936, AND THE 2ND WETTEST JULY SINCE RECORDS
BEGAN IN 1883.

THERE WERE SEVEN DAYS WITH MEASURABLE RAINFALL, WHICH WAS THE FEWEST IN JULY
SINCE 2015. HOWEVER, THERE WERE THREE DAYS WITH RAINFALL OF 2.50 INCHES OR
MORE, WHICH WAS THE HIGHEST NUMBER IN JULY SINCE 1936, AND THE 2ND HIGHEST
ON RECORD FOR THE MONTH.

.DAILY RAINFALL RECORDS TIED OR BROKEN DURING THE MONTH...
DATE   NEW RECORD      PREVIOUS RECORD
 8TH  3.46 IN 2019      1.35 IN 1927
14TH  2.50 IN 2019      2.05 IN 1948
16TH  4.09 IN 2019      1.25 IN 1924

THE 4.09 INCHES OF RAINFALL ON THE 16TH MARKED THE 4TH HIGHEST DAILY RAINFALL
ON RECORD FOR THE MONTH OF JULY.
THE 3.46 INCHES OF RAINFALL ON THE 8TH MARKED THE 8TH HIGHEST DAILY RAINFALL ON
RECORD FOR THE MONTH OF JULY.

.MISCELLANEOUS PHENOMENA...
NONE.

$$

57
