138
CXUS56 KPDT 022158
CLMPDT

CLIMATE REPORT
NATIONAL WEATHER SERVICE PENDLETON OREGON
256 PM PDT THU MAY 02 2019

....................................

...THE PENDLETON OR CLIMATE SUMMARY FOR THE MONTH OF APRIL 2019...

CLIMATE NORMAL PERIOD 1981 TO 2010
CLIMATE RECORD PERIOD 1934 TO 2019

WEATHER         OBSERVED          NORMAL  DEPART        LAST YEAR`S
                 VALUE   DATE(S)  VALUE   FROM         VALUE DATE(S)
                                          NORMAL

................................................................

TEMPERATURE (F)
RECORD
 HIGH              95   4/22/1934
 LOW               18   4/ 1/1936
HIGHEST            77   4/19                               80   4/26
LOWEST             27   4/30                               29   4/ 3
AVG. MAXIMUM     62.1            62.1       0.0          62.9
AVG. MINUMUM     40.8            39.2       1.6          39.5
MEAN             51.5            50.7       0.8          51.2
DAYS MAX >= 90      0               0         0             0
DAYS MAX <= 32      0               0         0             0
DAYS MIN <= 32      3               3         0             3
DAYS MIN <= 0       0               0         0             3


PRECIPITATION (INCHES)
RECORD
 MAXIMUM          2.78   1978
 MINIMUM          0.01   1956
TOTALS            1.68            1.20      0.48          1.71
DAILY AVG.        0.06            0.04      0.02          0.06
DAYS >=  0.01       12               9         3            11
DAYS >=  0.10        6               4         2             5
DAYS >=  0.50        1               0         1             0
DAYS >=  1.00        0               0         0             0
GREATEST
 24 HR. TOTAL     0.63   4/ 8



SNOWFALL (INCHES)
RECORD
 MAXIMUM           2.2   1975
 MINIMUM           0.0   2016
TOTALS             0.0             0.0       0.0             T
SINCE 7/1         36.3            15.2      21.1          15.0
DAYS >=  TRACE                       0         0             1
DAYS >=  1.0         0               0         0             0
GREATEST
 24 HR. TOTAL      0.0   4/30


DEGREE DAYS
HEATING TOTAL      397             432       -35           407
 SINCE 7/1        5353            4942       411          4822
COOLING TOTAL        0               0         0             0
 SINCE 1/1           0               0         0             0

.............................................................

WIND (MPH)
AVERAGE WIND SPEED                     9.9
RESULTANT WIND SPEED/DIRECTION         7/213
HIGHEST WIND SPEED/DIRECTION          40/270      DATE          04/27
HIGHEST GUST SPEED/DIRECTION          48/270      DATE          04/27


WEATHER CONDITIONS. NUMBER OF DAYS WITH
THUNDERSTORM               0    MIXED PRECIP                        0
HEAVY RAIN                 0    RAIN                                4
LIGHT RAIN                19    FREEZING RAIN                       0
LT FREEZING RAIN           0    HAIL                                0
HEAVY SNOW                 0    SNOW                                0
LIGHT SNOW                 0    SLEET                               0
FOG                        6    FOG W/VIS <=1/4 MILE                0
HAZE                       1

-  INDICATES NEGATIVE NUMBERS.
R  INDICATES RECORD WAS SET OR TIED.
MM INDICATES DATA IS MISSING.
T  INDICATES TRACE AMOUNT.

$$
