000
CXUS56 KPDT 011402
CLMPDT

CLIMATE REPORT
NATIONAL WEATHER SERVICE PENDLETON OREGON
701 AM PDT THU AUG 01 2019

....................................

...THE PENDLETON OR CLIMATE SUMMARY FOR THE MONTH OF JULY 2019...

CLIMATE NORMAL PERIOD 1981 TO 2010
CLIMATE RECORD PERIOD 1934 TO 2019

WEATHER         OBSERVED          NORMAL  DEPART        LAST YEAR`S
                 VALUE   DATE(S)  VALUE   FROM         VALUE DATE(S)
                                          NORMAL

................................................................

TEMPERATURE (F)
RECORD
 HIGH             110   7/27/1939
 LOW               41   7/ 4/2012
HIGHEST            97   7/26                              103   7/30
LOWEST             43   7/20                               48   7/ 3
AVG. MAXIMUM     87.0            87.9      -0.9          92.9
AVG. MINUMUM     55.6            57.2      -1.6          58.3
MEAN             71.3            72.6      -1.3          75.6
DAYS MAX >= 90      8              15        -7            23
DAYS MAX <= 32      0               0         0             0
DAYS MIN <= 32      0               0         0             0
DAYS MIN <= 0       0               0         0             0

PRECIPITATION (INCHES)
RECORD
 MAXIMUM          1.45   1993
 MINIMUM          0.00   2018
TOTALS            0.04            0.32     -0.28          0.00
DAILY AVG.        0.00            0.01     -0.01          0.00
DAYS >=  0.01        3               3         0             0
DAYS >=  0.10        0               1        -1             0
DAYS >=  0.50        0               0         0             0
DAYS >=  1.00        0               0         0             0
GREATEST
 24 HR. TOTAL     0.02   7/ 1

SNOWFALL (INCHES)
RECORD
 MAXIMUM           0.0   2002
 MINIMUM           0.0   2018
TOTALS             0.0             0.0       0.0           0.0
SINCE 7/1          0.0             0.0       0.0           0.0
DAYS >=  TRACE                       0         0
DAYS >=  1.0         0               0         0             0
GREATEST
 24 HR. TOTAL      0.0   7/31

DEGREE DAYS
HEATING TOTAL        2               7        -5             4
 SINCE 7/1           2               7        -5             4
COOLING TOTAL      207             245       -38           339
 SINCE 1/1         306             346       -40           451

.............................................................

WIND (MPH)
AVERAGE WIND SPEED                     8.5
RESULTANT WIND SPEED/DIRECTION         5/217
HIGHEST WIND SPEED/DIRECTION          33/240      DATE          07/01
HIGHEST GUST SPEED/DIRECTION          44/250      DATE          07/01


WEATHER CONDITIONS. NUMBER OF DAYS WITH
THUNDERSTORM               0    MIXED PRECIP                           0
HEAVY RAIN                 0    RAIN                                   0
LIGHT RAIN                 5    FREEZING RAIN                          0
LT FREEZING RAIN           0    HAIL                                   0
HEAVY SNOW                 0    SNOW                                   0
LIGHT SNOW                 0    SLEET                                  0
FOG                        0    FOG W/VIS <=1/4 MILE                   0
HAZE                       1

-  INDICATES NEGATIVE NUMBERS.
R  INDICATES RECORD WAS SET OR TIED.
MM INDICATES DATA IS MISSING.
T  INDICATES TRACE AMOUNT.

$$
