000
CXUS56 KPQR 011608 CCA
CLMPDX

CLIMATE REPORT
NATIONAL WEATHER SERVICE PORTLAND OREGON
901 AM PDT WED MAY 1 2019

...................................

...THE PORTLAND OR CLIMATE SUMMARY FOR THE MONTH OF APRIL 2019...

CLIMATE NORMAL PERIOD 1981 TO 2010
CLIMATE RECORD PERIOD 1940 TO 2019

WEATHER         OBSERVED          NORMAL  DEPART  LAST YEAR`S
                 VALUE   DATE(S)  VALUE   FROM    VALUE  DATE(S)
                                          NORMAL
................................................................
TEMPERATURE (F)
HIGHEST            76                                 86  04/26
LOWEST             38                                 34  04/03
AVG. MAXIMUM     62.6              61.4     1.2     62.1
AVG. MINIMUM     46.1              43.1     3.0     45.4
MEAN             54.4              52.3     2.1     53.8
DAYS MAX >= 90      0               0.0     0.0        0
DAYS MAX <= 32      0               0.0     0.0        0
DAYS MIN <= 32      0               0.2    -0.2        0
DAYS MIN <= 0       0               0.0     0.0        0

PRECIPITATION (INCHES)
RECORD
 MAXIMUM         5.26   1993
 MINIMUM         0.53   1956
TOTALS           2.98              2.73    0.25     3.34
DAYS >= .01        17              16.4     0.6       17
DAYS >= .10        11               8.3     2.7        9
DAYS >= .50         1               1.0     0.0        1
DAYS >= 1.00        0               0.1    -0.1        1
GREATEST
 24 HR. TOTAL    1.04   04/06 TO 04/07

SNOWFALL (INCHES)
TOTALS            0.0
SINCE 7/1         7.0

DEGREE_DAYS
HEATING TOTAL     312               383     -71      338
 SINCE 7/1       3769              3963    -194     3805
COOLING TOTAL       0                 1      -1        9
 SINCE 1/1          0                 1      -1        9
.................................................................

WIND (MPH)
AVERAGE WIND SPEED              6.9
RESULTANT WIND SPEED/DIRECTION   2/286
HIGHEST WIND SPEED/DIRECTION    29/320    DATE  04/27
HIGHEST GUST SPEED/DIRECTION    36/320    DATE  04/27

SKY COVER
POSSIBLE SUNSHINE (PERCENT)   MM
AVERAGE SKY COVER           0.70
NUMBER OF DAYS FAIR            4
NUMBER OF DAYS PC              7
NUMBER OF DAYS CLOUDY         19

AVERAGE RH (PERCENT)     68

WEATHER CONDITIONS. NUMBER OF DAYS WITH
THUNDERSTORMS        0        MIXED PRECIP            0
HEAVY RAIN           0        RAIN                    2
LIGHT RAIN           20       FREEZING RAIN           0
LT FREEZING RAIN     0        HAIL                    0
HEAVY SNOW           0        SNOW                    0
LIGHT SNOW           0        SLEET                   0
FOG                  11       FOG W/VIS <=1/4 MILE    0
HAZE                 3


-  INDICATES NEGATIVE NUMBERS.
R  INDICATES RECORD WAS SET OR TIED.
MM INDICATES DATA IS MISSING.
T  INDICATES TRACE AMOUNT.

$$
