000
CXUS53 KUNR 011602
CLMPHP


CLIMATE REPORT
NATIONAL WEATHER SERVICE RAPID CITY SD
1002 AM MDT THU AUG 1 2019

...................................

...THE PHILIP SD CLIMATE SUMMARY FOR THE MONTH OF JULY 2019...

CLIMATE NORMAL PERIOD 1981 TO 2010
CLIMATE RECORD PERIOD 9999 TO 9999

WEATHER         OBSERVED          NORMAL  DEPART  LAST YEAR`S
                 VALUE   DATE(S)  VALUE   FROM    VALUE  DATE(S)
                                          NORMAL
................................................................
TEMPERATURE (F)
HIGHEST            93   07/26                        103  07/10
                        07/11
LOWEST             51   07/29                         50  07/31
                        07/22                             07/30
AVG. MAXIMUM     85.7              89.3    -3.6     90.9
AVG. MINIMUM     60.5              59.9     0.6     61.0
MEAN             73.1              74.6    -1.5     76.0
DAYS MAX >= 90      8                                 20
DAYS MAX <= 32      0                                  0
DAYS MIN <= 32      0                                  0
DAYS MIN <= 0       0                                  0

PRECIPITATION (INCHES)
TOTALS           3.54              2.03    1.51     0.10
DAILY AVG.       0.12              0.07    0.05     0.00
DAYS >= .01        19                                  4
DAYS >= .10        11                                  0
DAYS >= .50         2                                  0
DAYS >= 1.00        0                                  0
GREATEST
 24 HR. TOTAL    0.54   07/20 TO 07/20              0.05

DEGREE_DAYS
HEATING TOTAL       0                 8      -8        0
 SINCE 7/1          0                 8      -8        0
COOLING TOTAL     257               305     -48      349
 SINCE 1/1        360               455     -95      575
.................................................................

WIND (MPH)
AVERAGE WIND SPEED              8.3
HIGHEST WIND SPEED/DIRECTION    54/310    DATE  07/04
HIGHEST GUST SPEED/DIRECTION    79/300    DATE  07/04

AVERAGE RH (PERCENT)     73

WEATHER CONDITIONS. NUMBER OF DAYS WITH
THUNDERSTORM             13     MIXED PRECIP               0
HEAVY RAIN                7     RAIN                       9
LIGHT RAIN               22     FREEZING RAIN              0
LT FREEZING RAIN          0     HAIL                       0
HEAVY SNOW                0     SNOW                       0
LIGHT SNOW                0     SLEET                      0
FOG                      15     FOG W/VIS <= 1/4 MILE      1
HAZE                      1

-  INDICATES NEGATIVE NUMBERS.
R  INDICATES RECORD WAS SET OR TIED.
MM INDICATES DATA IS MISSING.
T  INDICATES TRACE AMOUNT.

$$
