003
CXUS53 KUNR 011610
CLMPHP


CLIMATE REPORT
NATIONAL WEATHER SERVICE RAPID CITY SD
1009 AM MDT WED MAY 1 2019

...................................

...THE PHILIP SD CLIMATE SUMMARY FOR THE MONTH OF APRIL 2019...

CLIMATE NORMAL PERIOD 1981 TO 2010
CLIMATE RECORD PERIOD 9999 TO 9999

WEATHER         OBSERVED          NORMAL  DEPART  LAST YEAR`S
                 VALUE   DATE(S)  VALUE   FROM    VALUE  DATE(S)
                                          NORMAL
................................................................
TEMPERATURE (F)
HIGHEST            85   04/20                         83  04/29
LOWEST             19   04/13                          4  04/04
                                                          04/03
AVG. MAXIMUM     57.0              60.2    -3.2     52.9
AVG. MINIMUM     32.6              32.4     0.2     25.9
MEAN             44.8              46.3    -1.5     39.4
DAYS MAX >= 90      0                                  0
DAYS MAX <= 32      1                                  3
DAYS MIN <= 32     14                                 21
DAYS MIN <= 0       0                                  0

PRECIPITATION (INCHES)
TOTALS           1.79              1.84   -0.05     1.26
DAILY AVG.       0.06              0.06    0.00     0.04
DAYS >= .01        14                                 13
DAYS >= .10         7                                  4
DAYS >= .50         1                                  0
DAYS >= 1.00        0                                  0
GREATEST
 24 HR. TOTAL    0.55   04/10 TO 04/10              0.35

DEGREE_DAYS
HEATING TOTAL     597               564      33      760
 SINCE 7/1       7605              6867     738     7319
COOLING TOTAL       0                 3      -3        0
 SINCE 1/1          0                 3      -3        0
.................................................................

WIND (MPH)
AVERAGE WIND SPEED              12.1
HIGHEST WIND SPEED/DIRECTION    41/290    DATE  04/29
HIGHEST GUST SPEED/DIRECTION    62/330    DATE  04/18

AVERAGE RH (PERCENT)     72

WEATHER CONDITIONS. NUMBER OF DAYS WITH
THUNDERSTORM              3     MIXED PRECIP               0
HEAVY RAIN                0     RAIN                       4
LIGHT RAIN               14     FREEZING RAIN              1
LT FREEZING RAIN          1     HAIL                       0
HEAVY SNOW                3     SNOW                       3
LIGHT SNOW                5     SLEET                      0
FOG                      11     FOG W/VIS <= 1/4 MILE      5
HAZE                      0

-  INDICATES NEGATIVE NUMBERS.
R  INDICATES RECORD WAS SET OR TIED.
MM INDICATES DATA IS MISSING.
T  INDICATES TRACE AMOUNT.

$$
