015
CXUS55 KPSR 010821
CLMPHX

CLIMATE REPORT
NATIONAL WEATHER SERVICE PHOENIX AZ
121 AM MST WED MAY 1 2019

...................................

...THE PHOENIX AZ CLIMATE SUMMARY FOR THE MONTH OF APRIL 2019...

CLIMATE NORMAL PERIOD 1981 TO 2010
CLIMATE RECORD PERIOD 1895 TO 2019

WEATHER         OBSERVED          NORMAL  DEPART
                 VALUE   DATE(S)  VALUE   FROM
                                          NORMAL
................................................
TEMPERATURE (F)
RECORD
 HIGH             105   04/22/2012
                        04/29/1992
                        04/20/1989
 LOW               35   04/10/1922
HIGHEST           100   04/26        99       1
LOWEST             55   04/13        50       5
                        04/11
AVG. MAXIMUM     87.9              85.2     2.7
AVG. MINIMUM     62.7              60.2     2.5
MEAN             75.3              72.7     2.6
DAYS MAX >= 90     11               9.7     1.3
DAYS MAX <= 32      0               0.0     0.0
DAYS MIN <= 32      0               0.0     0.0
DAYS MIN <= 0       0               0.0     0.0

PRECIPITATION (INCHES)
RECORD
 MAXIMUM         3.36   1926
 MINIMUM         0.00   2018
                        2008
                        2000
TOTALS           0.09              0.28   -0.19
DAYS >= .01         2               1.7     0.3
DAYS >= .10         0               0.8    -0.8
DAYS >= .50         0               0.1    -0.1
DAYS >= 1.00        0               0.0     0.0
GREATEST
 24 HR. TOTAL    0.08   04/29 TO 04/29

DEGREE_DAYS
HEATING TOTAL       0                20     -20
 SINCE 7/1        981               934      47
COOLING TOTAL     315               251      64
 SINCE 1/1        401               355      46
.................................................

WIND (MPH)
AVERAGE WIND SPEED              7.7
HIGHEST GUST SPEED/DIRECTION    46/290    DATE  04/10

AVERAGE RH (PERCENT)     28

WEATHER CONDITIONS. NUMBER OF DAYS WITH
THUNDERSTORM              1     HEAVY RAIN                 0
RAIN                      1     LIGHT RAIN                 2
FOG W/VIS <= 1/4 MILE     0

-  INDICATES NEGATIVE NUMBERS.
R  INDICATES RECORD WAS SET OR TIED.
MM INDICATES DATA IS MISSING.
T  INDICATES TRACE AMOUNT.

$$
