815
CXUS55 KPSR 011210
CLMPHX

CLIMATE REPORT
NATIONAL WEATHER SERVICE PHOENIX AZ
504 AM MST THU AUG 1 2019

...................................

...THE PHOENIX AZ CLIMATE SUMMARY FOR THE MONTH OF JULY 2019...

CLIMATE NORMAL PERIOD 1981 TO 2010
CLIMATE RECORD PERIOD 1895 TO 2019

WEATHER         OBSERVED          NORMAL  DEPART
                 VALUE   DATE(S)  VALUE   FROM
                                          NORMAL
................................................
TEMPERATURE (F)
RECORD
 HIGH             121   07/28/1995
 LOW               63   07/05/1912
                        07/04/1912
HIGHEST           115   07/16       114       1
LOWEST             76   07/31        74       2
                        07/30
                        07/09
AVG. MAXIMUM    108.2             106.1     2.1
AVG. MINIMUM     85.1              83.5     1.6
MEAN             96.7              94.8     1.9
DAYS MAX >= 90     31              30.8     0.2
DAYS MAX <= 32      0               0.0     0.0
DAYS MIN <= 32      0               0.0     0.0
DAYS MIN <= 0       0               0.0     0.0

PRECIPITATION (INCHES)
RECORD
 MAXIMUM         6.47   1911
 MINIMUM         0.00   1993
                        1995
TOTALS           0.17              1.05   -0.88
DAYS >= .01         2               4.2    -2.2
DAYS >= .10         1               2.2    -1.2
DAYS >= .50         0               0.6    -0.6
DAYS >= 1.00        0               0.3    -0.3
GREATEST
 24 HR. TOTAL    0.13   07/30 TO 07/30

DEGREE_DAYS
HEATING TOTAL       0                 0       0
 SINCE 7/1          0                 0       0
COOLING TOTAL     990               924      66
 SINCE 1/1       2537              2584     -47
.................................................

WIND (MPH)
AVERAGE WIND SPEED              8.2
HIGHEST GUST SPEED/DIRECTION    49/150    DATE  07/22

AVERAGE RH (PERCENT)     25

WEATHER CONDITIONS. NUMBER OF DAYS WITH
THUNDERSTORM              4     HEAVY RAIN                 1
RAIN                      2     LIGHT RAIN                 3
FOG W/VIS <= 1/4 MILE     0

-  INDICATES NEGATIVE NUMBERS.
R  INDICATES RECORD WAS SET OR TIED.
MM INDICATES DATA IS MISSING.
T  INDICATES TRACE AMOUNT.

$$
