858
CXUS53 KILX 011813
CLMPIA


CLIMATE REPORT
NATIONAL WEATHER SERVICE LINCOLN IL
106 PM CDT WED MAY 1 2019

...................................

...THE PEORIA IL CLIMATE SUMMARY FOR THE MONTH OF APRIL 2019...

CLIMATE NORMAL PERIOD 1981 TO 2010
CLIMATE RECORD PERIOD 1883 TO 2019

WEATHER         OBSERVED          NORMAL  DEPART  LAST YEAR`S
                 VALUE   DATE(S)  VALUE   FROM    VALUE
                                          NORMAL
.............................................................
TEMPERATURE (F)
RECORD
 HIGH              92   04/25/1986
                        04/10/1930
                        04/29/1899
 LOW               14   04/02/2018
                        04/07/1982
                        04/06/1982
HIGHEST            80   04/22        62      18       81
LOWEST             29   04/15        41     -12       14
                        04/01
AVG. MAXIMUM     62.4              63.0    -0.6     56.2
AVG. MINIMUM     42.9              41.7     1.2     34.1
MEAN             52.7              52.3     0.4     45.1
DAYS MAX >= 90      0               0.0     0.0        0
DAYS MAX <= 32      0               0.1    -0.1        1
DAYS MIN <= 32      3               4.0    -1.0       14
DAYS MIN <= 0       0               0.0     0.0        0

PRECIPITATION (INCHES)
RECORD
 MAXIMUM         8.66   1947
 MINIMUM         0.71   1971
TOTALS           4.35              3.63    0.72     1.73
DAILY AVG.       0.14              0.12    0.02     0.06
DAYS >= .01        12              11.4     0.6       11
DAYS >= .10         7               7.2    -0.2        6
DAYS >= .50         3               2.4     0.6        1
DAYS >= 1.00        1               0.7     0.3        0
GREATEST
 24 HR. TOTAL    1.22   04/30 TO 04/30              0.87

SNOWFALL (INCHES)
RECORDS
 TOTAL           13.4   1982
TOTALS            5.0               0.6     4.4      2.5
SINCE 7/1        36.4              24.6    11.8     32.1
DAYS >= 1.0         1               0.1     0.9        1
GREATEST
 SNOW DEPTH         3   04/15                          2
 24 HR TOTAL      5.0   04/14 TO 04/14               1.1

DEGREE_DAYS
HEATING TOTAL     369               393     -24      591
 SINCE 7/1       5873              5665     208     5762
COOLING TOTAL       7                13      -6        2
 SINCE 1/1          7                14      -7        2
..............................................................

WIND (MPH)
AVERAGE WIND SPEED              9.3
HIGHEST WIND SPEED/DIRECTION    33/090    DATE  04/10
HIGHEST GUST SPEED/DIRECTION    50/080    DATE  04/10

AVERAGE RH (PERCENT)     67

WEATHER CONDITIONS. NUMBER OF DAYS WITH
THUNDERSTORM              5     MIXED PRECIP               0
HEAVY RAIN                3     RAIN                       7
LIGHT RAIN               15     FREEZING RAIN              0
LT FREEZING RAIN          0     HAIL                       0
HEAVY SNOW                1     SNOW                       1
LIGHT SNOW                1     SLEET                      0
FOG                      14     FOG W/VIS <= 1/4 MILE      3
HAZE                      2

-  INDICATES NEGATIVE NUMBERS.
R  INDICATES RECORD WAS SET OR TIED.
MM INDICATES DATA IS MISSING.
T  INDICATES TRACE AMOUNT.

$$
