000
CXUS53 KILX 011535
CLMPIA

CLIMATE REPORT
NATIONAL WEATHER SERVICE LINCOLN IL
1023 AM CDT MON JUL 1 2019

...................................

...THE PEORIA IL CLIMATE SUMMARY FOR THE MONTH OF JUNE 2019...

CLIMATE NORMAL PERIOD 1981 TO 2010
CLIMATE RECORD PERIOD 1883 TO 2019

WEATHER         OBSERVED          NORMAL  DEPART  LAST YEAR`S
                 VALUE   DATE(S)  VALUE   FROM    VALUE
                                          NORMAL
.............................................................
TEMPERATURE (F)
RECORD
 HIGH             105   06/25/1988
                        06/29/1936
                        06/01/1934
 LOW               39   06/01/1993
                        06/04/1945
HIGHEST            94   06/30        82      12       95
LOWEST             50   06/14        61     -11       54
AVG. MAXIMUM     81.5              82.2    -0.7     85.3
AVG. MINIMUM     61.8              61.4     0.4     66.0
MEAN             71.7              71.8    -0.1     75.7
DAYS MAX >= 90      2               3.8    -1.8        9
DAYS MAX <= 32      0               0.0     0.0        0
DAYS MIN <= 32      0               0.0     0.0        0
DAYS MIN <= 0       0               0.0     0.0        0

PRECIPITATION (INCHES)
RECORD
 MAXIMUM        11.69   1974
 MINIMUM         0.45   1936
TOTALS           5.17              3.53    1.64     3.41
DAILY AVG.       0.17              0.12    0.05     0.11
DAYS >= .01        12              10.1     1.9        8
DAYS >= .10         8               6.4     1.6        5
DAYS >= .50         4               2.4     1.6        2
DAYS >= 1.00        2               0.9     1.1        1
GREATEST
 24 HR. TOTAL    2.05   06/19 TO 06/19              1.80

SNOWFALL (INCHES)
RECORDS
 TOTAL            0.0   MM
TOTALS            0.0               0.0     0.0      0.0
SINCE 7/1        36.4              24.6    11.8     32.1
DAYS >= 1.0         0               0.0     0.0        0
GREATEST
 SNOW DEPTH         0   MM                             0
 24 HR TOTAL      0.0   06/30 TO 06/30               0.0

DEGREE_DAYS
HEATING TOTAL       5                18     -13        0
 SINCE 7/1       6028              5831     197     5769
COOLING TOTAL     209               222     -13      325
 SINCE 1/1        290               303     -13      548
..............................................................

WIND (MPH)
AVERAGE WIND SPEED              7.2
HIGHEST WIND SPEED/DIRECTION    35/290    DATE  06/25
HIGHEST GUST SPEED/DIRECTION    56/280    DATE  06/25

AVERAGE RH (PERCENT)     69

WEATHER CONDITIONS. NUMBER OF DAYS WITH
THUNDERSTORM              9     MIXED PRECIP               0
HEAVY RAIN                8     RAIN                       7
LIGHT RAIN               17     FREEZING RAIN              0
LT FREEZING RAIN          0     HAIL                       0
HEAVY SNOW                0     SNOW                       0
LIGHT SNOW                0     SLEET                      0
FOG                      12     FOG W/VIS <= 1/4 MILE      0
HAZE                      3

-  INDICATES NEGATIVE NUMBERS.
R  INDICATES RECORD WAS SET OR TIED.
MM INDICATES DATA IS MISSING.
T  INDICATES TRACE AMOUNT.

&&

No records were set in Peoria during June 2019

$$
