000
CXUS55 KPIH 011424
CLMPIH

CLIMATE REPORT
NATIONAL WEATHER SERVICE POCATELLO ID
818 AM MDT WED MAY 1 2019

...................................

...THE POCATELLO CLIMATE SUMMARY FOR THE MONTH OF APRIL 2019...

CLIMATE NORMAL PERIOD 1981 TO 2010
CLIMATE RECORD PERIOD 1939 TO 2019

WEATHER         OBSERVED          NORMAL  DEPART  LAST YEAR`S
                 VALUE   DATE(S)  VALUE   FROM    VALUE  DATE(S)
                                          NORMAL
................................................................
TEMPERATURE (F)
RECORD
 HIGH              86   04/23/2012
                        04/21/1994
                        04/29/1992
 LOW               12   04/03/1945
HIGHEST            74   04/19        86     -12       82  04/27
LOWEST             26   04/29        13      13       18  04/03
                        04/01
AVG. MAXIMUM     58.5              58.3     0.2     60.8
AVG. MINIMUM     37.2              32.9     4.3     35.0
MEAN             47.8              45.6     2.2     47.9
DAYS MAX >= 90      0               0.0     0.0        0
DAYS MAX <= 32      0               0.0     0.0        0
DAYS MIN <= 32      6              12.9    -6.9       10
DAYS MIN <= 0       0               0.0     0.0        0

PRECIPITATION (INCHES)
RECORD
 MAXIMUM         3.30   1963
 MINIMUM         0.06   1977
TOTALS           2.03              1.15    0.88     1.04
DAILY AVG.       0.07              0.04    0.03     0.03
DAYS >= .01        14               9.0     5.0       10
DAYS >= .10         8               4.1     3.9        4
DAYS >= .50         1               0.2     0.8        0
DAYS >= 1.00        0               0.0     0.0        0
GREATEST
 24 HR. TOTAL    0.51   04/09 TO 04/09              0.32

SNOWFALL (INCHES)
RECORDS
 TOTAL           15.5   1976
TOTALS            0.4               3.2    -2.8        T
SINCE 7/1        40.3              42.6    -2.3     30.5
SNOWDEPTH AVG.      0                MM      MM        0
DAYS >= 1.0         0               1.0    -1.0        0
GREATEST
 SNOW DEPTH         T   04/10                          0  MM
 24 HR TOTAL      0.3   04/09 TO 04/09                 T

DEGREE_DAYS
HEATING TOTAL     508               582     -74      506
 SINCE 7/1       6661              6694     -33     6025
COOLING TOTAL       0                 0       0        0
 SINCE 1/1          0                 0       0        0
.................................................................

WIND (MPH)
AVERAGE WIND SPEED              12.0
HIGHEST WIND SPEED/DIRECTION    39/260    DATE  04/26
HIGHEST GUST SPEED/DIRECTION    47/270    DATE  04/26

SKY COVER
POSSIBLE SUNSHINE (PERCENT)   MM
AVERAGE SKY COVER           0.50
NUMBER OF DAYS FAIR           10
NUMBER OF DAYS PC             12
NUMBER OF DAYS CLOUDY          8

AVERAGE RH (PERCENT)     62

WEATHER CONDITIONS. NUMBER OF DAYS WITH
THUNDERSTORM               5   MIXED PRECIP            0
HEAVY RAIN                 2   RAIN                    1
LIGHT RAIN                18   FREEZING RAIN           0
LT FREEZING RAIN           0   HAIL                    0
HEAVY SNOW                 0   SNOW                    0
LIGHT SNOW                 3   SLEET                   0
FOG                       11   FOG W/VIS <= 1/4 MILE   0
HAZE                       1


-  INDICATES NEGATIVE NUMBERS.
R  INDICATES RECORD WAS SET OR TIED.
MM INDICATES DATA IS MISSING.
T  INDICATES TRACE AMOUNT.
&&
9TH: RAINFALL OF 0.51 INCHES BROKE OLD RECORD OF 0.37 SET IN 1976.

$$
