000
CXUS55 KPIH 020532 CCA
CLMPIH

CLIMATE REPORT
NATIONAL WEATHER SERVICE POCATELLO ID
1132 PM MDT THU AUG 1 2019

...................................

...THE POCATELLO CLIMATE SUMMARY FOR THE MONTH OF JULY 2019...

CLIMATE NORMAL PERIOD 1981 TO 2010
CLIMATE RECORD PERIOD 1939 TO 2019

WEATHER         OBSERVED          NORMAL  DEPART  LAST YEAR`S
                 VALUE   DATE(S)  VALUE   FROM    VALUE  DATE(S)
                                          NORMAL
................................................................
TEMPERATURE (F)
RECORD
 HIGH             104   07/22/2000
 LOW               34   07/04/2018
                        07/08/1981
                        01/01/2000
HIGHEST            99   07/22       104      -5       99  07/05
LOWEST             42   07/05        34       8       34  07/04
AVG. MAXIMUM     88.7              87.8     0.9     92.7
AVG. MINIMUM     52.7              52.0     0.7     54.3
MEAN             70.7              69.9     0.8     73.5
DAYS MAX >= 90     15              13.3     1.7       28
DAYS MAX <= 32      0               0.0     0.0        0
DAYS MIN <= 32      0               0.0     0.0        0
DAYS MIN <= 0       0               0.0     0.0        0

PRECIPITATION (INCHES)
RECORD
 MAXIMUM         2.28   2009
                        1984
 MINIMUM         0.00   2003
                        1988
                        1963
TOTALS           0.35              0.64   -0.29     0.18
DAILY AVG.       0.01              0.02   -0.01     0.01
DAYS >= .01         6               4.4     1.6        1
DAYS >= .10         1               1.8    -0.8        1
DAYS >= .50         0               0.3    -0.3        0
DAYS >= 1.00        0               0.0     0.0        0
GREATEST
 24 HR. TOTAL    0.16   07/29 TO 07/29              0.18

SNOWFALL (INCHES)
RECORDS
 TOTAL            0.0   2010
                        2009
                        2008
TOTALS            0.0               0.0     0.0      0.0
SINCE 7/1         0.0               0.0     0.0      0.0
SNOWDEPTH AVG.      0                MM      MM        0
DAYS >= 1.0         0               0.0     0.0        0
GREATEST
 SNOW DEPTH         0   MM                             0  MM
 24 HR TOTAL      0.0   07/31 TO 07/31               0.0

DEGREE_DAYS
HEATING TOTAL       8                20     -12        9
 SINCE 7/1          8                20     -12        9
COOLING TOTAL     193               172      21      278
 SINCE 1/1        214               223      -9      315
.................................................................

WIND (MPH)
AVERAGE WIND SPEED              8.8
HIGHEST WIND SPEED/DIRECTION    56/240    DATE  07/12
HIGHEST GUST SPEED/DIRECTION    71/250    DATE  07/12

SKY COVER
POSSIBLE SUNSHINE (PERCENT)   MM
AVERAGE SKY COVER           0.20
NUMBER OF DAYS FAIR           28
NUMBER OF DAYS PC              3
NUMBER OF DAYS CLOUDY          0

AVERAGE RH (PERCENT)     46

WEATHER CONDITIONS. NUMBER OF DAYS WITH
THUNDERSTORM               9   MIXED PRECIP            0
HEAVY RAIN                 1   RAIN                    0
LIGHT RAIN                 8   FREEZING RAIN           0
LT FREEZING RAIN           0   HAIL                    0
HEAVY SNOW                 0   SNOW                    0
LIGHT SNOW                 0   SLEET                   0
FOG                        0   FOG W/VIS <= 1/4 MILE   0
HAZE                       1

-  INDICATES NEGATIVE NUMBERS.
R  INDICATES RECORD WAS SET OR TIED.
MM INDICATES DATA IS MISSING.
T  INDICATES TRACE AMOUNT.
&&

$$
