000
CXUS53 KABR 040147
CLMPIR


CLIMATE REPORT
NATIONAL WEATHER SERVICE ABERDEEN SD
841 PM CDT SAT AUG 3 2019

...................................

...THE PIERRE SD CLIMATE SUMMARY FOR THE MONTH OF JULY 2019...

CLIMATE NORMAL PERIOD 1981 TO 2010
CLIMATE RECORD PERIOD 1892 TO 2019

WEATHER         OBSERVED          NORMAL  DEPART  LAST YEAR`S
                 VALUE   DATE(S)  VALUE   FROM    VALUE  DATE(S)
                                          NORMAL
................................................................
TEMPERATURE (F)
RECORD
 HIGH             117   07/15/2006
                        07/15/2006
                        07/06/1936
 LOW               42   07/30/1971
                        07/01/1959
HIGHEST            93   07/26        MM      MM      101  07/10
                        07/13                             07/08
LOWEST             52   07/22        MM      MM       50  07/27
AVG. MAXIMUM     85.0              88.8    -3.8     88.5
AVG. MINIMUM     62.7              61.9     0.8     61.3
MEAN             73.8              75.4    -1.6     74.9
DAYS MAX >= 90      7              13.8    -6.8       14
DAYS MAX <= 32      0               0.0     0.0        0
DAYS MIN <= 32      0               0.0     0.0        0
DAYS MIN <= 0       0               0.0     0.0        0

PRECIPITATION (INCHES)
RECORD
 MAXIMUM         6.43   1997
 MINIMUM         0.10   1936
TOTALS           4.32              2.61    1.71     0.52
DAYS >= .01        11               9.2     1.8        2
DAYS >= .10         6               5.0     1.0        1
DAYS >= .50         4               1.6     2.4        1
DAYS >= 1.00        2               0.5     1.5        0

SNOWFALL (INCHES)
RECORDS
 TOTAL             MM   MM
 SNOW DEPTH        MM   MM
TOTALS            0.0               0.0     0.0      0.0
SINCE 7/1         0.0               0.0     0.0      0.0
SNOWDEPTH AVG.      0                MM      MM        0
DAYS >= TRACE       0               0.0     0.0        0
DAYS >= 1.0         0               0.0     0.0        0
GREATEST
 SNOW DEPTH         0   MM                             0  MM

DEGREE_DAYS
HEATING TOTAL       0                 6      -6        3
 SINCE 7/1          0                 6      -6        3
COOLING TOTAL     281               327     -46      319
 SINCE 1/1        411               493     -82      605

FREEZE DATES
RECORD
 EARLIEST     MM
 LATEST       MM
EARLIEST                        MM
LATEST                          MM
.................................................................

WIND (MPH)
AVERAGE WIND SPEED              9.2
RESULTANT WIND SPEED/DIRECTION   3/099
HIGHEST WIND SPEED/DIRECTION    46/350    DATE  07/20
HIGHEST GUST SPEED/DIRECTION    64/280    DATE  07/17

SKY COVER
POSSIBLE SUNSHINE (PERCENT)   MM
AVERAGE SKY COVER           0.20
NUMBER OF DAYS FAIR           25
NUMBER OF DAYS PC              5
NUMBER OF DAYS CLOUDY          1

AVERAGE RH (PERCENT)     73

-  INDICATES NEGATIVE NUMBERS.
R  INDICATES RECORD WAS SET OR TIED.
MM INDICATES DATA IS MISSING.
T  INDICATES TRACE AMOUNT.

$$
