000
CXUS53 KABR 151606
CLMPIR


CLIMATE REPORT
NATIONAL WEATHER SERVICE ABERDEEN SD
1052 AM CDT WED MAY 15 2019

...................................

...THE PIERRE SD CLIMATE SUMMARY FOR THE MONTH OF MARCH 2019...

CLIMATE NORMAL PERIOD 1981 TO 2010
CLIMATE RECORD PERIOD 1892 TO 2019

WEATHER         OBSERVED          NORMAL  DEPART  LAST YEAR`S
                 VALUE   DATE(S)  VALUE   FROM    VALUE  DATE(S)
                                          NORMAL
................................................................
TEMPERATURE (F)
RECORD
 HIGH              88   03/18/2012
 LOW              -20   03/02/2014
HIGHEST            60   03/31        MM      MM       59  03/27
LOWEST            -16   03/03        MM      MM        0  03/08
AVG. MAXIMUM     33.7              45.4   -11.7     39.3
AVG. MINIMUM     16.6              23.5    -6.9     22.4
MEAN             25.1              34.4    -9.3     30.8
DAYS MAX >= 90      0               0.0     0.0        0
DAYS MAX <= 32     11               5.3     5.7        6
DAYS MIN <= 32     29              25.0     4.0       30
DAYS MIN <= 0       6               1.0     5.0        1

PRECIPITATION (INCHES)
RECORD
 MAXIMUM         3.73   1977
 MINIMUM         0.02   1918
TOTALS           1.79              1.23    0.56     1.40
DAYS >= .01         6               6.3    -0.3        9
DAYS >= .10         4               2.9     1.1        4
DAYS >= .50         2               0.6     1.4        1
DAYS >= 1.00        0               0.2    -0.2        0

SNOWFALL (INCHES)
RECORDS
 TOTAL           31.8   1975
 SNOW DEPTH        29   03/30/1975
TOTALS           15.9               6.0     9.9     11.0
SINCE 7/1        50.2              27.8    22.4     32.0
SNOWDEPTH AVG.     14                 3      11        2
DAYS >= TRACE       7               3.8     3.2        7
DAYS >= 1.0         4               1.7     2.3        3
GREATEST
 SNOW DEPTH        26   03/15                         10  03/06
                        03/14

DEGREE_DAYS
HEATING TOTAL    1226               947     279     1052
 SINCE 7/1       7144              6445     699     6713
COOLING TOTAL       0                 0       0        0
 SINCE 1/1          0                 0       0        0

FREEZE DATES
RECORD
 EARLIEST     MM
 LATEST       MM
EARLIEST                        MM
LATEST                          MM
.................................................................

WIND (MPH)
AVERAGE WIND SPEED              11.4
RESULTANT WIND SPEED/DIRECTION   5/325
HIGHEST WIND SPEED/DIRECTION    46/330    DATE  03/14
HIGHEST GUST SPEED/DIRECTION    60/340    DATE  03/14

SKY COVER
POSSIBLE SUNSHINE (PERCENT)   MM
AVERAGE SKY COVER           0.40
NUMBER OF DAYS FAIR           15
NUMBER OF DAYS PC             10
NUMBER OF DAYS CLOUDY          6

AVERAGE RH (PERCENT)     82

WEATHER CONDITIONS. NUMBER OF DAYS WITH
  0
  0
  0
  0
  4
  0
  6
HAZE                      3

-  INDICATES NEGATIVE NUMBERS.
R  INDICATES RECORD WAS SET OR TIED.
MM INDICATES DATA IS MISSING.
T  INDICATES TRACE AMOUNT.

$$
