003
CXUS51 KPBZ 011331
CLMPIT


CLIMATE REPORT
NATIONAL WEATHER SERVICE PITTSBURGH PA
931 AM EDT TUE OCT 1 2019

...................................

...THE PITTSBURGH PA CLIMATE SUMMARY FOR THE MONTH OF SEPTEMBER 2019...

CLIMATE NORMAL PERIOD 1981 TO 2010
CLIMATE RECORD PERIOD 1871 TO 2019

WEATHER         OBSERVED          NORMAL  DEPART   LAST YEAR`S
                VALUE   DATE(S)   VALUE   FROM     VALUE DATE(S)
                                          NORMAL
................................................................
TEMPERATURE (F)
RECORD
 HIGH            102   09/06/1881
 LOW              31   09/19/1959
HIGHEST           90   09/11         MM      MM       95  09/04
LOWEST            47   09/27         MM      MM       47  09/30
AVG. MAXIMUM    79.9               74.3     5.6     77.9
AVG. MINIMUM    58.2               54.0     4.2     61.5
MEAN            69.1               64.1     5.0     69.7
DAYS MAX >= 90     1                0.3     0.7        4
DAYS MAX <= 32     0                0.0     0.0        0
DAYS MIN <= 32     0                0.0     0.0        0
DAYS MIN <= 0      0                0.0     0.0        0

PRECIPITATION (INCHES)
RECORD
 MAXIMUM       10.08   1945
 MINIMUM        0.28   1985
TOTALS          5.34               3.11    2.23     8.50
DAILY AVG.      0.18               0.10    0.08     0.28
DAYS >= .01        6                 10      -4       13
DAYS >= .10        5                  6      -1        8
DAYS >= .50        2                  2       0        6
DAYS >= 1.00       2                  0       2        2
GREATEST
 24 HR. TOTAL   3.53   09/01 TO 09/02               3.73

SNOWFALL (INCHES)
RECORDS
 TOTAL             T   09/23/1989
                       09/30/1895
 24 HR TOTAL       T   09/23/1989 TO  09/23/1989
                       09/30/1895 TO  09/30/1895
TOTALS           0.0                0.0     0.0      0.0
SINCE 7/1        0.0                0.0     0.0      0.0
SNOWDEPTH AVG.     0                                   0
DAYS >= TRACE      0                0.0     0.0        0
DAYS >= 1.0        0                0.0     0.0        0
GREATEST
 24 HR TOTAL       T                                 0.0

DEGREE DAYS
HEATING TOTAL      7                101     -94       45
 SINCE 7/1         8                114    -106       46
COOLING TOTAL    136                 76      60      190
 SINCE 1/1       897                728     169     1084
................................................................

WIND (MPH)
AVERAGE WIND SPEED              5.4
HIGHEST WIND SPEED/DIRECTION    39/290    DATE  09/01
HIGHEST GUST SPEED/DIRECTION    58/270    DATE  09/01

SKY COVER
AVERAGE SKY COVER           0.51

AVERAGE RH (PERCENT)     68

WEATHER CONDITIONS. NUMBER OF DAYS WITH
THUNDERSTORM              7     MIXED PRECIP               0
HEAVY RAIN                3     RAIN                       4
LIGHT RAIN                9     FREEZING RAIN              0
LT FREEZING RAIN          0     HAIL                       0
HEAVY SNOW                0     SNOW                       0
LIGHT SNOW                0     SLEET                      0
FOG                       9     FOG W/VIS <= 1/4 MILE      0
HAZE                      0

-  INDICATES NEGATIVE NUMBERS.
R  INDICATES RECORD WAS SET OR TIED.
MM INDICATES DATA IS MISSING.
T  INDICATES TRACE AMOUNT.

$$

BOOKBINDER/DARNLEY
