926
CXUS51 KPBZ 021717 CCA
CLMPIT

CLIMATE REPORT
NATIONAL WEATHER SERVICE PITTSBURGH PA
0115 PM EDT FRI AUG 2 2019

...................................

...THE PITTSBURGH PA CLIMATE SUMMARY FOR THE MONTH OF JULY 2019...

CLIMATE NORMAL PERIOD 1981 TO 2010
CLIMATE RECORD PERIOD 1871 TO 2019

WEATHER         OBSERVED          NORMAL  DEPART  LAST YEAR`S
                 VALUE   DATE(S)  VALUE   FROM    VALUE  DATE(S)
                                          NORMAL
................................................................
TEMPERATURE (F)
RECORD
 HIGH             103   07/16/1988
                        07/10/1881
 LOW               42   07/09/1963
HIGHEST            90   07/20        83       7       93  07/04
                        07/02        82       8
LOWEST             56   07/24        63      -7       55  07/08
                        07/01        62      -6
AVG. MAXIMUM     84.0              82.5     1.5     83.3
AVG. MINIMUM     65.9              62.8     3.1     63.8
MEAN             75.0              72.6     2.4     73.5
DAYS MAX >= 90      2               3.0    -1.0        4
DAYS MAX <= 32      0               0.0     0.0        0
DAYS MIN <= 32      0               0.0     0.0        0
DAYS MIN <= 0       0               0.0     0.0        0

PRECIPITATION (INCHES)
RECORD
 MAXIMUM         9.51   1887
 MINIMUM         1.16   1894
TOTALS           6.92              3.83    3.09     3.96
DAILY AVG.       0.22              0.12    0.10     0.13
DAYS >= .01        13              10.2     2.8       11
DAYS >= .10        11               6.8     4.2        8
DAYS >= .50         5               2.6     2.4        2
DAYS >= 1.00        1               0.9     0.1        1
GREATEST
 24 HR. TOTAL    2.32   07/11 TO 07/11              1.36


SNOWFALL (INCHES)
RECORDS
 TOTAL            0.0
 24 HR TOTAL      0.0   07/31/2002 TO 07/31/2002
                        07/01/2001 TO 07/01/2001
TOTALS            0.0               0.0     0.0      0.0
SINCE 7/1         0.0               0.0     0.0      0.0
SNOWDEPTH AVG.      0                                  0
DAYS >= TRACE       0
DAYS >= 1.0         0               0.0     0.0        0
GREATEST
 24 HR TOTAL      0.0   07/31 TO 07/31               0.0

DEGREE_DAYS
HEATING TOTAL       0                 4      -4        0
 SINCE 7/1          0                 4      -4        0
COOLING TOTAL     316               241      75      272
 SINCE 1/1        537               443      94      637
.................................................................

WIND (MPH)
AVERAGE WIND SPEED              5.2
HIGHEST WIND SPEED/DIRECTION    33/290    DATE  07/21
HIGHEST GUST SPEED/DIRECTION    42/290    DATE  07/21

SKY COVER
CLEAR (SCALE 0-3)          5 DAYS
PARTLY CLOUDY (SCALE 4-7) 21 DAYS
CLOUDY (SCALE 8-10         5 DAYS

AVERAGE RH (PERCENT)     74

WEATHER CONDITIONS. NUMBER OF DAYS WITH
THUNDERSTORM             13     MIXED PRECIP               0
HEAVY RAIN                6     RAIN                       15
LIGHT RAIN               12     FREEZING RAIN              0
LT FREEZING RAIN          0     HAIL                       0
HEAVY SNOW                0     SNOW                       0
LIGHT SNOW                0     SLEET                      0
FOG                      16     FOG W/VIS <= 1/4 MILE      1
HAZE                      2

-  INDICATES NEGATIVE NUMBERS.
R  INDICATES RECORD WAS SET OR TIED.
MM INDICATES DATA IS MISSING.
T  INDICATES TRACE AMOUNT.

$$
