000
CXUS51 KRLX 020832
CLMPKB


CLIMATE REPORT
NATIONAL WEATHER SERVICE CHARLESTON WV
430 AM EDT FRI AUG 2 2019

...................................

...THE PARKERSBURG WV CLIMATE SUMMARY FOR THE MONTH OF JULY 2019...

CLIMATE NORMAL PERIOD 1981 TO 2010
CLIMATE RECORD PERIOD 1926 TO 2019

WEATHER         OBSERVED          NORMAL  DEPART  LAST YEAR`S
                 VALUE   DATE(S)  VALUE   FROM    VALUE
                                          NORMAL
.............................................................
TEMPERATURE (F)
RECORD
 HIGH             104   MM
 LOW               49   07/01/2010
HIGHEST            93   07/20                         95
LOWEST             53   07/24                         55
AVG. MAXIMUM     87.2              84.9     2.3     86.6
AVG. MINIMUM     66.5              63.9     2.6     65.0
MEAN             76.8              74.4     2.4     75.8
DAYS MAX >= 90      7               5.4     1.6        7
DAYS MAX <= 32      0               0.0     0.0        0
DAYS MIN <= 32      0               0.0     0.0        0
DAYS MIN <= 0       0               0.0     0.0        0

PRECIPITATION (INCHES)
RECORD
 MAXIMUM        11.46   1896
 MINIMUM         0.01   2013
TOTALS           7.77              4.21    3.56     0.29
DAILY AVG.       0.25              0.14    0.11     0.01
DAYS >= .01        12              11.5     0.5        4
DAYS >= .10         7               8.0    -1.0        1
DAYS >= .50         5               2.9     2.1
DAYS >= 1.00        5               1.4     3.6        0
GREATEST
 24 HR. TOTAL    1.76   07/06 TO 07/06

DEGREE_DAYS
HEATING TOTAL       0                 1      -1        0
 SINCE 7/1          0                 1      -1        0
COOLING TOTAL     373               292      81      340
 SINCE 1/1        697               567     130      821
..............................................................

WIND (MPH)
AVERAGE WIND SPEED              3.1
HIGHEST WIND SPEED/DIRECTION    28/010    DATE  07/06
HIGHEST GUST SPEED/DIRECTION    39/250    DATE  07/03

SKY COVER
POSSIBLE SUNSHINE (PERCENT)   MM
AVERAGE SKY COVER           0.30
NUMBER OF DAYS FAIR           19
NUMBER OF DAYS PC             11
NUMBER OF DAYS CLOUDY          1

AVERAGE RH (PERCENT)     75

-  INDICATES NEGATIVE NUMBERS.
R  INDICATES RECORD WAS SET OR TIED.
MM INDICATES DATA IS MISSING.
T  INDICATES TRACE AMOUNT.

$$
