000
CXUS51 KRLX 070401
CLMPKB


CLIMATE REPORT
NATIONAL WEATHER SERVICE CHARLESTON WV
1200 AM EDT TUE MAY 7 2019

...................................

...THE PARKERSBURG WV CLIMATE SUMMARY FOR THE MONTH OF APRIL 2019...

CLIMATE NORMAL PERIOD 1981 TO 2010
CLIMATE RECORD PERIOD 1926 TO 2019

WEATHER         OBSERVED          NORMAL  DEPART  LAST YEAR`S
                 VALUE   DATE(S)  VALUE   FROM    VALUE
                                          NORMAL
.............................................................
TEMPERATURE (F)
RECORD
 HIGH              91   MM
 LOW               21   04/10/2016
HIGHEST            85   04/18                         86
                        04/11
LOWEST             23   04/01                         24
AVG. MAXIMUM     69.7              66.1     3.6     60.5
AVG. MINIMUM     45.5              42.1     3.4     37.4
MEAN             57.6              54.1     3.5     49.0
DAYS MAX >= 90      0               0.0     0.0        0
DAYS MAX <= 32      0               0.0     0.0        0
DAYS MIN <= 32      2               4.6    -2.6       13
DAYS MIN <= 0       0               0.0     0.0        0

PRECIPITATION (INCHES)
RECORD
 MAXIMUM         8.14   2011
 MINIMUM         0.77   1900
TOTALS           3.29              3.27    0.02     5.08
DAILY AVG.       0.11              0.11    0.00     0.17
DAYS >= .01        14              13.1     0.9       15
DAYS >= .10         9               7.6     1.4        9
DAYS >= .50         2               2.0     0.0
DAYS >= 1.00        0               0.4    -0.4        3
GREATEST
 24 HR. TOTAL    0.95   04/26 TO 04/26

DEGREE_DAYS
HEATING TOTAL     232               345    -113      494
 SINCE 7/1       4528              4806    -278     4927
COOLING TOTAL      18                18       0       20
 SINCE 1/1         18                21      -3       26
..............................................................

WIND (MPH)
AVERAGE WIND SPEED              6.0
HIGHEST WIND SPEED/DIRECTION    29/270    DATE  04/14
HIGHEST GUST SPEED/DIRECTION    45/260    DATE  04/14

SKY COVER
POSSIBLE SUNSHINE (PERCENT)   MM
AVERAGE SKY COVER           0.40
NUMBER OF DAYS FAIR           16
NUMBER OF DAYS PC              8
NUMBER OF DAYS CLOUDY          6

AVERAGE RH (PERCENT)     62

WEATHER CONDITIONS. NUMBER OF DAYS WITH
  0
  5
  0
  0
  0
  0
  3
HAZE                      4

-  INDICATES NEGATIVE NUMBERS.
R  INDICATES RECORD WAS SET OR TIED.
MM INDICATES DATA IS MISSING.
T  INDICATES TRACE AMOUNT.

$$
