000
CXUS54 KMOB 011343
CLMPNS


CLIMATE REPORT
NATIONAL WEATHER SERVICE MOBILE AL
838 AM CDT WED MAY 1 2019

...................................

...THE PENSACOLA CLIMATE SUMMARY FOR THE MONTH OF APRIL 2019...

CLIMATE NORMAL PERIOD 1981 TO 2010
CLIMATE RECORD PERIOD 1879 TO 2019

WEATHER         OBSERVED          NORMAL  DEPART  LAST YEAR`S
                 VALUE   DATE(S)  VALUE   FROM    VALUE  DATE(S)
                                          NORMAL
................................................................
TEMPERATURE (F)
RECORD
 HIGH              96   04/22/1987
 LOW               33   04/04/1987
HIGHEST            88   04/10        MM      MM       85  04/29
LOWEST             46   04/02        MM      MM       43  04/16
AVG. MAXIMUM     76.4              75.7     0.7     76.4
AVG. MINIMUM     58.2              57.6     0.6     56.1
MEAN             67.3              66.6     0.7     66.2
DAYS MAX >= 90      0               0.1    -0.1        0
DAYS MAX <= 32      0               0.0     0.0        0
DAYS MIN <= 32      0               0.0     0.0        0
DAYS MIN <= 0       0               0.0     0.0        0

PRECIPITATION (INCHES)
RECORD
 MAXIMUM           MM   MM
 MINIMUM           MM   MM
TOTALS           5.45              4.32    1.13     3.99
DAILY AVG.       0.18              0.14    0.04     0.13
DAYS >= .01         9               6.5     2.5        5
DAYS >= .10         5               4.4     0.6        5
DAYS >= .50         5               2.5     2.5        4
DAYS >= 1.00        2               1.4     0.6        1
GREATEST
 24 HR. TOTAL    1.67   04/04 TO 04/04

DEGREE_DAYS
HEATING TOTAL      29                51     -22       46
 SINCE 7/1       1139              1535    -396     1193
COOLING TOTAL     105               101       4       91
 SINCE 1/1        221               148      73      253
.................................................................

WIND (MPH)
AVERAGE WIND SPEED              8.9
HIGHEST WIND SPEED/DIRECTION    33/210    DATE  04/19
HIGHEST GUST SPEED/DIRECTION    44/190    DATE  04/19

SKY COVER
POSSIBLE SUNSHINE (PERCENT)   MM
AVERAGE SKY COVER           0.30
NUMBER OF DAYS FAIR           17
NUMBER OF DAYS PC              7
NUMBER OF DAYS CLOUDY          6

AVERAGE RH (PERCENT)     75

WEATHER CONDITIONS. NUMBER OF DAYS WITH
THUNDERSTORM              7     MIXED PRECIP               0
HEAVY RAIN                7     RAIN                       6
LIGHT RAIN               10     FREEZING RAIN              0
LT FREEZING RAIN          0     HAIL                       0
HEAVY SNOW                0     SNOW                       0
LIGHT SNOW                0     SLEET                      0
FOG                      15     FOG W/VIS <= 1/4 MILE      3
HAZE                      1

-  INDICATES NEGATIVE NUMBERS.
R  INDICATES RECORD WAS SET OR TIED.
MM INDICATES DATA IS MISSING.
T  INDICATES TRACE AMOUNT.

$$
