087
CXUS54 KMOB 011604
CLMPNS


CLIMATE REPORT
NATIONAL WEATHER SERVICE MOBILE AL
1056 AM CDT THU AUG 1 2019

...................................

...THE PENSACOLA CLIMATE SUMMARY FOR THE MONTH OF JULY 2019...

CLIMATE NORMAL PERIOD 1981 TO 2010
CLIMATE RECORD PERIOD 1879 TO 2019

WEATHER         OBSERVED          NORMAL  DEPART  LAST YEAR`S
                 VALUE   DATE(S)  VALUE   FROM    VALUE  DATE(S)
                                          NORMAL
................................................................
TEMPERATURE (F)
RECORD
 HIGH             106   07/14/1980
 LOW               61   07/16/1967
                        07/15/1967
HIGHEST           102   07/06                         97  07/21
LOWEST             72   07/30                         74  07/31
                        07/28                             07/25
                        07/25                             07/24
AVG. MAXIMUM     92.2              89.9     2.3     90.7
AVG. MINIMUM     76.0              74.5     1.5     76.5
MEAN             84.1              82.2     1.9     83.6
DAYS MAX >= 90     26              15.6    10.4       22
DAYS MAX <= 32      0               0.0     0.0        0
DAYS MIN <= 32      0               0.0     0.0        0
DAYS MIN <= 0       0               0.0     0.0        0

PRECIPITATION (INCHES)
RECORD
 MAXIMUM        20.36   1979
 MINIMUM         1.69   1970
TOTALS           4.73              7.41   -2.68     6.79
DAILY AVG.       0.15              0.24   -0.09     0.22
DAYS >= .01        16              14.0     2.0       19
DAYS >= .10         8              10.2    -2.2       10
DAYS >= .50         2               4.9    -2.9        6
DAYS >= 1.00        1               2.2    -1.2        2
GREATEST
 24 HR. TOTAL    1.94   07/09 TO 07/09

DEGREE_DAYS
COOLING TOTAL     599               533      66      586
 SINCE 1/1       1780              1446     334     1796
.................................................................

WIND (MPH)
AVERAGE WIND SPEED              7.6
HIGHEST WIND SPEED/DIRECTION    28/150    DATE  07/12
HIGHEST GUST SPEED/DIRECTION    35/140    DATE  07/12

SKY COVER
POSSIBLE SUNSHINE (PERCENT)   MM
AVERAGE SKY COVER           0.20
NUMBER OF DAYS FAIR           22
NUMBER OF DAYS PC              8
NUMBER OF DAYS CLOUDY          1

AVERAGE RH (PERCENT)     76

WEATHER CONDITIONS. NUMBER OF DAYS WITH
THUNDERSTORM             11     MIXED PRECIP               0
HEAVY RAIN                7     RAIN                       9
LIGHT RAIN               19     FREEZING RAIN              0
LT FREEZING RAIN          0     HAIL                       0
HEAVY SNOW                0     SNOW                       0
LIGHT SNOW                0     SLEET                      0
FOG                       7     FOG W/VIS <= 1/4 MILE      0
HAZE                      3

-  INDICATES NEGATIVE NUMBERS.
R  INDICATES RECORD WAS SET OR TIED.
MM INDICATES DATA IS MISSING.
T  INDICATES TRACE AMOUNT.

$$
