000
CXZS50 NSTU 040424
CLMPPG

CLIMATE REPORT
NATIONAL WEATHER SERVICE PAGO PAGO AS
525 PM SST WED JUL 3 2019

.....................................

...THE PAGO PAGO AIRPORT CLIMATE SUMMARY FOR THE MONTH OF JUNE 2019...

CLIMATE NORMAL PERIOD 1981 TO 2010
CLIMATE RECORD PERIOD 1956 TO 2019

WEATHER ITEM      OBSERVED    DATES       NORMAL      DEPARTURE   LAST YEAR
                  VALUE                   VALUE       FROM        VALUE DATE(S)
                                                      NORMAL
.............................................................................
TEMPERATURE (F)
RECORD
 HIGH             95         6/23/1988
 LOW              61         6/26/1965

HIGHEST           88         6/07         85          3           88 6/25
                             6/06                                    6/24
                             6/05                                    6/21
                                                                     6/07
LOWEST            76         6/16         77         -1           73 6/27
                             6/13                                    6/26
                             6/11

AVG. MAXIMUM      85.5                    85.0        0.5         85.8
AVG. MINIMUM      78.8                    76.9        1.9         78.5
MEAN              82.2                    80.9        1.3         82.2
DAYS MAX >= 90     0                       0.1       -0.1          0
DAYS MAX <= 32     0                       0.0        0.0          0
DAYS MIN <= 32     0                       0.0        0.0          0
DAYS MIN <= 0      0                       0.0        0.0          0

PRECIPITATION (INCHES)
RECORD
 MAXIMUM          18.31      1958
 MINIMUM           1.97      1992
TOTALS             6.24                   5.86        0.38         3.24
DAILY AVG.         0.21                   0.20        0.01         0.11
DAYS >= .01       20                     18.4         1.6         18
DAYS >= .10       11                     10.1         0.9          8
DAYS >= .50        3                      3.5        -0.5          3
DAYS >= 1.00       2                      1.4         0.6          1
GREATEST
 24 HR. TOTAL      2.22      6/10 TO 11                  1.14    6/16 TO 17

DEGREE DAYS
HEATING TOTAL     000                     00          00          00
SINCE 1/1         000                     00          00          00
COOLING TOTAL     521                    479          42         521
SINCE 1/1        3267                   3110         157        3156

WIND (MPH)
AVERAGE WIND SPEED 13.7
HIGHEST WIND SPEED/DIRECTION   37/090     DATE 6/29
HIGHEST GUST SPEED/DIRECTION   MM         DATE MM

SKY COVER
POSSIBLE SUNSHINE (PERCENT)    MM
AVERAGE SKY COVER               5.6
NUMBER OF DAYS FAIR             2
NUMBER OF DAYS PC              19
NUMBER OF DAYS CLOUDY           9

AVERAGE RH (PERCENT)           83.4

WEATHER CONDITIONS NUMBER OF DAYS WITH
THUNDERSTORM             1    MIXED PRECIP            00
HEAVY RAIN               8    RAIN                    00
LIGHT RAIN              23    FREEZING RAIN           00
LT FREEZING RAIN        00    HAIL                    00
HEAVY SNOW              00    SNOW                    00
LIGHT SNOW              00    SLEET                   00
FOG                     00    FOG W/VIS <= 1/4 MILE   00
HAZE                    00

- INDICATES NEGATIVE NUMBERS
R INDICATES RECORD WAS SET OR TIED
MM INDICATES DATA IS MISSING
T INDICATES TRACE AMOUNTTEMPERATURE (F)
