000
CXZS50 NSTU 020953
CLMPPG

CLIMATE REPORT
NATIONAL WEATHER SERVICE PAGO PAGO AS
1030 PM SST WED MAY 1 2019

.....................................

...THE PAGO PAGO AIRPORT CLIMATE SUMMARY FOR THE MONTH OF APRIL 2019...

CLIMATE NORMAL PERIOD 1981 TO 2010
CLIMATE RECORD PERIOD 1956 TO 2019

WEATHER ITEM      OBSERVED    DATES       NORMAL      DEPARTURE   LAST YEAR
                  VALUE                   VALUE       FROM        VALUE DATE(S)
                                                      NORMAL
.............................................................................
TEMPERATURE (F)
RECORD
 HIGH             95         4/14/1998
 LOW              68         4/22/1979

HIGHEST           91         4/04         88          3           90 4/02
                             4/13                                    4/30
LOWEST            76         4/27         77         -1           74 4/17


AVG. MAXIMUM      88.2                    88.1        0.1         86.0
AVG. MINIMUM      78.8                    77.5        0.6         77.3
MEAN              83.5                    82.8        0.1         81.7
DAYS MAX >= 90     8                       5.3        2.7          2
DAYS MAX <= 32     0                       0.0        0.0          0
DAYS MIN <= 32     0                       0.0        0.0          0
DAYS MIN <= 0      0                       0.0        0.0          0

PRECIPITATION (INCHES)
RECORD
 MAXIMUM          31.84      1961
 MINIMUM           4.01      1976
TOTALS            10.17                  11.66       -1.49        17.76
DAILY AVG.         0.34                   0.38       -0.04         0.59
DAYS >= .01       22                     23.8        -1.8         24
DAYS >= .10       18                     16.8         1.2         18
DAYS >= .50        5                      6.9        -1.9         11
DAYS >= 1.00       3                      3.2        -0.2          7
GREATEST
 24 HR. TOTAL      3.48      4/26 TO 27                     3.80    4/16 TO 17

DEGREE DAYS
HEATING TOTAL     000                     00          00          00
SINCE 1/1         000                     00          00          00
COOLING TOTAL     563                    552          11         508
SINCE 1/1        2218                   2112         106        2105

WIND (MPH)
AVERAGE WIND SPEED 6.6
HIGHEST WIND SPEED/DIRECTION   24/120     DATE 4/10
HIGHEST GUST SPEED/DIRECTION   MM         DATE MM

SKY COVER
POSSIBLE SUNSHINE (PERCENT)    MM
AVERAGE SKY COVER               5.4
NUMBER OF DAYS FAIR             1
NUMBER OF DAYS PC              20
NUMBER OF DAYS CLOUDY           9

AVERAGE RH (PERCENT)           84.8

WEATHER CONDITIONS NUMBER OF DAYS WITH
THUNDERSTORM             2    MIXED PRECIP            00
HEAVY RAIN              14    RAIN                    00
LIGHT RAIN              18    FREEZING RAIN           00
LT FREEZING RAIN        00    HAIL                    00
HEAVY SNOW              00    SNOW                    00
LIGHT SNOW              00    SLEET                   00
FOG                     00    FOG W/VIS <= 1/4 MILE   00
HAZE                    00

- INDICATES NEGATIVE NUMBERS
R INDICATES RECORD WAS SET OR TIED
MM INDICATES DATA IS MISSING
T INDICATES TRACE AMOUNTTEMPERATURE (F)
