822
CXUS46 KPDT 022200
CLMPSC

...THE PASCO WA CLIMATE SUMMARY FOR THE MONTH OF APRIL 2019...

CLIMATE NORMAL PERIOD 1981 TO 2010
CLIMATE RECORD PERIOD 1942 TO 2019

WEATHER         OBSERVED          NORMAL  DEPART        LAST YEAR`S
                 VALUE   DATE(S)  VALUE   FROM         VALUE DATE(S)
                                          NORMAL

................................................................

TEMPERATURE (F)
RECORD
 HIGH              94   4/30/1998
 LOW               21   4/ 1/2008
HIGHEST            84   4/18                               88   4/27
LOWEST             32   4/30                               28   4/ 3
AVG. MAXIMUM     69.4            67.4       2.0          66.7
AVG. MINUMUM     44.5            38.5       6.0          40.4
MEAN             57.0            53.0       4.0          53.5
DAYS MAX >= 90      0               0         0             0
DAYS MAX <= 32      0              17       -17             0
DAYS MIN <= 32      1              20       -19             5
DAYS MIN <= 0       0              17       -17             5


PRECIPITATION (INCHES)
RECORD
 MAXIMUM          1.35   2018
 MINIMUM          0.15   1946
TOTALS            0.85            0.65      0.20          1.35
DAILY AVG.        0.03            0.02      0.01          0.05
DAYS >=  0.01        9               2         7             9
DAYS >=  0.10        3               1         2             6
DAYS >=  0.50        0               0         0             0
DAYS >=  1.00        0               0         0             0
GREATEST
 24 HR. TOTAL     0.33   4/ 8



SNOWFALL (INCHES)
RECORD
 MAXIMUM           0.0   1945
 MINIMUM           0.0   2018
TOTALS             0.0             0.0       0.0           0.0
SINCE 7/1          0.0             0.0       0.0           4.0
DAYS >=  TRACE                       0         0
DAYS >=  1.0         0               0         0             0
GREATEST
 24 HR. TOTAL      0.0   4/30


DEGREE DAYS
HEATING TOTAL      242             363      -121           337
 SINCE 7/1        5234            4818       416          4674
COOLING TOTAL        8               0         8             1
 SINCE 1/1           8               0         8             1
