000
CXUS56 KPDT 011406 RRA
CLMPSC

CLIMATE REPORT
NATIONAL WEATHER SERVICE PENDLETON OREGON
701 AM PDT THU AUG 01 2019

....................................

...THE PASCO WA CLIMATE SUMMARY FOR THE MONTH OF JULY 2019...

CLIMATE NORMAL PERIOD 1981 TO 2010
CLIMATE RECORD PERIOD 1942 TO 2019

WEATHER         OBSERVED          NORMAL  DEPART        LAST YEAR`S
                 VALUE   DATE(S)  VALUE   FROM         VALUE DATE(S)
                                          NORMAL

................................................................

TEMPERATURE (F)
RECORD
 HIGH             113   7/14/2001
 LOW               42   7/11/2008
HIGHEST           101   7/26                              107   7/13
LOWEST             47   7/20                               49   7/21
AVG. MAXIMUM     90.3            91.3      -1.0          95.5
AVG. MINUMUM     58.0            55.7       2.3          56.2
MEAN             74.2            73.5       0.7          75.8
DAYS MAX >= 90     17               9         8            24
DAYS MAX <= 32      0              18       -18             0
DAYS MIN <= 32      0              18       -18             0
DAYS MIN <= 0       0              18       -18             0

PRECIPITATION (INCHES)
RECORD
 MAXIMUM          0.60   2012
 MINIMUM          0.00   2018
TOTALS            0.06            0.28     -0.22          0.00
DAILY AVG.        0.00            0.01     -0.01          0.00
DAYS >=  0.01        2               1         1             0
DAYS >=  0.10        0               0         0             0
DAYS >=  0.50        0               0         0             0
DAYS >=  1.00        0               0         0             0
GREATEST
 24 HR. TOTAL     0.04   7/23

DEGREE DAYS
HEATING TOTAL        0               1        -1             0
 SINCE 7/1           0               1        -1             0
COOLING TOTAL      291             267        24           344
 SINCE 1/1         561             408       153           556

.............................................................

WIND (MPH)
AVERAGE WIND SPEED                     6.5
RESULTANT WIND SPEED/DIRECTION         4/215
HIGHEST WIND SPEED/DIRECTION          33/220      DATE          07/01
HIGHEST GUST SPEED/DIRECTION          39/220      DATE          07/01


WEATHER CONDITIONS. NUMBER OF DAYS WITH
THUNDERSTORM               1    MIXED PRECIP                           0
HEAVY RAIN                 0    RAIN                                   0
LIGHT RAIN                 5    FREEZING RAIN                          0
LT FREEZING RAIN           0    HAIL                                   0
HEAVY SNOW                 0    SNOW                                   0
LIGHT SNOW                 0    SLEET                                  0
FOG                        0    FOG W/VIS <=1/4 MILE                   0
HAZE                       2

-  INDICATES NEGATIVE NUMBERS.
R  INDICATES RECORD WAS SET OR TIED.
MM INDICATES DATA IS MISSING.
T  INDICATES TRACE AMOUNT.

$$
