000
CXUS51 KALY 010848
CLMPSF


CLIMATE REPORT
NATIONAL WEATHER SERVICE ALBANY NY
445 AM EDT WED MAY 1 2019

...................................

...THE PITTSFIELD MA CLIMATE SUMMARY FOR THE MONTH OF APRIL 2019...

CLIMATE NORMAL PERIOD 1981 TO 2010
CLIMATE RECORD PERIOD 9999 TO 9999

WEATHER         OBSERVED          NORMAL  DEPART  LAST YEAR`S
                 VALUE   DATE(S)  VALUE   FROM    VALUE  DATE(S)
                                          NORMAL
................................................................
TEMPERATURE (F)
HIGHEST            74   04/19                         67  04/24
                                                          04/23
LOWEST             19   04/02                         18  04/06
AVG. MAXIMUM     56.9              54.6     2.3     48.4
AVG. MINIMUM     36.1              33.7     2.4     29.6
MEAN             46.5              44.2     2.3     39.0
DAYS MAX >= 90      0               0.0     0.0        0
DAYS MAX <= 32      0               0.7    -0.7        0
DAYS MIN <= 32     10              13.0    -3.0       23
DAYS MIN <= 0       0               0.0     0.0        0

PRECIPITATION (INCHES)
TOTALS           5.23              3.86    1.37     3.63
DAILY AVG.       0.17              0.13    0.04     0.12
DAYS >= .01        18                                 17
DAYS >= .10        14                                 11
DAYS >= .50         3                                  1
DAYS >= 1.00        0                                  0
GREATEST
 24 HR. TOTAL    0.90   04/26 TO 04/26

DEGREE_DAYS
HEATING TOTAL     546               628     -82      774
 SINCE 7/1       6618              7035    -417     6649
COOLING TOTAL       0                 2      -2        0
 SINCE 1/1          0                 2      -2        0

FREEZE DATES
EARLIEST                        10/04
LATEST                          05/07
.................................................................

WIND (MPH)
AVERAGE WIND SPEED              8.6
HIGHEST WIND SPEED/DIRECTION    37/290    DATE  04/15
HIGHEST GUST SPEED/DIRECTION    51/280    DATE  04/15

SKY COVER
AVERAGE SKY COVER           0.60

AVERAGE RH (PERCENT)     65

-  INDICATES NEGATIVE NUMBERS.
R  INDICATES RECORD WAS SET OR TIED.
MM INDICATES DATA IS MISSING.
T  INDICATES TRACE AMOUNT.

$$
