051
CXUS51 KALY 010813
CLMPSF


CLIMATE REPORT
NATIONAL WEATHER SERVICE ALBANY NY
409 AM EDT MON JUL 1 2019

...................................

...THE PITTSFIELD MA CLIMATE SUMMARY FOR THE MONTH OF JUNE 2019...

CLIMATE NORMAL PERIOD 1981 TO 2010
CLIMATE RECORD PERIOD 9999 TO 9999

WEATHER         OBSERVED          NORMAL  DEPART  LAST YEAR`S
                 VALUE   DATE(S)  VALUE   FROM    VALUE  DATE(S)
                                          NORMAL
................................................................
TEMPERATURE (F)
HIGHEST            85   06/28                         91  06/18
LOWEST             39   06/04                         42  06/26
AVG. MAXIMUM     75.1              74.2     0.9     75.3
AVG. MINIMUM     53.2              52.8     0.4     52.1
MEAN             64.2              63.5     0.7     63.7
DAYS MAX >= 90      0               0.2    -0.2        1
DAYS MAX <= 32      0               0.0     0.0        0
DAYS MIN <= 32      0               0.1    -0.1        0
DAYS MIN <= 0       0               0.0     0.0        0

PRECIPITATION (INCHES)
TOTALS           4.87              4.40    0.47     3.42
DAILY AVG.       0.16              0.15    0.01     0.11
DAYS >= .01        16                                 12
DAYS >= .10        10                                  8
DAYS >= .50         2                                  3
DAYS >= 1.00        2                                  1
GREATEST
 24 HR. TOTAL    1.48   06/25 TO 06/25

DEGREE_DAYS
HEATING TOTAL      67               101     -34       92
 SINCE 7/1       6972              7461    -489     6889
COOLING TOTAL      51                56      -5       60
 SINCE 1/1         57                69     -12       91

FREEZE DATES
EARLIEST      10/18             10/04
LATEST        04/29             05/07
.................................................................

WIND (MPH)
AVERAGE WIND SPEED              5.6
HIGHEST WIND SPEED/DIRECTION    25/280    DATE  06/03
HIGHEST GUST SPEED/DIRECTION    34/270    DATE  06/03

SKY COVER
AVERAGE SKY COVER           0.40

AVERAGE RH (PERCENT)     69

-  INDICATES NEGATIVE NUMBERS.
R  INDICATES RECORD WAS SET OR TIED.
MM INDICATES DATA IS MISSING.
T  INDICATES TRACE AMOUNT.

$$
