000
CXUS56 KSGX 011643
CLMPSP


CLIMATE REPORT
NATIONAL WEATHER SERVICE SAN DIEGO, CA
943 AM PDT WED MAY 1 2019

...................................

...THE PALM SPRINGS INTL AIRPORT CA CLIMATE SUMMARY FOR THE MONTH OF APRIL 2019...

CLIMATE NORMAL PERIOD 1981 TO 2010
CLIMATE RECORD PERIOD 1893 TO 2019

WEATHER         OBSERVED          NORMAL  DEPART  LAST YEAR`S
                 VALUE   DATE(S)  VALUE   FROM    VALUE  DATE(S)
                                          NORMAL
................................................................
TEMPERATURE (F)
RECORD
 HIGH             112   04/07/1989
 LOW               34   04/19/1968
HIGHEST           104   04/26        88      16      101  04/25
                                                          04/22
LOWEST             55   04/06        56      -1       53  04/20
                        04/03
AVG. MAXIMUM     90.2              84.7     5.5     91.6
AVG. MINIMUM     61.6              57.2     4.4     62.3
MEAN             75.9              70.9     5.0     76.9
DAYS MAX >= 90     14               8.8     5.2       19
DAYS MAX <= 32      0               0.0     0.0        0
DAYS MIN <= 32      0               0.0     0.0        0

PRECIPITATION (INCHES)
RECORD
 MAXIMUM         2.25   1942
 MINIMUM         0.00   2018
                        2017
                        2013
TOTALS              T              0.11   -0.11     0.00
DAILY AVG.          T              0.00    0.00     0.00
DAYS >= .01         0                MM      MM        0
DAYS >= .10         0                MM      MM        0
DAYS >= .50         0                MM      MM        0
DAYS >= 1.00        0                MM      MM        0
GREATEST
 24 HR. TOTAL       T   04/29 TO 04/29           03/31 TO 04/01
                        04/28 TO 04/28                    04/01 TO 04/01EATHER         OBSERVED          NORMAL  DEPART  LAST YEAR`S
                                                          04/01 TO 04/02EATHER         OBSERVED          NORMAL  DEPART  LAST YEAR`S
 STORM TOTAL       MM                                 MM
 (MM/DD(HH))            MM                    04/01(00) TO 04/01(00)
                                                 04/01(00) TO 04/01(00)2EATHER         OBSERVED          NORMAL  DEPART  LAST YEAR`S
                                                 04/02(00) TO 04/02(00)2EATHER         OBSERVED          NORMAL  DEPART  LAST YEAR`S

DEGREE_DAYS
HEATING TOTAL       0                21     -21        0
 SINCE 7/1        800               872     -72      335
COOLING TOTAL     335               200     135      366
 SINCE 1/1        422               320     102      600

FREEZE DATES
RECORD
 EARLIEST     10/24/1951
 LATEST       03/13/1956
EARLIEST                        12/16
LATEST                          01/29
.................................................................

WIND (MPH)
AVERAGE WIND SPEED              8.3
RESULTANT WIND SPEED/DIRECTION   6/324
HIGHEST WIND SPEED/DIRECTION    37/320    DATE  04/09
HIGHEST GUST SPEED/DIRECTION    48/320    DATE  04/09

SKY COVER
POSSIBLE SUNSHINE (PERCENT)   MM
AVERAGE SKY COVER           0.00
NUMBER OF DAYS FAIR           30
NUMBER OF DAYS PC              0
NUMBER OF DAYS CLOUDY          0

AVERAGE RH (PERCENT)     30

WEATHER CONDITIONS. NUMBER OF DAYS WITH
  0
  0
  0
  0
  0
  0
  0
HAZE                      2

-  INDICATES NEGATIVE NUMBERS.
R  INDICATES RECORD WAS SET OR TIED.
MM INDICATES DATA IS MISSING.
T  INDICATES TRACE AMOUNT.

$$
