000
CXUS56 KSGX 011759
CLMPSP


CLIMATE REPORT
NATIONAL WEATHER SERVICE SAN DIEGO, CA
1058 AM PDT MON JUL 1 2019

...................................

...THE PALM SPRINGS INTL AIRPORT CA CLIMATE SUMMARY FOR THE MONTH OF JUNE 2019...

CLIMATE NORMAL PERIOD 1981 TO 2010
CLIMATE RECORD PERIOD 1893 TO 2019

WEATHER         OBSERVED          NORMAL  DEPART  LAST YEAR`S
                 VALUE   DATE(S)  VALUE   FROM    VALUE  DATE(S)
                                          NORMAL
................................................................
TEMPERATURE (F)
RECORD
 HIGH             122   06/25/2017
                        06/24/2017
                        06/20/2017
 LOW               44   06/10/1976
HIGHEST           116   06/12       104      12      116  06/22
LOWEST             65   06/01        70      -5       64  06/18
AVG. MAXIMUM    103.7             101.8     1.9    106.2
AVG. MINIMUM     73.4              71.3     2.1     73.8
MEAN             88.6              86.5     2.1     90.0
DAYS MAX >= 90     30              28.0     2.0       30
DAYS MAX <= 32      0               0.0     0.0        0
DAYS MIN <= 32      0               0.0     0.0        0

PRECIPITATION (INCHES)
RECORD
 MAXIMUM         2.80   1948
 MINIMUM         0.00   2018
                        2017
                        2016
TOTALS           0.00R             0.06   -0.06     0.00
DAILY AVG.       0.00              0.00    0.00     0.00
DAYS >= .01         0                MM      MM        0
DAYS >= .10         0                MM      MM        0
DAYS >= .50         0                MM      MM        0
DAYS >= 1.00        0                MM      MM        0
GREATEST
 24 HR. TOTAL       T   05/31 TO 06/01           06/30 TO 06/30
                                                          06/29 TO 06/29EATHER         OBSERVED          NORMAL  DEPART  LAST YEAR`S
                                                          06/28 TO 06/28EATHER         OBSERVED          NORMAL  DEPART  LAST YEAR`S
 STORM TOTAL       MM                                 MM
 (MM/DD(HH))            MM                    06/30(00) TO 06/30(00)
                                                 06/29(00) TO 06/29(00)8EATHER         OBSERVED          NORMAL  DEPART  LAST YEAR`S
                                                 06/28(00) TO 06/28(00)8EATHER         OBSERVED          NORMAL  DEPART  LAST YEAR`S

DEGREE_DAYS
HEATING TOTAL       0                 0       0        0
 SINCE 7/1        800               874     -74      335
COOLING TOTAL     715               647      68      757
 SINCE 1/1       1446              1406      40     1827

FREEZE DATES
RECORD
 EARLIEST     10/24/1951
 LATEST       03/13/1956
EARLIEST                        12/16
LATEST        01/14             01/29
.................................................................

WIND (MPH)
AVERAGE WIND SPEED              7.7
RESULTANT WIND SPEED/DIRECTION   5/325
HIGHEST WIND SPEED/DIRECTION    35/320    DATE  06/20
HIGHEST GUST SPEED/DIRECTION    47/320    DATE  06/21

SKY COVER
POSSIBLE SUNSHINE (PERCENT)   MM
AVERAGE SKY COVER           0.00
NUMBER OF DAYS FAIR           30
NUMBER OF DAYS PC              0
NUMBER OF DAYS CLOUDY          0

AVERAGE RH (PERCENT)     31

WEATHER CONDITIONS. NUMBER OF DAYS WITH
  0
  0
  0
  0
  0
  0
  0
HAZE                      1

-  INDICATES NEGATIVE NUMBERS.
R  INDICATES RECORD WAS SET OR TIED.
MM INDICATES DATA IS MISSING.
T  INDICATES TRACE AMOUNT.

$$
