000
CXUS56 KOTX 011048 CCA
CLMPUW

CLIMATE REPORT
NATIONAL WEATHER SERVICE SPOKANE, WA
336 AM PDT THU AUG 1 2019

...................................

...THE PULLMAN-MOSCOW  AIRPORT CLIMATE SUMMARY FOR THE MONTH OF JULY 2019...

CLIMATE NORMAL PERIOD 1981 TO 2010
CLIMATE RECORD PERIOD 9999 TO 9999

WEATHER         OBSERVED          NORMAL  DEPART  LAST YEAR`S
                 VALUE   DATE(S)  VALUE   FROM    VALUE  DATE(S)
                                          NORMAL
................................................................
TEMPERATURE (F)
RECORD
 HIGH             104   07/18/1960
 LOW               32   07/31/1945
HIGHEST            93   07/23        MM      MM       96  07/30
                        07/22
LOWEST             40   07/20        MM      MM       43  07/03
                                                          07/02
AVG. MAXIMUM     80.9              81.7    -0.8     85.4
AVG. MINIMUM     50.2              49.5     0.7     51.6
MEAN             65.6              65.6     0.0     68.5
DAYS MAX >= 90      3               4.3    -1.3       13
DAYS MAX <= 32      0               0.0     0.0        0
DAYS MIN <= 32      0               0.0     0.0        0
DAYS MIN <= 0       0               0.0     0.0        0

PRECIPITATION (INCHES)
RECORD
 MAXIMUM         1.74   1983
 MINIMUM            T   1969
TOTALS           0.09              0.69   -0.60     0.05
DAILY AVG.       0.00              0.02   -0.02     0.00
DAYS >= .01         6                MM      MM        1
DAYS >= .10         0                MM      MM        0
DAYS >= .50         0                MM      MM        0
DAYS >= 1.00        0                MM      MM        0
GREATEST
 24 HR. TOTAL    0.03   07/23 TO 07/23              0.05

DEGREE_DAYS
HEATING TOTAL      41                64     -23       28
 SINCE 7/1         41                64     -23       28
COOLING TOTAL      66                82     -16      146
 SINCE 1/1        101               100       1      167
.................................................................

WIND (MPH)
AVERAGE WIND SPEED              4.7
HIGHEST WIND SPEED/DIRECTION    31/230    DATE  07/23
HIGHEST GUST SPEED/DIRECTION    37/220    DATE  07/23

SKY COVER
POSSIBLE SUNSHINE (PERCENT)   MM
AVERAGE SKY COVER           0.10
NUMBER OF DAYS FAIR           30
NUMBER OF DAYS PC              1
NUMBER OF DAYS CLOUDY          0

AVERAGE RH (PERCENT)     51

WEATHER CONDITIONS. NUMBER OF DAYS WITH
THUNDERSTORM              2     MIXED PRECIP               0
HEAVY RAIN                0     RAIN                       1
LIGHT RAIN               10     FREEZING RAIN              0
LT FREEZING RAIN          0     HAIL                       0
HEAVY SNOW                0     SNOW                       0
LIGHT SNOW                0     SLEET                      0
FOG                       1     FOG W/VIS <= 1/4 MILE      0
HAZE                      2

-  INDICATES NEGATIVE NUMBERS.
R  INDICATES RECORD WAS SET OR TIED.
MM INDICATES DATA IS MISSING.
T  INDICATES TRACE AMOUNT.

$$
