000
CXUS56 KOTX 102129 CCA
CLMPUW

CLIMATE REPORT
NATIONAL WEATHER SERVICE SPOKANE, WA
337 AM PDT WED MAY 1 2019

...................................

...THE PULLMAN-MOSCOW  AIRPORT CLIMATE SUMMARY FOR THE MONTH OF APRIL 2019...

CLIMATE NORMAL PERIOD 1981 TO 2010
CLIMATE RECORD PERIOD 9999 TO 9999

WEATHER         OBSERVED          NORMAL  DEPART  LAST YEAR`S
                 VALUE   DATE(S)  VALUE   FROM    VALUE  DATE(S)
                                          NORMAL
................................................................
TEMPERATURE (F)
RECORD
 HIGH              88   04/30/1987
 LOW               13   04/19/1966
HIGHEST            71   04/19        MM      MM       84  04/27
LOWEST             29   04/30        MM      MM       27  04/02
AVG. MAXIMUM     56.5              56.4     0.1     56.1
AVG. MINIMUM     39.6              35.7     3.9     37.0
MEAN             48.0              46.1     1.9     46.5
DAYS MAX >= 90      0               0.0     0.0        0
DAYS MAX <= 32      0               0.0     0.0        0
DAYS MIN <= 32      3               8.7    -5.7        8
DAYS MIN <= 0       0               0.0     0.0        0

PRECIPITATION (INCHES)
RECORD
 MAXIMUM         5.04   1958
 MINIMUM         0.16   1956
TOTALS           3.65              1.56    2.09     2.38
DAILY AVG.       0.12              0.05    0.07     0.08
DAYS >= .01        15                MM      MM       15
DAYS >= .10         8                MM      MM        9
DAYS >= .50         3                MM      MM        0
DAYS >= 1.00        1                MM      MM        0
GREATEST
 24 HR. TOTAL    1.21   04/09 TO 04/09              0.36

DEGREE_DAYS
HEATING TOTAL     499               568     -69      544
 SINCE 7/1       6136              6027     109     5685
COOLING TOTAL       0                 0       0        0
 SINCE 1/1          0                 0       0        0
.................................................................

WIND (MPH)
AVERAGE WIND SPEED              8.6
HIGHEST WIND SPEED/DIRECTION    32/280    DATE  04/27
HIGHEST GUST SPEED/DIRECTION    42/280    DATE  04/27

SKY COVER
POSSIBLE SUNSHINE (PERCENT)   MM
AVERAGE SKY COVER           0.60
NUMBER OF DAYS FAIR            9
NUMBER OF DAYS PC             10
NUMBER OF DAYS CLOUDY         11

AVERAGE RH (PERCENT)     65

WEATHER CONDITIONS. NUMBER OF DAYS WITH
THUNDERSTORM              1     MIXED PRECIP               0
HEAVY RAIN                2     RAIN                       5
LIGHT RAIN               17     FREEZING RAIN              0
LT FREEZING RAIN          0     HAIL                       0
HEAVY SNOW                0     SNOW                       0
LIGHT SNOW                0     SLEET                      0
FOG                      11     FOG W/VIS <= 1/4 MILE      1
HAZE                      2

-  INDICATES NEGATIVE NUMBERS.
R  INDICATES RECORD WAS SET OR TIED.
MM INDICATES DATA IS MISSING.
T  INDICATES TRACE AMOUNT.

$$
