000
CXUS51 KBOX 021334
CLMPVD


CLIMATE REPORT
NATIONAL WEATHER SERVICE BOSTON/NORTON MA
928 AM EDT THU MAY 2 2019

...................................

...THE PROVIDENCE RI CLIMATE SUMMARY FOR THE MONTH OF APRIL 2019...

CLIMATE NORMAL PERIOD 1981 TO 2010
CLIMATE RECORD PERIOD 1904 TO 2019

WEATHER         OBSERVED          NORMAL  DEPART  LAST YEAR`S
                 VALUE   DATE(S)  VALUE   FROM    VALUE
                                          NORMAL
.............................................................
TEMPERATURE (F)
RECORD
 HIGH              98   04/19/1976
 LOW               11   04/01/1923
HIGHEST            73   04/19
LOWEST             24   04/02
AVG. MAXIMUM     59.8              58.6     1.2
AVG. MINIMUM     41.5              39.6     1.9
MEAN             50.7              49.1     1.6
DAYS MAX >= 90      0               0.1    -0.1
DAYS MAX <= 32      0               0.0     0.0
DAYS MIN <= 32      4               3.4     0.6
DAYS MIN <= 0       0               0.0     0.0

PRECIPITATION (INCHES)
RECORD
 MAXIMUM        12.74   1983
 MINIMUM         0.72   1942
TOTALS           6.81              4.36    2.45
DAYS >= .01        21              11.3     9.7
DAYS >= .10        15               6.8     8.2
DAYS >= .50         5               3.0     2.0
DAYS >= 1.00        1               1.3    -0.3
GREATEST
 24 HR. TOTAL    1.90   04/26 TO 04/27

SNOWFALL (INCHES)
RECORDS
 TOTAL            9.6   1907
 SNOW DEPTH        10   04/01/1970
TOTALS              T               0.6    -0.6
SINCE 7/1        29.4              33.8    -4.4
SNOWDEPTH AVG.      0
DAYS >= 1.0         0               0.2    -0.2
GREATEST
 SNOW DEPTH         0   MM
 24 HR TOTAL        T   04/05 TO 04/05

DEGREE_DAYS
HEATING TOTAL     425               479     -54
 SINCE 7/1       5340              5350     -10
COOLING TOTAL       2                 2       0
 SINCE 1/1          2                 2       0
..............................................................

WIND (MPH)
AVERAGE WIND SPEED              10.4
RESULTANT WIND SPEED/DIRECTION   4/257
HIGHEST WIND SPEED/DIRECTION    35/220    DATE  04/19
HIGHEST GUST SPEED/DIRECTION    44/250    DATE  04/19

SKY COVER
POSSIBLE SUNSHINE (PERCENT)   MM
AVERAGE SKY COVER           0.70
NUMBER OF DAYS FAIR            4
NUMBER OF DAYS PC             11
NUMBER OF DAYS CLOUDY         15

AVERAGE RH (PERCENT)     69

WEATHER CONDITIONS. NUMBER OF DAYS WITH
THUNDERSTORM              2     MIXED PRECIP               0
HEAVY RAIN                5     RAIN                      14
LIGHT RAIN               22     FREEZING RAIN              0
LT FREEZING RAIN          0     HAIL                       0
HEAVY SNOW                0     SNOW                       0
LIGHT SNOW                1     SLEET                      1
FOG                      20     FOG W/VIS <= 1/4 MILE      2
HAZE                      1

-  INDICATES NEGATIVE NUMBERS.
R  INDICATES RECORD WAS SET OR TIED.
MM INDICATES DATA IS MISSING.
T  INDICATES TRACE AMOUNT.

$$

SIPPRELL
