000
CXUS51 KBOX 091601
CLMPVD


CLIMATE REPORT
NATIONAL WEATHER SERVICE BOSTON/NORTON MA
1155 AM EDT FRI AUG 9 2019

...................................

...THE PROVIDENCE RI CLIMATE SUMMARY FOR THE MONTH OF JULY 2019...

CLIMATE NORMAL PERIOD 1981 TO 2010
CLIMATE RECORD PERIOD 1904 TO 2019

WEATHER         OBSERVED          NORMAL  DEPART  LAST YEAR`S
                 VALUE   DATE(S)  VALUE   FROM    VALUE
                                          NORMAL
.............................................................
TEMPERATURE (F)
RECORD
 HIGH             102   07/06/2010
                        07/21/1991
 LOW               48   07/01/1988
HIGHEST            96   07/21
LOWEST             60   07/08
AVG. MAXIMUM     86.0              82.8     3.2
AVG. MINIMUM     67.2              64.2     3.0
MEAN             76.6              73.5     3.1
DAYS MAX >= 90      9               4.1     4.9
DAYS MAX <= 32      0               0.0     0.0
DAYS MIN <= 32      0               0.0     0.0
DAYS MIN <= 0       0               0.0     0.0

PRECIPITATION (INCHES)
RECORD
 MAXIMUM        10.52   2009
 MINIMUM         0.32   1952
TOTALS           3.47              3.29    0.18
DAYS >= .01         8               9.4    -1.4
DAYS >= .10         5               6.0    -1.0
DAYS >= .50         3               2.1     0.9
DAYS >= 1.00        2               0.8     1.2
GREATEST
 24 HR. TOTAL    1.81   07/22 TO 07/23

SNOWFALL (INCHES)
RECORDS
 TOTAL            0.0   MM
 SNOW DEPTH         0   MM
TOTALS            0.0               0.0     0.0
SINCE 7/1         0.0               0.0     0.0
SNOWDEPTH AVG.      0
DAYS >= 1.0         0               0.0     0.0
GREATEST
 SNOW DEPTH         0   MM
 24 HR TOTAL      0.0   07/31 TO 07/31

DEGREE_DAYS
HEATING TOTAL       0                 3      -3
 SINCE 7/1          0                 3      -3
COOLING TOTAL     366               266     100
 SINCE 1/1        520               424      96
..............................................................

WIND (MPH)
AVERAGE WIND SPEED              7.3
RESULTANT WIND SPEED/DIRECTION   2/229
HIGHEST WIND SPEED/DIRECTION    29/060    DATE  07/22
HIGHEST GUST SPEED/DIRECTION    47/020    DATE  07/23

SKY COVER
POSSIBLE SUNSHINE (PERCENT)   MM
AVERAGE SKY COVER           0.50
NUMBER OF DAYS FAIR            7
NUMBER OF DAYS PC             20
NUMBER OF DAYS CLOUDY          4

AVERAGE RH (PERCENT)     72

WEATHER CONDITIONS. NUMBER OF DAYS WITH
THUNDERSTORM              4     MIXED PRECIP               0
HEAVY RAIN                4     RAIN                       5
LIGHT RAIN                8     FREEZING RAIN              0
LT FREEZING RAIN          0     HAIL                       0
HEAVY SNOW                0     SNOW                       0
LIGHT SNOW                0     SLEET                      0
FOG                      11     FOG W/VIS <= 1/4 MILE      0
HAZE                      8

-  INDICATES NEGATIVE NUMBERS.
R  INDICATES RECORD WAS SET OR TIED.
MM INDICATES DATA IS MISSING.
T  INDICATES TRACE AMOUNT.

$$

SIPPRELL
