946
CXUS53 KLOT 011344
CLMPWK


CLIMATE REPORT
NATIONAL WEATHER SERVICE CHICAGO IL
829 AM CDT THU AUG 1 2019

...................................

...THE CHICAGO EXECUTIVE CLIMATE SUMMARY FOR THE MONTH OF JULY 2019...

CLIMATE NORMAL PERIOD 1981 TO 2010
CLIMATE RECORD PERIOD 1996 TO 2019

WEATHER         OBSERVED          NORMAL  DEPART  LAST YEAR`S
                 VALUE   DATE(S)  VALUE   FROM    VALUE
                                          NORMAL
.............................................................
TEMPERATURE (F)
RECORD
 HIGH             104   07/06/2012
 LOW               50   07/02/2015
                        07/02/2001
                        07/24/2000
HIGHEST            97   07/20        MM      MM       94
LOWEST             59   07/12        MM      MM       57
AVG. MAXIMUM     87.1              83.3     3.8     84.8
AVG. MINIMUM     68.1              63.8     4.3     65.9
MEAN             77.6              73.6     4.0     75.4

PRECIPITATION (INCHES)
RECORD
 MAXIMUM         8.13   2011
 MINIMUM            T   2002
TOTALS           6.55              3.62    2.93     1.34

DEGREE_DAYS
HEATING TOTAL       0                 4      -4        0
 SINCE 7/1          0                 4      -4        0
COOLING TOTAL     399               269     130      329
 SINCE 1/1        554               465      89      650
..............................................................

WIND (MPH)
AVERAGE WIND SPEED              6.9
HIGHEST WIND SPEED/DIRECTION    28/170    DATE  07/18
HIGHEST GUST SPEED/DIRECTION    38/180    DATE  07/18

AVERAGE RH (PERCENT)     62


-  INDICATES NEGATIVE NUMBERS.
R  INDICATES RECORD WAS SET OR TIED.
MM INDICATES DATA IS MISSING.
T  INDICATES TRACE AMOUNT.

$$
