000
CXUS51 KGYX 041950
CLMPWM

PWMCLMPWM 000
TTAA00 KGYX 031440


CLIMATE REPORT
NATIONAL WEATHER SERVICE GRAY ME
350 PM EDT THU JUL 4 2019

...................................

...THE PORTLAND ME CLIMATE SUMMARY FOR THE MONTH OF JUNE 2019...

CLIMATE NORMAL PERIOD 1981 TO 2010
CLIMATE RECORD PERIOD 1941 TO 2019 /FOR TEMPERATURES/
CLIMATE RECORD PERIOD 1871 TO 2019 /FOR PRECIPITATION/
CLIMATE RECORD PERIOD 1882 TO 2019 /FOR SNOWFALL/

WEATHER         OBSERVED          NORMAL  DEPART  LAST YEAR`S
                 VALUE   DATE(S)  VALUE   FROM    VALUE  DATE(S)
                                          NORMAL
................................................................
TEMPERATURE (F)
RECORD
 HIGH              98   06/28/1991
 LOW               33   06/04/1944
HIGHEST            84   06/29        89      -5       91  06/18
                        06/23
LOWEST             47   06/09        43       4       46  06/09
                        06/04                             06/05
                                                          06/04
AVG. MAXIMUM     71.7              73.2    -1.5     73.7
AVG. MINIMUM     53.8              53.6     0.2     53.2
MEAN             62.8              63.4    -0.6     63.5
DAYS MAX >= 90      0               0.7    -0.7        1
DAYS MAX <= 32      0               0.0     0.0        0
DAYS MIN <= 32      0               0.0     0.0        0
DAYS MIN <= 0       0               0.0     0.0        0

PRECIPITATION (INCHES)
RECORD
 MAXIMUM        10.86   1917
 MINIMUM         0.53   1908
TOTALS           5.85              3.79    2.06     3.30
DAILY AVG.       0.19              0.13    0.06     0.11
DAYS >= .01        15              11.8     3.2       11
DAYS >= .10        11               6.8     4.2        4
DAYS >= .50         5               2.3     2.7        2
DAYS >= 1.00        1               0.9     0.1        2
GREATEST
 24 HR. TOTAL    1.38   06/20 TO 06/21

SNOWFALL (INCHES)
RECORDS
 TOTAL            0.0
TOTALS            0.0               0.0     0.0      0.0
SINCE 7/1        66.0              61.9     4.1     91.9
SNOWDEPTH AVG.      0
DAYS >= TRACE       0               0.0     0.0
DAYS >= 1.0         0               0.0     0.0
GREATEST
 SNOW DEPTH         0
 24 HR TOTAL      0.0

DEGREE_DAYS
HEATING TOTAL      93               106     -13       95
 SINCE 7/1       7071              7107     -36     6693
COOLING TOTAL      33                57     -24       55
 SINCE 1/1         36                64     -28       70
.................................................................

WIND (MPH)
AVERAGE WIND SPEED              6.7
HIGHEST WIND SPEED/DIRECTION    28/320    DATE  06/22
HIGHEST GUST SPEED/DIRECTION    40/330    DATE  06/22

SKY COVER
AVERAGE SKY COVER           0.60

AVERAGE RH (PERCENT)     72

-  INDICATES NEGATIVE NUMBERS.
R  INDICATES RECORD WAS SET OR TIED.
MM INDICATES DATA IS MISSING.
T  INDICATES TRACE AMOUNT.

&&

ALTHOUGH JUNE MARKS THE BEGINNING OF METEOROLOGICAL SUMMER, IN THIS
PART OF NEW ENGLAND SPRING WEATHER OFTEN LASTS THROUGH MUCH OF JUNE,
AND THAT WAS THE CASE AGAIN THIS YEAR. AN ACTIVE JET STREAM PATTERN
BROUGHT FREQUENT STORM SYSTEMS INTO THE REGION EACH WITH RENEWED
RAINFALL. THE MOST SIGNIFICANT OF THESE MOVED THROUGH ON JUNE 20 AND
21 WHEN MORE THAN AN INCH OF RAIN FELL. SOME WARMER WEATHER MADE AN
APPEARANCE LATE IN THE MONTH WITH THE TEMPERATURE TOPPING 80 DEGREES
ON 4 DAYS.

THE AVERAGE TEMPERATURE FOR THE MONTH WAS 62.8 DEGREES WHICH WAS 0.6
DEGREES BELOW NORMAL. HIGH TEMPERATURES WERE WELL BELOW NORMAL WHILE
LOW TEMPERATURES WERE SLIGHTLY ABOVE NORMAL, INDICATIVE OF A CLOUDY
AND WET WEATHER PATTERN. THE COOLEST JUNE ON RECORD WAS IN 1958 WHEN
THE AVERAGE TEMPERATURE WAS ONLY 58.1 DEGREES. THE WARMEST WAS IN
2001 WHEN IT WAS 67.1 DEGREES.

A TOTAL OF 5.85 INCHES OF RAIN FELL WHICH WAS 2.06 INCHES ABOVE
NORMAL. THE HEAVIEST RAIN CAME ON JUNE 20 AND 21 WHEN A STORM SYSTEM
BROUGHT 1.28 INCHES OF RAIN. THE WETTEST JUNE WAS IN 1917 WHEN 10.86
INCHES OF RAIN FELL. THE DRIEST WAS IN 1908 WHEN ONLY 0.53 INCHES
WAS RECORDED.

THE FOLLOWING RECORDS WERE SET OR TIED IN JUNE 2019...
DATE  RECORD                                PREVIOUS
3     3    - SMALLEST TEMPERATURE RANGE     4 IN 1990, 1944

$$

KIMBLE
