445
CXUS51 KGYX 040916
CLMPWM

PWMCLMPWM 000
TTAA00 KGYX 030908


CLIMATE REPORT
NATIONAL WEATHER SERVICE GRAY ME
516 AM EDT SAT MAY 4 2019

...................................

...THE PORTLAND ME CLIMATE SUMMARY FOR THE MONTH OF APRIL 2019...

CLIMATE NORMAL PERIOD 1981 TO 2010
CLIMATE RECORD PERIOD 1941 TO 2019 /FOR TEMPERATURES/
CLIMATE RECORD PERIOD 1871 TO 2019 /FOR PRECIPITATION/
CLIMATE RECORD PERIOD 1882 TO 2019 /FOR SNOWFALL/

WEATHER         OBSERVED          NORMAL  DEPART  LAST YEAR`S
                 VALUE   DATE(S)  VALUE   FROM    VALUE  DATE(S)
                                          NORMAL
................................................................
TEMPERATURE (F)
RECORD
 HIGH              92   04/28/2009
 LOW                8   04/04/1954
HIGHEST            73   04/13        75      -2       67  04/26
LOWEST             24   04/02        24       0       23  04/06
AVG. MAXIMUM     53.5              53.3     0.2     50.2
AVG. MINIMUM     35.9              34.7     1.2     33.4
MEAN             44.7              44.0     0.7     41.8
DAYS MAX >= 90      0               0.0     0.0        0
DAYS MAX <= 32      0               0.2    -0.2        0
DAYS MIN <= 32     11              10.4     0.6       16
DAYS MIN <= 0       0               0.0     0.0        0

PRECIPITATION (INCHES)
RECORD
 MAXIMUM         9.90   1973
 MINIMUM         0.28   1999
TOTALS           5.19              4.32    0.87     5.83
DAILY AVG.       0.17              0.14    0.03     0.19
DAYS >= .01        17              11.2     5.8       14
DAYS >= .10        11               7.0     4.0        9
DAYS >= .50         4               2.9     1.1        3
DAYS >= 1.00        1               1.0     0.0        2
GREATEST
 24 HR. TOTAL    1.22   04/27

SNOWFALL (INCHES)
RECORDS
 TOTAL           20.5   1906
TOTALS            3.8               2.8     1.0      0.7
SINCE 7/1        66.0              61.9     4.1     91.9
SNOWDEPTH AVG.      0
DAYS >= TRACE       5               1.0     4.0
DAYS >= 1.0         1               0.6     0.4
GREATEST
 SNOW DEPTH         3   04/10
                        04/09
 24 HR TOTAL      3.0   04/08

DEGREE_DAYS
HEATING TOTAL     602               630     -28      690
 SINCE 7/1       6610              6648     -38     6350
COOLING TOTAL       0                 0       0        0
 SINCE 1/1          0                 0       0        0
.................................................................

WIND (MPH)
AVERAGE WIND SPEED              8.6
HIGHEST WIND SPEED/DIRECTION    37/300    DATE  04/16
HIGHEST GUST SPEED/DIRECTION    47/300    DATE  04/16

SKY COVER
AVERAGE SKY COVER           0.60

AVERAGE RH (PERCENT)     68

-  INDICATES NEGATIVE NUMBERS.
R  INDICATES RECORD WAS SET OR TIED.
MM INDICATES DATA IS MISSING.
T  INDICATES TRACE AMOUNT.

&&

APRIL BEGAN WITH MOSTLY COOL DAYS WITH RAIN AND SNOW SHOWERS,
BRIEFLY INTERRUPTED BY A FEW WARM DAYS NEAR 60 DEGREES. SNOW WAS
OBSERVED ON 5 DAYS IN THE FIRST PART OF APRIL, WITH THE ONLY
MEASURABLE SNOW COMING ON APRIL 8 AND 9 WHEN 3.8 INCHES WAS
MEASURED. THE SNOW STUCK AROUND FOR A FEW DAYS BEFORE THE WEATHER
PATTERN SHIFTED TOWARD WARMER TEMPERATURES FOR THE MIDDLE OF THE
MONTH. THE TEMPERATURE TOPPED 70 DEGREES TWICE DURING THIS PERIOD,
ON THE 13TH AND AGAIN ON THE 19TH. BUT THEN IT TURNED COOL AND
SHOWERY AGAIN TO END THE MONTH. RAIN WAS OBSERVED ON 9 OUT OF 10
DAYS FROM THE 18TH THRU THE 27TH, WITH THE HEAVIEST RAIN FALLING ON
THE 26TH AND 27TH WHEN MORE THAN 2 INCHES WAS RECORDED. ALTHOUGH THE
AVERAGE TEMPERATURE FOR THE MONTH WAS ABOVE NORMAL, THE MONTH WAS
REMEMBERED FOR THE FREQUENT CLOUDY, COOL, AND WET DAYS.

THE AVERAGE TEMPERATURE FOR THE MONTH WAS 44.7 DEGREES WHICH WAS 0.7
DEGREES ABOVE NORMAL. THE WARMEST APRIL WAS IN 2010 WHEN THE AVERAGE
TEMPERATURE WAS 48.8 DEGREES. THE COOLEST WAS IN 1943 WHEN IT WAS
38.4 DEGREES.

A TOTAL OF 5.19 INCHES OF PRECIPITATION FELL WHICH WAS 0.87 INCHES
ABOVE NORMAL. THIS MARKED THE 4TH OUT OF THE LAST 5 YEARS WITH MORE
THAN 5 INCHES OF RAIN IN APRIL. THE HEAVIEST PRECIPITATION FELL ON
THE 26TH AND 27TH WHEN 2.07 INCHES OF RAIN FELL. THE WETTEST APRIL
WAS IN 1973 WHEN 9.90 INCHES OF PRECIPITATION FELL. THE DRIEST WAS
IN 1999 WHEN ONLY 0.28 INCHES WAS RECORDED.

MEASURABLE PRECIPITATION FELL ON 17 DAYS IN APRIL, MORE THAN HALF OF
THE DAYS IN THE MONTH. WHILE THIS DID NOT BREAK THE RECORD OF 19
DAYS SET IN 1933, IT WAS THE MOST IN 40 YEARS AND RANKS AS THE 6TH
MOST ON RECORD FOR APRIL. THE FOLLOWING TABLE LISTS THE MOST RAINY
DAYS IN APRIL.

MOST APRIL DAYS WITH 0.01 INCH OR MORE OF PRECIPITATION (SINCE 1871)...
RANK  DAYS  YEAR
1      19   1933
2      18   1979
       18   1951
       18   1901
       18   1878
6      17   2019  <===
7      16   2000*
* MOST RECENT OF SEVERAL OCCURRENCES

A TOTAL OF 3.8 INCHES OF SNOW FELL WHICH WAS 1.0 INCHES ABOVE
NORMAL. ALL OF THIS SNOW FELL ON THE 8TH AND 9TH. SNOWFALL IN APRIL
IS USUALLY HIT OR MISS. THE SNOWIEST APRIL WAS IN 1906 WHEN 20.5
INCHES WAS RECORDED. THERE HAVE BEEN 10 APRILS IN WHICH NO SNOW
FELL, MOST RECENTLY IN 2009. THERE HAVE BEEN AN ADDITIONAL 29 APRILS
WHICH RECORDED ONLY A TRACE OF SNOWFALL, MOST RECENTLY IN 2012.

THE FOLLOWING RECORDS WERE SET OR TIED IN APRIL 2019...
DATE  RECORD                                PREVIOUS
20    52   - WARMEST LOW TEMPERATURE        48 IN 1987
20    7    - SMALLEST TEMPERATURE RANGE     6 IN 1978

$$

KIMBLE
