000
CXUS56 KSGX 011453
CLMRAL


CLIMATE REPORT
NATIONAL WEATHER SERVICE SAN DIEGO, CA
752 AM PDT THU AUG 1 2019

...................................

...THE RIVERSIDE MUNI AIRPORT CA CLIMATE SUMMARY FOR THE MONTH OF JULY 2019...

CLIMATE NORMAL PERIOD 1981 TO 2010
CLIMATE RECORD PERIOD 1893 TO 2019

WEATHER         OBSERVED          NORMAL  DEPART  LAST YEAR`S
                 VALUE   DATE(S)  VALUE   FROM    VALUE  DATE(S)
                                          NORMAL
................................................................
TEMPERATURE (F)
RECORD
 HIGH             118   07/06/2018
                        07/17/1925
                        07/28/1995
 LOW               41   07/07/1948
HIGHEST           105   07/24        94      11      118  07/06
                        07/23
LOWEST             59   07/05        63      -4       58  07/04
AVG. MAXIMUM     94.8              92.9     1.9     99.5
AVG. MINIMUM     64.0              63.9     0.1     68.8
MEAN             79.4              78.4     1.0     84.1
DAYS MAX >= 90     24              21.7     2.3       29
DAYS MAX <= 32      0               0.0     0.0        0
DAYS MIN <= 32      0               0.0     0.0        0

PRECIPITATION (INCHES)
RECORD
 MAXIMUM         1.94   2015
 MINIMUM         0.00   2016
                        2007
                        2001
TOTALS           0.02              0.07   -0.05     0.02
DAILY AVG.       0.00              0.00    0.00     0.00
DAYS >= .01         1                MM      MM        1
DAYS >= .10         0                MM      MM        0
DAYS >= .50         0                MM      MM        0
DAYS >= 1.00        0                MM      MM        0
GREATEST
 24 HR. TOTAL    0.02   07/22 TO 07/22           07/18 TO 07/18
                                                          07/31 TO 07/31EATHER         OBSERVED          NORMAL  DEPART  LAST YEAR`S
                                                          07/31 TO 07/31EATHER         OBSERVED          NORMAL  DEPART  LAST YEAR`S
 STORM TOTAL       MM                                 MM
 (MM/DD(HH))            MM                    07/18(00) TO 07/18(00)
                                                 07/31(00) TO 07/31(00)1EATHER         OBSERVED          NORMAL  DEPART  LAST YEAR`S
                                                 07/31(00) TO 07/31(00)1EATHER         OBSERVED          NORMAL  DEPART  LAST YEAR`S

DEGREE_DAYS
HEATING TOTAL       0                 0       0        0
 SINCE 7/1          0                 0       0        0
COOLING TOTAL     456               415      41      601
 SINCE 1/1        793               812     -19     1079

FREEZE DATES
RECORD
 EARLIEST     10/21/1949
 LATEST       04/28/1894
EARLIEST                        12/04
LATEST                          02/24
.................................................................

WIND (MPH)
AVERAGE WIND SPEED              6.0
RESULTANT WIND SPEED/DIRECTION   5/275
HIGHEST WIND SPEED/DIRECTION    23/270    DATE  07/24
HIGHEST GUST SPEED/DIRECTION    28/280    DATE  07/24

SKY COVER
POSSIBLE SUNSHINE (PERCENT)   MM
AVERAGE SKY COVER           0.10
NUMBER OF DAYS FAIR           27
NUMBER OF DAYS PC              4
NUMBER OF DAYS CLOUDY          0

AVERAGE RH (PERCENT)     55

WEATHER CONDITIONS. NUMBER OF DAYS WITH
  0
  0
  0
  0
  0
  0
  0
HAZE                     18

-  INDICATES NEGATIVE NUMBERS.
R  INDICATES RECORD WAS SET OR TIED.
MM INDICATES DATA IS MISSING.
T  INDICATES TRACE AMOUNT.

$$
