000
CXUS56 KSTO 031944
CLMRDD

CLIMATE REPORT
NATIONAL WEATHER SERVICE SACRAMENTO, CA
1243 PM PDT FRI MAY 3 2019

...................................

...THE REDDING AIRPORT CA CLIMATE SUMMARY FOR THE MONTH OF APRIL 2019...

CLIMATE NORMAL PERIOD 1981 TO 2010
CLIMATE RECORD PERIOD 1986 TO 2019

WEATHER         OBSERVED          NORMAL  DEPART  LAST YEAR`S
                 VALUE   DATE(S)  VALUE   FROM    VALUE
                                          NORMAL
.............................................................
TEMPERATURE (F)
RECORD
 HIGH              96   04/20/2009
 LOW               28   04/09/1999
HIGHEST            93   04/23        MM      MM
LOWEST             42   04/10        MM      MM
AVG. MAXIMUM     75.1              70.5     4.6
AVG. MINIMUM     53.0              46.1     6.9
MEAN             64.1              58.3     5.8
DAYS MAX >= 90      2               0.6     1.4
DAYS MAX <= 32      0               0.0     0.0
DAYS MIN <= 32      0               0.3    -0.3
DAYS MIN <= 0       0               0.0     0.0

PRECIPITATION (INCHES)
RECORD
 MAXIMUM         6.09   2006
 MINIMUM         0.14   1987
TOTALS           2.09              2.48   -0.39     4.47
DAYS >= .01        10
DAYS >= .10         4
DAYS >= .50         2
DAYS >= 1.00        0

SNOWFALL (INCHES)
RECORDS
 TOTAL             MM   MM
 24 HR TOTAL       MM
TOTALS            0.0                MM      MM
 LIQUID EQUIV    0.00                MM      MM
SINCE 7/1         9.0                MM      MM
 LIQUID 7/1      0.90
DAYS >= TRACE       0                MM      MM
DAYS >= 1.0         0                MM      MM
GREATEST
 SNOW DEPTH         0   MM
 24 HR TOTAL      0.0   04/30 TO 04/30
 STORM TOTAL       MM
 (MM/DD(HH))            MM

DEGREE_DAYS
HEATING TOTAL      97               222    -125
 SINCE 7/1       2303              2736    -433
COOLING TOTAL      77                21      56
 SINCE 1/1         77                24      53

FREEZE DATES
RECORD
 EARLIEST     MM
 LATEST       MM
EARLIEST                        MM
LATEST                          MM
..............................................................

WIND (MPH)
AVERAGE WIND SPEED              7.2
HIGHEST WIND SPEED/DIRECTION    31/170    DATE  04/05
HIGHEST GUST SPEED/DIRECTION    39/170    DATE  04/05

SKY COVER
POSSIBLE SUNSHINE (PERCENT)   MM
AVERAGE SKY COVER           0.40
NUMBER OF DAYS FAIR           19
NUMBER OF DAYS PC              2
NUMBER OF DAYS CLOUDY          9

AVERAGE RH (PERCENT)     58

WEATHER CONDITIONS. NUMBER OF DAYS WITH
  0
  4
  0
  0
  0
  0
  0
HAZE                      1

-  INDICATES NEGATIVE NUMBERS.
R  INDICATES RECORD WAS SET OR TIED.
MM INDICATES DATA IS MISSING.
T  INDICATES TRACE AMOUNT.

$$
