000
CXUS51 KPHI 031136
CLMRDG


CLIMATE REPORT
NATIONAL WEATHER SERVICE MOUNT HOLLY NJ
732 AM EDT SAT AUG 3 2019

...................................

...THE READING PA CLIMATE SUMMARY FOR THE MONTH OF JULY 2019...

CLIMATE NORMAL PERIOD 1981 TO 2010
CLIMATE RECORD PERIOD 1869 TO 2019

WEATHER         OBSERVED          NORMAL  DEPART  LAST YEAR`S
                 VALUE   DATE(S)  VALUE   FROM    VALUE
                                          NORMAL
.............................................................
TEMPERATURE (F)
RECORD
 HIGH             107   07/14/2005
 LOW               46   07/01/1988
                        07/28/1977
                        07/27/1977
HIGHEST            96                MM      MM       97
LOWEST             58                MM      MM       56
AVG. MAXIMUM     88.5              85.2     3.3     86.2
AVG. MINIMUM     68.5              64.3     4.2     66.2
MEAN             78.5              74.8     3.7     76.2
DAYS MAX >= 90     13               7.2     5.8        8
DAYS MAX <= 32      0               0.0     0.0        0
DAYS MIN <= 32      0               0.0     0.0        0
DAYS MIN <= 0       0               0.0     0.0        0

PRECIPITATION (INCHES)
RECORD
 MAXIMUM        13.85   2004
 MINIMUM         0.31   1999
TOTALS           6.93              4.52    2.41     6.49
DAILY AVG.       0.22              0.15    0.07     0.21
DAYS >= .01        14                MM      MM       11
DAYS >= .10        11                MM      MM       10
DAYS >= .50         6                MM      MM        6
DAYS >= 1.00        2                MM      MM        2
GREATEST
 24 HR. TOTAL    1.49   07/18 TO 07/18              1.25

DEGREE_DAYS
HEATING TOTAL       0                 1      -1        0
 SINCE 7/1          0                 1      -1        0
COOLING TOTAL     428               303     125      358
 SINCE 1/1        738               552     186      678
..............................................................

WIND (MPH)
AVERAGE WIND SPEED              4.1
HIGHEST WIND SPEED/DIRECTION    32/340    DATE  07/06
HIGHEST GUST SPEED/DIRECTION    40/300    DATE  07/02

SKY COVER
POSSIBLE SUNSHINE (PERCENT)   MM
AVERAGE SKY COVER           0.30
NUMBER OF DAYS FAIR           21
NUMBER OF DAYS PC              9
NUMBER OF DAYS CLOUDY          1

AVERAGE RH (PERCENT)     76

WEATHER CONDITIONS. NUMBER OF DAYS WITH
THUNDERSTORM             12     MIXED PRECIP               0
HEAVY RAIN                8     RAIN                       8
LIGHT RAIN               16     FREEZING RAIN              0
LT FREEZING RAIN          0     HEAVY SNOW                 0
SNOW                      0     LIGHT SNOW                 0
SLEET                     0     FOG                       11
FOG W/VIS <= 1/4 MILE     0     HAZE                       3

-  INDICATES NEGATIVE NUMBERS.
R  INDICATES RECORD WAS SET OR TIED.
MM INDICATES DATA IS MISSING.
T  INDICATES TRACE AMOUNT.

$$
