000
CXUS56 KPDT 011351 RRA
CLMRDM

CLIMATE REPORT
NATIONAL WEATHER SERVICE PENDLETON OREGON
650 AM PDT MON JUL 01 2019

....................................

...THE REDMOND OR CLIMATE SUMMARY FOR THE MONTH OF JUNE 2019...

CLIMATE NORMAL PERIOD 1981 TO 2010
CLIMATE RECORD PERIOD 1949 TO 2019

WEATHER         OBSERVED          NORMAL  DEPART        LAST YEAR`S
                 VALUE   DATE(S)  VALUE   FROM         VALUE DATE(S)
                                          NORMAL

................................................................

TEMPERATURE (F)
RECORD
 HIGH             102   6/25/2017
 LOW               24   6/15/2016
HIGHEST            91   6/13                               95   6/24
LOWEST             30   6/28                               27   6/10
AVG. MAXIMUM     79.1            76.1       3.0          79.8
AVG. MINUMUM     42.4            40.9       1.5          42.8
MEAN             60.8            58.5       2.3          61.3
DAYS MAX >= 90      2               3        -1             2
DAYS MAX <= 32      0               1        -1             0
DAYS MIN <= 32      2               4        -2             1
DAYS MIN <= 0       0               1        -1             1

PRECIPITATION (INCHES)
RECORD
 MAXIMUM          3.87   1969
 MINIMUM             T   1973
TOTALS            0.36            0.64     -0.28          0.61
DAILY AVG.        0.01            0.02     -0.01          0.02
DAYS >=  0.01        7               5         2             5
DAYS >=  0.10        0               2        -2             2
DAYS >=  0.50        0               0         0             0
DAYS >=  1.00        0               0         0             0
GREATEST
 24 HR. TOTAL     0.09   6/ 6

DEGREE DAYS
HEATING TOTAL      149             217       -68           131
 SINCE 7/1        6324            6717      -393          6102
COOLING TOTAL       28              22         6            27
 SINCE 1/1          28              22         6            33

.............................................................

WIND (MPH)
AVERAGE WIND SPEED                     7.4
RESULTANT WIND SPEED/DIRECTION         4/284
HIGHEST WIND SPEED/DIRECTION          30/300      DATE          06/26
HIGHEST GUST SPEED/DIRECTION          41/300      DATE          06/26


WEATHER CONDITIONS. NUMBER OF DAYS WITH
THUNDERSTORM               5    MIXED PRECIP                           0
HEAVY RAIN                 1    RAIN                                   1
LIGHT RAIN                 9    FREEZING RAIN                          0
LT FREEZING RAIN           0    HAIL                                   0
HEAVY SNOW                 0    SNOW                                   0
LIGHT SNOW                 0    SLEET                                  0
FOG                        0    FOG W/VIS <=1/4 MILE                   0
HAZE                       1

-  INDICATES NEGATIVE NUMBERS.
R  INDICATES RECORD WAS SET OR TIED.
MM INDICATES DATA IS MISSING.
T  INDICATES TRACE AMOUNT.

$$
