000
CXUS56 KPDT 022159
CLMRDM

...THE REDMOND OR CLIMATE SUMMARY FOR THE MONTH OF APRIL 2019...

CLIMATE NORMAL PERIOD 1981 TO 2010
CLIMATE RECORD PERIOD 1949 TO 2019

WEATHER         OBSERVED          NORMAL  DEPART        LAST YEAR`S
                 VALUE   DATE(S)  VALUE   FROM         VALUE DATE(S)
                                          NORMAL

................................................................

TEMPERATURE (F)
RECORD
 HIGH              89   4/29/1968
 LOW               10   4/18/1972
HIGHEST            80   4/18                               85   4/25
LOWEST             21   4/28                               16   4/ 3
AVG. MAXIMUM     61.0            59.6       1.4          61.4
AVG. MINUMUM     35.0            29.1       5.9          30.6
MEAN             48.0            44.4       3.6          46.0
DAYS MAX >= 90      0               0         0             0
DAYS MAX <= 32      0               2        -2             0
DAYS MIN <= 32     12              20        -8            21
DAYS MIN <= 0       0               2        -2            21


PRECIPITATION (INCHES)
RECORD
 MAXIMUM          1.99   2005
 MINIMUM             T   1968
TOTALS            1.34            0.73      0.61          0.69
DAILY AVG.        0.04            0.02      0.02          0.02
DAYS >=  0.01        9               7         2             9
DAYS >=  0.10        6               2         4             3
DAYS >=  0.50        0               0         0             0
DAYS >=  1.00        0               0         0             0
GREATEST
 24 HR. TOTAL     0.37   4/20



SNOWFALL (INCHES)
RECORD
 MAXIMUM           8.9   1967
 MINIMUM           0.0   2000
TOTALS             0.0             0.3      -0.3             T
SINCE 7/1          0.0            16.6     -16.6           5.2
DAYS >=  TRACE                       0         0             2
DAYS >=  1.0         0               0         0             0
GREATEST
 24 HR. TOTAL      0.0   4/30


DEGREE DAYS
HEATING TOTAL      502             620      -118           563
 SINCE 7/1        5876            6073      -197          5764
COOLING TOTAL        0               0         0             0
 SINCE 1/1           0               0         0             0
