000
CXUS52 KRAH 011412
CLMRDU


CLIMATE REPORT
NATIONAL WEATHER SERVICE RALEIGH NC
1003 AM EDT THU AUG 1 2019

...................................

...THE RALEIGH-DURHAM INTL AIRPORT CLIMATE SUMMARY FOR THE MONTH OF JULY 2019...

CLIMATE NORMAL PERIOD 1981 TO 2010
CLIMATE RECORD PERIOD 1887 TO 2019

WEATHER         OBSERVED          NORMAL  DEPART  LAST YEAR`S
                 VALUE   DATE(S)  VALUE   FROM    VALUE
                                          NORMAL
.............................................................
TEMPERATURE (F)
RECORD
 HIGH             105   07/08/2012
                        07/23/1952
                        07/14/1954
 LOW               48   07/02/1975
HIGHEST            99   07/21                         98
LOWEST             62   07/24                         57
AVG. MAXIMUM     92.7              90.2     2.5     90.0
AVG. MINIMUM     70.4              69.9     0.5     69.3
MEAN             81.5              80.0     1.5     79.6
DAYS MAX >= 90     25                                 15
DAYS MAX <= 32      0                                  0
DAYS MIN <= 32      0                                  0
DAYS MIN <= 0       0                                  0

PRECIPITATION (INCHES)
RECORD
 MAXIMUM        12.36   1931
TOTALS           3.63              4.73   -1.10     4.92
DAYS >= .01        11
DAYS >= .10         7
DAYS >= .50         2
DAYS >= 1.00        2
GREATEST
 24 HR. TOTAL    1.16   07/23 TO 07/23

DEGREE_DAYS
HEATING TOTAL       0                 0       0        0
 SINCE 7/1          0                 0       0        0
COOLING TOTAL     518               466      52      460
 SINCE 1/1       1198              1022     176
..............................................................

WIND (MPH)
AVERAGE WIND SPEED              5.5
HIGHEST WIND SPEED/DIRECTION    36/230    DATE  07/11
HIGHEST GUST SPEED/DIRECTION    46/230    DATE  07/11

SKY COVER
POSSIBLE SUNSHINE (PERCENT)   MM
AVERAGE SKY COVER           0.60
NUMBER OF DAYS FAIR            4
NUMBER OF DAYS PC             20
NUMBER OF DAYS CLOUDY          7

AVERAGE RH (PERCENT)     69

WEATHER CONDITIONS. NUMBER OF DAYS WITH
THUNDERSTORM              15    MIXED PRECIP               0
HEAVY RAIN                2     RAIN                       5
LIGHT RAIN                13    FREEZING RAIN              0
LT FREEZING RAIN          0     HAIL                       0
HEAVY SNOW                0     SNOW                       0
LIGHT SNOW                0     SLEET                      0
FOG                       11    FOG W/VIS <= 1/4 MILE      0
HAZE                      1

-  INDICATES NEGATIVE NUMBERS.
R  INDICATES RECORD WAS SET OR TIED.
MM INDICATES DATA IS MISSING.
T  INDICATES TRACE AMOUNT.

&&

There were no records for the month of July at RDU.

$$
