000
CXUS53 KLOT 011326
CLMRFD


CLIMATE REPORT
NATIONAL WEATHER SERVICE CHICAGO IL
811 AM CDT MON JUL 1 2019

...................................

...THE ROCKFORD IL CLIMATE SUMMARY FOR THE MONTH OF JUNE 2019...

CLIMATE NORMAL PERIOD 1981 TO 2010
CLIMATE RECORD PERIOD 1905 TO 2019

WEATHER         OBSERVED          NORMAL  DEPART  LAST YEAR`S
                 VALUE   DATE(S)  VALUE   FROM    VALUE  DATE(S)
                                          NORMAL
................................................................
TEMPERATURE (F)
RECORD
 HIGH             106   06/01/1934
 LOW               35   06/05/1945
                        06/04/1945
HIGHEST            92   06/29        91       1       91  06/30
                                                          06/29
                                                          06/18
LOWEST             49   06/14        63     -14       49  06/04
                        06/13
                        06/03
AVG. MAXIMUM     79.7              81.1    -1.4     80.8
AVG. MINIMUM     59.0              58.5     0.5     61.5
MEAN             69.3              69.8    -0.5     71.2
DAYS MAX >= 90      3               3.4    -0.4        5
DAYS MAX <= 32      0               0.0     0.0        0
DAYS MIN <= 32      0               0.0     0.0        0
DAYS MIN <= 0       0               0.0     0.0        0

PRECIPITATION (INCHES)
RECORD
 MAXIMUM        14.23   2018
 MINIMUM         0.34   1922
TOTALS           3.21              4.65   -1.44    14.23
DAILY AVG.       0.11              0.16   -0.05     0.47
DAYS >= .01        14              10.4     3.6       12
DAYS >= .10        11               7.2     3.8        9
DAYS >= .50         1               3.1    -2.1        7
DAYS >= 1.00        1               1.3    -0.3        6
GREATEST
 24 HR. TOTAL    1.03   06/04 TO 06/04           06/15 TO 06/15
                                                          06/30 TO 06/30EATHER         OBSERVED          NORMAL  DEPART  LAST YEAR`S
                                                          06/30 TO 06/30EATHER         OBSERVED          NORMAL  DEPART  LAST YEAR`S

DEGREE_DAYS
HEATING TOTAL      18                31     -13        4
 SINCE 7/1       6918              6569     349     6637
COOLING TOTAL     156               175     -19      197
 SINCE 1/1        181               230     -49      312
.................................................................

WIND (MPH)
AVERAGE WIND SPEED              7.7
HIGHEST WIND SPEED/DIRECTION    45/010    DATE  06/30
HIGHEST GUST SPEED/DIRECTION    63/020    DATE  06/30


WEATHER CONDITIONS. NUMBER OF DAYS WITH
THUNDERSTORM             10     MIXED PRECIP               0
HEAVY RAIN                3     RAIN                       4
LIGHT RAIN               22     FREEZING RAIN              0
LT FREEZING RAIN          0     HAIL                       0
HEAVY SNOW                0     SNOW                       0
LIGHT SNOW                0     SLEET                      0
FOG                      18     FOG W/VIS <= 1/4 MILE      1
HAZE                      5

-  INDICATES NEGATIVE NUMBERS.
R  INDICATES RECORD WAS SET OR TIED.
MM INDICATES DATA IS MISSING.
T  INDICATES TRACE AMOUNT.

$$
