000
CXUS53 KGRB 010908
CLMRHI


CLIMATE REPORT
NATIONAL WEATHER SERVICE GREEN BAY
400 AM CDT WED MAY 1 2019

...................................

...THE RHINELANDER WI CLIMATE SUMMARY FOR THE MONTH OF APRIL 2019...

CLIMATE NORMAL PERIOD 1981 TO 2010
CLIMATE RECORD PERIOD 1908 TO 2019

WEATHER         OBSERVED          NORMAL  DEPART  LAST YEAR`S
                 VALUE   DATE(S)  VALUE   FROM    VALUE  DATE(S)
                                          NORMAL
................................................................
TEMPERATURE (F)
RECORD
 HIGH              92   04/28/1952
 LOW               -4   04/08/2018
                        04/06/2003
                        04/06/1982
HIGHEST            68   04/20        75      -7       77  04/30
LOWEST             13   04/01        12       1       -4  04/08
AVG. MAXIMUM     50.2              53.3    -3.1     43.4
AVG. MINIMUM     30.5              29.8     0.7     19.8
MEAN             40.3              41.6    -1.3     31.6
DAYS MAX >= 90      0               0.0     0.0        0
DAYS MAX <= 32      1               1.4    -0.4        9
DAYS MIN <= 32     17              17.7    -0.7       28
DAYS MIN <= 0       0               0.1    -0.1        2

PRECIPITATION (INCHES)
RECORD
 MAXIMUM         6.93   2017
 MINIMUM         0.33   1946
TOTALS           3.59              2.58    1.01     2.58
DAILY AVG.       0.12              0.09    0.03     0.09
DAYS >= .01        12                MM      MM       12
DAYS >= .10         7                MM      MM        5
DAYS >= .50         2                MM      MM        1
DAYS >= 1.00        2                MM      MM        1
GREATEST
 STORM TOTAL       MM
 (MM/DD(HH))            MM

SNOWFALL (INCHES)
RECORDS
 TOTAL           28.1   2014
TOTALS           11.9                MM      MM     27.8
SINCE 7/1       116.3                MM      MM     99.9
DAYS >= TRACE      11                MM      MM       11
DAYS >= 1.0         3                MM      MM        4
GREATEST
 SNOW DEPTH         8   04/04                         19  04/15
                        04/03
                        04/02
 24 HR TOTAL      8.7   04/11 TO 04/11

DEGREE_DAYS
HEATING TOTAL     733               705      28      994
 SINCE 7/1       8526              8500      26     8809
COOLING TOTAL       0                 1      -1        0
 SINCE 1/1          0                 1      -1        0
.................................................................

WIND (MPH)
AVERAGE WIND SPEED              7.7
HIGHEST WIND SPEED/DIRECTION    33/080    DATE  04/11
HIGHEST GUST SPEED/DIRECTION    47/110    DATE  04/11

SKY COVER
POSSIBLE SUNSHINE (PERCENT)   MM
AVERAGE SKY COVER           0.60
NUMBER OF DAYS FAIR           11
NUMBER OF DAYS PC              7
NUMBER OF DAYS CLOUDY         12

AVERAGE RH (PERCENT)     61

-  INDICATES NEGATIVE NUMBERS.
R  INDICATES RECORD WAS SET OR TIED.
MM INDICATES DATA IS MISSING.
T  INDICATES TRACE AMOUNT.

$$
