000
CXUS53 KGRB 020748
CLMRHI


CLIMATE REPORT
NATIONAL WEATHER SERVICE GREEN BAY
237 AM CDT FRI AUG 2 2019

...................................

...THE RHINELANDER WI CLIMATE SUMMARY FOR THE MONTH OF JULY 2019...

CLIMATE NORMAL PERIOD 1981 TO 2010
CLIMATE RECORD PERIOD 1908 TO 2019

WEATHER         OBSERVED          NORMAL  DEPART  LAST YEAR`S
                 VALUE   DATE(S)  VALUE   FROM    VALUE  DATE(S)
                                          NORMAL
................................................................
TEMPERATURE (F)
RECORD
 HIGH             108   07/13/1936
 LOW               31   07/13/1930
HIGHEST            89   07/19        90      -1       92  07/04
LOWEST             40   07/31        42      -2       47  07/18
AVG. MAXIMUM     81.4              79.0     2.4     82.1
AVG. MINIMUM     56.1              54.5     1.6     56.2
MEAN             68.7              66.8     1.9     69.1
DAYS MAX >= 90      0               1.0    -1.0        3
DAYS MAX <= 32      0               0.0     0.0        0
DAYS MIN <= 32      0               0.0     0.0        0
DAYS MIN <= 0       0               0.0     0.0        0

PRECIPITATION (INCHES)
RECORD
 MAXIMUM        10.24   2000
 MINIMUM         0.63   1989
TOTALS           5.01              4.02    0.99     3.41
DAILY AVG.       0.16              0.13    0.03     0.11
DAYS >= .01        12                MM      MM       10
DAYS >= .10         6                MM      MM        6
DAYS >= .50         3                MM      MM        3
DAYS >= 1.00        1                MM      MM        1
GREATEST
 STORM TOTAL       MM
 (MM/DD(HH))            MM

SNOWFALL (INCHES)
RECORDS
 TOTAL            0.0   MM
TOTALS            0.0                MM      MM      0.0
SINCE 7/1         0.0                MM      MM      0.0
DAYS >= TRACE       0                MM      MM        0
DAYS >= 1.0         0                MM      MM        0
GREATEST
 SNOW DEPTH         0   MM                             0  MM
 24 HR TOTAL      0.0   07/31 TO 07/31

DEGREE_DAYS
HEATING TOTAL      17                51     -34       10
 SINCE 7/1         17                51     -34       10
COOLING TOTAL     139               105      34      146
 SINCE 1/1        210               170      40      332
.................................................................

WIND (MPH)
AVERAGE WIND SPEED              5.6
HIGHEST WIND SPEED/DIRECTION    32/250    DATE  07/15
HIGHEST GUST SPEED/DIRECTION    51/260    DATE  07/15

SKY COVER
POSSIBLE SUNSHINE (PERCENT)   MM
AVERAGE SKY COVER           0.30
NUMBER OF DAYS FAIR           20
NUMBER OF DAYS PC             11
NUMBER OF DAYS CLOUDY          0

AVERAGE RH (PERCENT)     70

WEATHER CONDITIONS. NUMBER OF DAYS WITH
  0
  5
  0
  0
  0
  0
  7
HAZE                      4

-  INDICATES NEGATIVE NUMBERS.
R  INDICATES RECORD WAS SET OR TIED.
MM INDICATES DATA IS MISSING.
T  INDICATES TRACE AMOUNT.

$$
