240
CXUS51 KRNK 011020
CLMRNK


CLIMATE REPORT
NATIONAL WEATHER SERVICE BLACKSBURG VA
558 AM EDT MON JUL 1 2019

...................................

...THE BLACKSBURG VA CLIMATE SUMMARY FOR THE MONTH OF JUNE 2019...

CLIMATE NORMAL PERIOD 1981 TO 2010
CLIMATE RECORD PERIOD 1952 TO 2019

WEATHER         OBSERVED          NORMAL  DEPART  LAST YEAR`S
                 VALUE   DATE(S)  VALUE   FROM    VALUE
                                          NORMAL
.............................................................
TEMPERATURE (F)
RECORD
 HIGH              97   06/29/2012
 LOW               30   06/11/1972
HIGHEST            88   06/29                         89
LOWEST             44   06/04                         50
AVG. MAXIMUM     77.9              78.9    -1.0     80.4
AVG. MINIMUM     57.4              56.5     0.9     59.7
MEAN             67.7              67.7     0.0     70.1
DAYS MAX >= 90      0               0.3    -0.3        0
DAYS MAX <= 32      0               0.0     0.0        0
DAYS MIN <= 32      0               0.0     0.0        0
DAYS MIN <= 0       0               0.0     0.0        0

PRECIPITATION (INCHES)
RECORD
 MAXIMUM        10.96   2006
 MINIMUM         0.39   1966
TOTALS           5.39              4.00    1.39     1.50
DAILY AVG.       0.18              0.13    0.05     0.05
DAYS >= .01        17              11.4     5.6        9
DAYS >= .10        10               7.2     2.8        3
DAYS >= .50         3               2.5     0.5        1
DAYS >= 1.00        3               1.1     1.9        0
GREATEST
 24 HR. TOTAL    1.35                               0.68

SNOWFALL (INCHES)
TOTALS            0.0                                0.0
DAYS >= TRACE       0                                  0
DAYS >= 1.0         0                                  0
GREATEST
 24 HR TOTAL      0.0                                0.0

DEGREE_DAYS
HEATING TOTAL      24                38     -14        4
COOLING TOTAL     112               119      -7      163
..............................................................

WIND (MPH)
AVERAGE WIND SPEED              3.8
HIGHEST WIND SPEED/DIRECTION    17/300    DATE  06/20
HIGHEST GUST SPEED/DIRECTION    28/280    DATE  06/20

SKY COVER
AVERAGE SKY COVER           0.40

AVERAGE RH (PERCENT)     78

WEATHER CONDITIONS. NUMBER OF DAYS WITH:
THUNDERSTORM              7     MIXED PRECIP                 0
HEAVY RAIN                9     RAIN                        14
LIGHT RAIN               18     FREEZING RAIN                0
LIGHT FREEZING RAIN       0     HAIL                         0
HEAVY SNOW                0     SNOW                         0
LIGHT SNOW                0     SLEET                        0
FOG                      13     FOG W/VIS <= 1/4 MILE        2
HAZE                      0

-  INDICATES NEGATIVE NUMBERS.
R  INDICATES RECORD WAS SET OR TIED.
MM INDICATES DATA IS MISSING.
T  INDICATES TRACE AMOUNT.

$$

RAB
