861
CXUS56 KSGX 011453
CLMRNM


CLIMATE REPORT
NATIONAL WEATHER SERVICE SAN DIEGO, CA
752 AM PDT THU AUG 1 2019

...................................

...THE RAMONA AIRPORT CA CLIMATE SUMMARY FOR THE MONTH OF JULY 2019...

CLIMATE NORMAL PERIOD 1981 TO 2010
CLIMATE RECORD PERIOD 1974 TO 2019

WEATHER         OBSERVED          NORMAL  DEPART  LAST YEAR`S
                 VALUE   DATE(S)  VALUE   FROM    VALUE  DATE(S)
                                          NORMAL
................................................................
TEMPERATURE (F)
RECORD
 HIGH             117   07/06/2018
 LOW               41   07/19/1983
                        07/07/1974
HIGHEST           101   07/23        90      11      117  07/06
LOWEST             48   07/02        56      -8       49  07/05
AVG. MAXIMUM     91.0              88.3     2.7     94.4
AVG. MINIMUM     56.5              55.9     0.6     62.6
MEAN             73.8              72.1     1.7     78.5
DAYS MAX >= 90     17              11.9     5.1       26
DAYS MAX <= 32      0               0.0     0.0        0
DAYS MIN <= 32      0               0.0     0.0        0
DAYS MIN <= 0       0               0.0     0.0        0

PRECIPITATION (INCHES)
RECORD
 MAXIMUM         2.38   2015
 MINIMUM         0.00   2016
                        2009
                        2008
TOTALS              T              0.13   -0.13        T
DAILY AVG.          T              0.00    0.00        T
DAYS >= .01         0                MM      MM        0
DAYS >= .10         0                MM      MM        0
DAYS >= .50         0                MM      MM        0
DAYS >= 1.00        0                MM      MM        0
GREATEST
 24 HR. TOTAL       T   07/23 TO 07/23           07/10 TO 07/10
                                                          07/09 TO 07/09EATHER         OBSERVED          NORMAL  DEPART  LAST YEAR`S
                                                          07/09 TO 07/09EATHER         OBSERVED          NORMAL  DEPART  LAST YEAR`S
 STORM TOTAL       MM                                 MM
 (MM/DD(HH))            MM                    07/10(00) TO 07/10(00)
                                                 07/09(00) TO 07/09(00)9EATHER         OBSERVED          NORMAL  DEPART  LAST YEAR`S
                                                 07/09(00) TO 07/09(00)9EATHER         OBSERVED          NORMAL  DEPART  LAST YEAR`S

DEGREE_DAYS
HEATING TOTAL       0                 2      -2        0
 SINCE 7/1          0                 2      -2        0
COOLING TOTAL     280               222      58      423
 SINCE 1/1        429               335      94      593

FREEZE DATES
RECORD
 EARLIEST     10/10/1974
 LATEST       05/07/1975
EARLIEST                        11/24
LATEST                          03/25
.................................................................

WIND (MPH)
AVERAGE WIND SPEED              4.8
RESULTANT WIND SPEED/DIRECTION   4/286
HIGHEST WIND SPEED/DIRECTION    16/270    DATE  07/07
HIGHEST GUST SPEED/DIRECTION    22/280    DATE  07/18

SKY COVER
POSSIBLE SUNSHINE (PERCENT)   MM
AVERAGE SKY COVER           0.10
NUMBER OF DAYS FAIR           27
NUMBER OF DAYS PC              4
NUMBER OF DAYS CLOUDY          0

AVERAGE RH (PERCENT)     60

WEATHER CONDITIONS. NUMBER OF DAYS WITH
  0
  0
  0
  0
  0
  0
 10
HAZE                      9

-  INDICATES NEGATIVE NUMBERS.
R  INDICATES RECORD WAS SET OR TIED.
MM INDICATES DATA IS MISSING.
T  INDICATES TRACE AMOUNT.

$$
