000
CXUS55 KREV 011536
CLMRNO


CLIMATE REPORT
NATIONAL WEATHER SERVICE RENO NV
821 AM PDT THU AUG 1 2019

...................................

...THE RENO-TAHOE INTL AIRPORT NV CLIMATE SUMMARY FOR THE MONTH OF JULY 2019...

THE AVERAGE TEMPERATURE FOR JULY 2019 AT THE RENO-TAHOE INTERNATIONAL
AIRPORT WAS 76.9 DEGREES WHICH IS 2.0 DEGREES ABOVE NORMAL. THE
HIGHEST TEMPERATURE FOR JULY WAS 99 DEGREES WHICH OCCURRED ON THE
12TH, 22ND AND 28TH. THE LOWEST TEMPERATURE FOR THE MONTH WAS 53 DEGREES WHICH
OCCURRED ON THE 1ST.

FOR JULY 2019, 0.25 INCH OF PRECIPITATION WAS RECORDED AT THE RENO-
TAHOE INTERNATIONAL AIRPORT. THIS IS 0.07 INCH ABOVE NORMAL.

THE AVERAGE WIND SPEED FOR JULY 2019 WAS 6.9 MPH. THE PEAK WIND GUST
FOR THE MONTH WAS 35 MPH FROM THE SOUTHWEST ON THE 22ND.


CLIMATE NORMAL PERIOD 1981 TO 2010
CLIMATE RECORD PERIOD 1888 TO 2019

WEATHER         OBSERVED          NORMAL  DEPART
                 VALUE   DATE(S)  VALUE   FROM
                                          NORMAL
................................................
TEMPERATURE (F)
RECORD
 HIGH             108   07/05/2007
                        07/11/2002
                        07/10/2002
 LOW               33   07/11/1974
                        07/10/1965
                        07/11/1960
HIGHEST            99   07/28       104      -5
                        07/22
                        07/12
LOWEST             53   07/01        33      20
AVG. MAXIMUM     92.9              92.2     0.7
AVG. MINIMUM     60.8              57.7     3.1
MEAN             76.9              74.9     2.0
DAYS MAX >= 90     25              21.0     4.0
DAYS MAX <= 32      0               0.0     0.0
DAYS MIN <= 32      0               0.0     0.0
DAYS MIN <= 0       0               0.0     0.0

PRECIPITATION (INCHES)
RECORD
 MAXIMUM         1.75   1913
 MINIMUM         0.00   2016
                        2000
TOTALS           0.25              0.18    0.07
DAILY AVG.       0.01              0.01    0.00
DAYS >= .01         2               1.6     0.4
DAYS >= .10         2               0.5     1.5
DAYS >= .50         0               0.1    -0.1
DAYS >= 1.00        0               0.0     0.0
GREATEST
 24 HR. TOTAL    0.14   07/26 TO 07/26
 STORM TOTAL       MM
 (MM/DD(HH))            MM

SNOWFALL (INCHES)
RECORDS
 TOTAL              T   2018
 24 HR TOTAL       MM
TOTALS            0.0               0.0     0.0
 LIQUID EQUIV    0.00              0.00    0.00
SINCE 7/1         0.0               0.0     0.0
 LIQUID 7/1      0.00
DAYS >= TRACE       0               0.0     0.0
DAYS >= 1.0         0               0.0     0.0
GREATEST
 SNOW DEPTH         0   MM
 24 HR TOTAL      0.0   07/31 TO 07/31
 STORM TOTAL       MM
 (MM/DD(HH))            MM

DEGREE_DAYS
HEATING TOTAL       0                 5      -5
 SINCE 7/1          0                 5      -5
COOLING TOTAL     375               314      61
 SINCE 1/1        591               487     104

FREEZE DATES
RECORD
 EARLIEST     08/23/1973
 LATEST       06/27/1974
EARLIEST                        10/03
LATEST                          05/21
.................................................

WIND (MPH)
AVERAGE WIND SPEED              6.9
HIGHEST WIND SPEED/DIRECTION    28/290    DATE  07/06
HIGHEST GUST SPEED/DIRECTION    35/250    DATE  07/22

AVERAGE RH (PERCENT)     32

WEATHER CONDITIONS. NUMBER OF DAYS WITH
THUNDERSTORM              2     MIXED PRECIP               0
HEAVY RAIN                0     RAIN                       1
LIGHT RAIN                2     FREEZING RAIN              0
LT FREEZING RAIN          0     HAIL                       0
HEAVY SNOW                0     SNOW                       0
LIGHT SNOW                0     SLEET                      0
FOG                       0     FOG W/VIS <= 1/4 MILE      0
HAZE                      0

-  INDICATES NEGATIVE NUMBERS.
R  INDICATES RECORD WAS SET OR TIED.
MM INDICATES DATA IS MISSING.
T  INDICATES TRACE AMOUNT.

$$
