000
CXUS55 KREV 021621 CCA
CLMRNO

CLIMATE REPORT
NATIONAL WEATHER SERVICE RENO NV
508 AM PDT WED MAY 1 2019

...................................

...THE RENO-TAHOE INTL AIRPORT NV CLIMATE SUMMARY FOR THE MONTH OF
APRIL 2019...

THE AVERAGE TEMPERATURE FOR APRIL 2019 AT THE RENO-TAHOE
INTERNATIONAL AIRPORT WAS 55.3 DEGREES WHICH IS 4.4 DEGREES ABOVE
NORMAL. THIS WAS THE 2ND WARMEST APRIL ON RECORD FOR RENO. THE
HIGHEST TEMPERATURE FOR APRIL WAS 86 DEGREES WHICH OCCURRED ON THE
24TH. THE LOWEST TEMPERATURE FOR THE MONTH WAS 33 DEGREES WHICH WAS
RECORDED ON THE 12TH.

FOR APRIL 2019, 0.24 INCH OF PRECIPITATION WAS RECORDED AT THE RENO-
TAHOE INTERNATIONAL AIRPORT. THIS IS 0.23 INCH BELOW NORMAL. THE
TOTAL SNOWFALL FOR THE MONTH WAS A TRACE.

THE AVERAGE WIND SPEED FOR APRIL 2019 WAS 7.5 MPH. THE PEAK WIND
GUST FOR THE MONTH WAS 55 MPH FROM THE SOUTHEAST ON THE 8TH.



CLIMATE NORMAL PERIOD 1981 TO 2010
CLIMATE RECORD PERIOD 1888 TO 2019

WEATHER         OBSERVED          NORMAL  DEPART
                 VALUE   DATE(S)  VALUE   FROM
                                          NORMAL
................................................
TEMPERATURE (F)
RECORD
 HIGH              90   04/22/2012
 LOW               13   04/03/1956
                        04/07/1953
                        04/13/1945
HIGHEST            86   04/24        89      -3
LOWEST             33   04/12        13      20
AVG. MAXIMUM     68.3              63.9     4.4
AVG. MINIMUM     42.3              37.8     4.5
MEAN             55.3              50.9     4.4
DAYS MAX >= 90      0               0.0     0.0
DAYS MAX <= 32      0               0.0     0.0
DAYS MIN <= 32      0               5.7    -5.7
DAYS MIN <= 0       0               0.0     0.0

PRECIPITATION (INCHES)
RECORD
 MAXIMUM         3.00   1880
 MINIMUM         0.00   1886
TOTALS           0.24              0.47   -0.23
DAILY AVG.       0.01              0.02   -0.01
DAYS >= .01         4               4.2    -0.2
DAYS >= .10         1               1.6    -0.6
DAYS >= .50         0               0.1    -0.1
DAYS >= 1.00        0               0.0     0.0
GREATEST
 24 HR. TOTAL    0.17   04/01 TO 04/02
 STORM TOTAL       MM
 (MM/DD(HH))            MM

SNOWFALL (INCHES)
RECORDS
 TOTAL           12.7   5
                        0
 24 HR TOTAL       MM
TOTALS              T               0.5    -0.5
 LIQUID EQUIV      MM              0.10      MM
SINCE 7/1        28.2              21.5     6.7
 LIQUID 7/1      2.82
DAYS >= TRACE       1               1.0     0.0
DAYS >= 1.0         0               0.1    -0.1
GREATEST
 SNOW DEPTH         0   MM
 24 HR TOTAL        T   04/09 TO 04/09
 STORM TOTAL       MM
 (MM/DD(HH))            MM

DEGREE_DAYS
HEATING TOTAL     290               426    -136
 SINCE 7/1       4359              4662    -303
COOLING TOTAL       8                 1       7
 SINCE 1/1          8                 1       7

FREEZE DATES
RECORD
 EARLIEST     08/23/1973
 LATEST       06/27/1974
EARLIEST                        10/03
LATEST                          05/21
.................................................

WIND (MPH)
AVERAGE WIND SPEED              7.5
HIGHEST WIND SPEED/DIRECTION    39/190    DATE  04/15
HIGHEST GUST SPEED/DIRECTION    55/140    DATE  04/08

AVERAGE RH (PERCENT)     43

WEATHER CONDITIONS. NUMBER OF DAYS WITH
THUNDERSTORM              1     MIXED PRECIP               0
HEAVY RAIN                0     RAIN                       1
LIGHT RAIN                9     FREEZING RAIN              0
LT FREEZING RAIN          0     HAIL                       0
HEAVY SNOW                0     SNOW                       1
LIGHT SNOW                1     SLEET                      0
FOG                       1     FOG W/VIS <= 1/4 MILE      0
HAZE                      1

-  INDICATES NEGATIVE NUMBERS.
R  INDICATES RECORD WAS SET OR TIED.
MM INDICATES DATA IS MISSING.
T  INDICATES TRACE AMOUNT.

$$
