000
CXUS51 KRNK 011020
CLMROA


CLIMATE REPORT
NATIONAL WEATHER SERVICE BLACKSBURG VA
558 AM EDT MON JUL 1 2019

...................................

...THE ROANOKE VA CLIMATE SUMMARY FOR THE MONTH OF JUNE 2019...

CLIMATE NORMAL PERIOD 1981 TO 2010
CLIMATE RECORD PERIOD 1912 TO 2019

WEATHER         OBSERVED          NORMAL  DEPART  LAST YEAR`S
                 VALUE   DATE(S)  VALUE   FROM    VALUE
                                          NORMAL
.............................................................
TEMPERATURE (F)
RECORD
 HIGH             104   06/29/2012
                        06/30/1936
                        22/12/2298
 LOW               36   06/11/1913
HIGHEST            93   06/29                         96
LOWEST             50   06/04                         57
AVG. MAXIMUM     82.9              83.4    -0.5     85.7
AVG. MINIMUM     62.9              62.3     0.6     65.5
MEAN             72.9              72.9     0.0     75.6
DAYS MAX >= 90      7               4.9     2.1        6
DAYS MAX <= 32      0               0.0     0.0        0
DAYS MIN <= 32      0               0.0     0.0        0
DAYS MIN <= 0       0               0.0     0.0        0

PRECIPITATION (INCHES)
RECORD
 MAXIMUM        10.32   1995
 MINIMUM         0.62   1986
TOTALS           5.53              3.83    1.70     3.63
DAILY AVG.       0.18              0.13    0.05     0.12
DAYS >= .01        14              10.8     3.2       12
DAYS >= .10         9               6.5     2.5        5
DAYS >= .50         3               2.5     0.5        3
DAYS >= 1.00        1               0.9     0.1        1
GREATEST
 24 HR. TOTAL    2.68                               1.52

SNOWFALL (INCHES)
TOTALS              TR                               0.0
DAYS >= TRACE       1                                  0
DAYS >= 1.0         0                                  0
GREATEST
 24 HR TOTAL        T                                0.0

DEGREE_DAYS
HEATING TOTAL       0                11     -11        0
COOLING TOTAL     245               246      -1      325
..............................................................

WIND (MPH)
AVERAGE WIND SPEED              6.1
HIGHEST WIND SPEED/DIRECTION    41/340    DATE  06/16
HIGHEST GUST SPEED/DIRECTION    52/010    DATE  06/16

SKY COVER
AVERAGE SKY COVER           0.40

AVERAGE RH (PERCENT)     67

WEATHER CONDITIONS. NUMBER OF DAYS WITH:
THUNDERSTORM             10     MIXED PRECIP                 0
HEAVY RAIN                5     RAIN                         6
LIGHT RAIN               19     FREEZING RAIN                0
LIGHT FREEZING RAIN       0     HAIL                         1
HEAVY SNOW                0     SNOW                         0
LIGHT SNOW                0     SLEET                        0
FOG                      12     FOG W/VIS <= 1/4 MILE        0
HAZE                      0

-  INDICATES NEGATIVE NUMBERS.
R  INDICATES RECORD WAS SET OR TIED.
MM INDICATES DATA IS MISSING.
T  INDICATES TRACE AMOUNT.

$$

RAB
