000
CXUS51 KRNK 071806
CLMROA

CLIMATE REPORT
NATIONAL WEATHER SERVICE BLACKSBURG VA
514 AM EDT MON APR 1 2019

...................................

...THE ROANOKE VA CLIMATE SUMMARY FOR THE MONTH OF MARCH 2019...

CLIMATE NORMAL PERIOD 1981 TO 2010
CLIMATE RECORD PERIOD 1912 TO 2019

WEATHER         OBSERVED          NORMAL  DEPART  LAST YEAR`S
                 VALUE   DATE(S)  VALUE   FROM    VALUE
                                          NORMAL
.............................................................
TEMPERATURE (F)
RECORD
 HIGH              90   03/19/1945
 LOW                9   03/10/1996
                        03/15/1993
HIGHEST            77   03/30                         79
LOWEST             20   03/06                         26
AVG. MAXIMUM     56.9              58.0    -1.1     52.2
AVG. MINIMUM     35.2              36.7    -1.5     34.0
MEAN             46.1              47.3    -1.2     43.1
DAYS MAX >= 90      0               0.0     0.0        0
DAYS MAX <= 32      0               0.3    -0.3        0
DAYS MIN <= 32     12               9.7     2.3       16
DAYS MIN <= 0       0               0.0     0.0        0

PRECIPITATION (INCHES)
RECORD
 MAXIMUM         7.91   1993
 MINIMUM         0.35   2006
TOTALS           1.82              3.46   -1.64     3.38
DAILY AVG.       0.06              0.11   -0.05     0.11
DAYS >= .01         8              10.4    -2.4       16
DAYS >= .10         5               6.6    -1.6        8
DAYS >= .50         2               2.2    -0.2        1
DAYS >= 1.00        0               0.7    -0.7        1
GREATEST
 24 HR. TOTAL    0.68                               1.02

SNOWFALL (INCHES)
TOTALS            0.1                               10.6
DAYS >= TRACE       3                                 11
DAYS >= 1.0         0                                  4
GREATEST
 24 HR TOTAL      0.1                                3.7

DEGREE_DAYS
HEATING TOTAL     580               552      28      668
COOLING TOTAL       0                 5      -5        0
..............................................................

WIND (MPH)
AVERAGE WIND SPEED              8.0
HIGHEST WIND SPEED/DIRECTION    41/310    DATE  03/22
HIGHEST GUST SPEED/DIRECTION    57/300    DATE  03/22

SKY COVER
AVERAGE SKY COVER           0.50

AVERAGE RH (PERCENT)     51

WEATHER CONDITIONS. NUMBER OF DAYS WITH:
THUNDERSTORM              0     MIXED PRECIP                 0
HEAVY RAIN                0     RAIN                         2
LIGHT RAIN               11     FREEZING RAIN                0
LIGHT FREEZING RAIN       0     HAIL                         0
HEAVY SNOW                0     SNOW                         0
LIGHT SNOW                3     SLEET                        0
FOG                       7     FOG W/VIS <= 1/4 MILE        1
HAZE                      0

-  INDICATES NEGATIVE NUMBERS.
R  INDICATES RECORD WAS SET OR TIED.
MM INDICATES DATA IS MISSING.
T  INDICATES TRACE AMOUNT.

$$

RAB
