000
CXUS55 KABQ 020302
CLMROW

ABQCLMROWALL 000
TTAA00 KABQ 011656


CLIMATE REPORT
NATIONAL WEATHER SERVICE ALBUQUERQUE NM
0901 PM MDT WED MAY 1 2019

...................................

...THE ROSWELL NM CLIMATE SUMMARY FOR THE MONTH OF APRIL 2019...

CLIMATE NORMAL PERIOD 1981 TO 2010
CLIMATE RECORD PERIOD 1893 TO 2019

WEATHER         OBSERVED          NORMAL  DEPART  LAST YEAR`S
                 VALUE   DATE(S)  VALUE   FROM    VALUE  DATE(S)
                                          NORMAL
................................................................
TEMPERATURE (F)
RECORD
 HIGH             102   04/25/2012
 LOW               23   04/08/1973
HIGHEST            97   04/09        MM      MM       96  04/11
LOWEST             29   04/14        MM      MM       34  04/07
AVG. MAXIMUM     80.9              76.8     4.1     81.7
AVG. MINIMUM     47.6              44.7     2.9     44.4
MEAN             64.3              60.8     3.5     63.0
DAYS MAX >= 90      7               1.3     5.7        6
DAYS MAX <= 32      0               0.0     0.0        0
DAYS MIN <= 32      1               1.6    -0.6        0
DAYS MIN <= 0       0               0.0     0.0        0

PRECIPITATION (INCHES)
RECORD
 MAXIMUM           MM   MM
 MINIMUM           MM   MM
TOTALS           0.56              0.61   -0.05     0.03
DAILY AVG.       0.02              0.02    0.00     0.00
DAYS >= .01         4               2.9     1.1        2
DAYS >= .10         2               1.5     0.5        0
DAYS >= .50         0               0.2    -0.2        0
DAYS >= 1.00        0               0.1    -0.1        0
GREATEST
 24 HR. TOTAL    0.34   04/22 TO 04/22              0.02

SNOWFALL (INCHES)
RECORDS
 TOTAL             MM   MM
TOTALS            0.0               0.3    -0.3      0.0
SINCE 7/1         5.8              11.9    -6.1      0.0
SNOWDEPTH AVG.      0                MM      MM        0
DAYS >= 1.0         0               0.1    -0.1        0
GREATEST
 SNOW DEPTH         0   MM                             0  MM
 24 HR TOTAL      0.0   04/30 TO 04/30               0.0

DEGREE_DAYS
HEATING TOTAL      96               164     -68      111
 SINCE 7/1       3079              3258    -179     2741
COOLING TOTAL      84                37      47       57
 SINCE 1/1         97                40      57       74
.................................................................

WIND (MPH)
AVERAGE WIND SPEED              9.8
HIGHEST WIND SPEED/DIRECTION    52/240    DATE  04/10
HIGHEST GUST SPEED/DIRECTION    63/240    DATE  04/10

SKY COVER
AVERAGE SKY COVER           0.10

AVERAGE RH (PERCENT)     38

WEATHER CONDITIONS. NUMBER OF DAYS WITH
THUNDERSTORM          5       MIXED PRECIP           0
HEAVY RAIN            1       RAIN                   1
LIGHT RAIN            4       FREEZING RAIN          0
LT FREEZING RAIN      0       HAIL                   0
HEAVY SNOW            0       SNOW                   0
LIGHT SNOW            0       SLEET                  0
FOG                   2       FOG W/VIS <= 1/4 MILE  0
HAZE                  2


-  INDICATES NEGATIVE NUMBERS.
R  INDICATES RECORD WAS SET OR TIED.
MM INDICATES DATA IS MISSING.
T  INDICATES TRACE AMOUNT.

$$
