000
CXUS55 KABQ 011746 CCA
CLMROW

ABQCLMROW 000
TTAA00 KABQ 011746


CLIMATE REPORT
NATIONAL WEATHER SERVICE ALBUQUERQUE NM
1146 AM MDT MON JUL 1 2019

...................................

...THE ROSWELL NM CLIMATE SUMMARY FOR THE MONTH OF JUNE 2019...

CLIMATE NORMAL PERIOD 1981 TO 2010
CLIMATE RECORD PERIOD 1893 TO 2019

WEATHER         OBSERVED          NORMAL  DEPART  LAST YEAR`S
                 VALUE   DATE(S)  VALUE   FROM    VALUE  DATE(S)
                                          NORMAL
................................................................
TEMPERATURE (F)
RECORD
 HIGH             114   06/27/1994
 LOW               47   06/02/1992
                        06/01/1964
HIGHEST           105   06/20        MM      MM      109  06/22
LOWEST             56   06/11        MM      MM       60  06/04
                        06/06
AVG. MAXIMUM     94.4              93.2     1.2     99.2
AVG. MINIMUM     64.1              63.2     0.9     67.2
MEAN             79.3              78.2     1.1     83.2
DAYS MAX >= 90     23              20.8     2.2       28
DAYS MAX <= 32      0               0.0     0.0        0
DAYS MIN <= 32      0               0.0     0.0        0
DAYS MIN <= 0       0               0.0     0.0        0

PRECIPITATION (INCHES)
RECORD
 MAXIMUM           MM   MM
 MINIMUM           MM   MM
TOTALS           1.15              1.73   -0.58     1.40
DAILY AVG.       0.04              0.06   -0.02     0.05
DAYS >= .01         4               5.3    -1.3        4
DAYS >= .10         4               3.0     1.0        2
DAYS >= .50         0               1.2    -1.2        1
DAYS >= 1.00        0               0.5    -0.5        0
GREATEST
 24 HR. TOTAL    0.36   06/03 TO 06/03              0.82

SNOWFALL (INCHES)
RECORDS
 TOTAL             MM   MM
TOTALS            0.0               0.0     0.0      0.0
SINCE 7/1         5.8              11.9    -6.1      0.0
SNOWDEPTH AVG.      0                MM      MM        0
DAYS >= 1.0         0               0.0     0.0        0
GREATEST
 SNOW DEPTH         0   MM                             0  MM
 24 HR TOTAL      0.0   06/30 TO 06/30               0.0

DEGREE_DAYS
HEATING TOTAL       0                 1      -1        0
 SINCE 7/1       3106              3288    -182     2741
COOLING TOTAL     434               397      37      554
 SINCE 1/1        744               622     122      996
.................................................................

WIND (MPH)
AVERAGE WIND SPEED              10.4
HIGHEST WIND SPEED/DIRECTION    45/270    DATE  06/05
HIGHEST GUST SPEED/DIRECTION    55/270    DATE  06/05

SKY COVER
AVERAGE SKY COVER           0.10

AVERAGE RH (PERCENT)     40

WEATHER CONDITIONS, NUMBER OF DAYS WITH

THUNDERSTORM            8        MIXED PRECIP              0
HEAVY RAIN              0        RAIN                      4
LIGHT RAIN              4        FREEZING RAIN             0
LT FREEZING RAIN        0        HAIL                      0
HEAVY SNOW              0        SNOW                      0
LIGHT SNOW              0        SLEET                     0
FOG                     0        FOG W/VIS <= 1/4 MILE     0
HAZE                    3


-  INDICATES NEGATIVE NUMBERS.
R  INDICATES RECORD WAS SET OR TIED.
MM INDICATES DATA IS MISSING.
T  INDICATES TRACE AMOUNT.

$$
