000
CXUS53 KARX 010750
CLMRST


CLIMATE REPORT
NATIONAL WEATHER SERVICE LA CROSSE WI
249 AM CDT WED MAY 1 2019

...................................

...THE ROCHESTER MN CLIMATE SUMMARY FOR THE MONTH OF APRIL 2019...

CLIMATE NORMAL PERIOD 1981 TO 2010
CLIMATE RECORD PERIOD 1886 TO 2019

WEATHER         OBSERVED          NORMAL  DEPART  LAST YEAR`S
                 VALUE   DATE(S)  VALUE   FROM    VALUE  DATE(S)
                                          NORMAL
................................................................
TEMPERATURE (F)
RECORD
 HIGH              92   04/24/2009
 LOW                5   04/06/1982
HIGHEST            83   04/21        MM      MM       80  04/30
LOWEST             24   04/02        MM      MM        6  04/04
AVG. MAXIMUM     54.6              57.0    -2.4     44.5
AVG. MINIMUM     35.1              36.4    -1.3     24.5
MEAN             44.8              46.7    -1.9     34.5
DAYS MAX >= 90      0               0.0     0.0        0
DAYS MAX <= 32      0               0.5    -0.5        9
DAYS MIN <= 32     11               8.6     2.4       22
DAYS MIN <= 0       0               0.0     0.0        0

PRECIPITATION (INCHES)
RECORD
 MAXIMUM         7.30   2001
 MINIMUM         0.46   1946
TOTALS           3.93              3.24    0.69     3.18
DAILY AVG.       0.13              0.11    0.02     0.11
DAYS >= .01        16              11.2     4.8        8
DAYS >= .10        10               6.8     3.2        5
DAYS >= .50         3               2.1     0.9        2
DAYS >= 1.00        1               0.6     0.4        1
GREATEST
 24 HR. TOTAL    1.12   04/17 TO 04/17           04/13 TO 04/13
                                                          04/03 TO 04/03EATHER         OBSERVED          NORMAL  DEPART  LAST YEAR`S
                                                          04/03 TO 04/03EATHER         OBSERVED          NORMAL  DEPART  LAST YEAR`S

SNOWFALL (INCHES)
RECORDS
 TOTAL           17.0   2018
 24 HR TOTAL       MM
TOTALS            8.2               3.3     4.9     17.0
SINCE 7/1        86.8              51.9    34.9     60.2
SNOWDEPTH AVG.      0                MM      MM        2
DAYS >= TRACE       8               2.3     5.7       13
DAYS >= 1.0         4               0.8     3.2        4
GREATEST
 SNOW DEPTH         3   04/11                          7
 24 HR TOTAL      4.1   04/10 TO 04/10               7.4

DEGREE_DAYS
HEATING TOTAL     600               553      47      907
 SINCE 7/1       8161              7425     736     7937
COOLING TOTAL       3                 4      -1        0
 SINCE 1/1          3                 4      -1        0
.................................................................

WIND (MPH)
AVERAGE WIND SPEED              13.1
HIGHEST WIND SPEED/DIRECTION    39/080    DATE  04/11
HIGHEST GUST SPEED/DIRECTION    56/070    DATE  04/11

SKY COVER
POSSIBLE SUNSHINE (PERCENT)   MM
AVERAGE SKY COVER           0.50
NUMBER OF DAYS FAIR           11
NUMBER OF DAYS PC              7
NUMBER OF DAYS CLOUDY         12

AVERAGE RH (PERCENT)     70

WEATHER CONDITIONS. NUMBER OF DAYS WITH
  1
  4
  1
  0
  2
  1
  4
HAZE                      1

-  INDICATES NEGATIVE NUMBERS.
R  INDICATES RECORD WAS SET OR TIED.
MM INDICATES DATA IS MISSING.
T  INDICATES TRACE AMOUNT.

$$
