000
CXUS53 KARX 010855
CLMRST


CLIMATE REPORT
NATIONAL WEATHER SERVICE LA CROSSE WI
348 AM CDT THU AUG 1 2019

...................................

...THE ROCHESTER MN CLIMATE SUMMARY FOR THE MONTH OF JULY 2019...

CLIMATE NORMAL PERIOD 1981 TO 2010
CLIMATE RECORD PERIOD 1886 TO 2019

WEATHER         OBSERVED          NORMAL  DEPART  LAST YEAR`S
                 VALUE   DATE(S)  VALUE   FROM    VALUE  DATE(S)
                                          NORMAL
................................................................
TEMPERATURE (F)
RECORD
 HIGH             108   07/14/1936
 LOW               40   07/17/1911
HIGHEST            90   07/19        MM      MM       90  07/12
LOWEST             52   07/31        MM      MM       52  07/28
                        07/30
AVG. MAXIMUM     81.7              81.4     0.3     80.3
AVG. MINIMUM     62.6              61.3     1.3     60.5
MEAN             72.2              71.4     0.8     70.4
DAYS MAX >= 90      1               2.5    -1.5        1
DAYS MAX <= 32      0               0.0     0.0        0
DAYS MIN <= 32      0               0.0     0.0        0
DAYS MIN <= 0       0               0.0     0.0        0

PRECIPITATION (INCHES)
RECORD
 MAXIMUM        12.33   1978
 MINIMUM         0.41   1946
TOTALS           7.38              4.55    2.83     2.88
DAILY AVG.       0.24              0.15    0.09     0.09
DAYS >= .01        11              10.5     0.5       10
DAYS >= .10        10               6.8     3.2        6
DAYS >= .50         6               3.1     2.9        2
DAYS >= 1.00        3               1.2     1.8        0
GREATEST
 24 HR. TOTAL    1.50   07/18 TO 07/18

SNOWFALL (INCHES)
RECORDS
 TOTAL             MM   MM
 24 HR TOTAL       MM
TOTALS            0.0               0.0     0.0      0.0
SINCE 7/1         0.0               0.0     0.0      0.0
SNOWDEPTH AVG.      0                MM      MM        0
DAYS >= TRACE       0               0.0     0.0        0
DAYS >= 1.0         0               0.0     0.0        0
GREATEST
 SNOW DEPTH         0   MM                             0
 24 HR TOTAL      0.0   07/31 TO 07/31               0.0

DEGREE_DAYS
HEATING TOTAL       1                11     -10        4
 SINCE 7/1          1                11     -10        4
COOLING TOTAL     231               207      24      178
 SINCE 1/1        336               371     -35      448
.................................................................

WIND (MPH)
AVERAGE WIND SPEED              8.7
HIGHEST WIND SPEED/DIRECTION    49/340    DATE  07/20
HIGHEST GUST SPEED/DIRECTION    74/350    DATE  07/20

SKY COVER
POSSIBLE SUNSHINE (PERCENT)   MM
AVERAGE SKY COVER           0.30
NUMBER OF DAYS FAIR           20
NUMBER OF DAYS PC             11
NUMBER OF DAYS CLOUDY          0

AVERAGE RH (PERCENT)     76

WEATHER CONDITIONS. NUMBER OF DAYS WITH
THUNDERSTORM             11     MIXED PRECIP               0
HEAVY RAIN               10     RAIN                       6
LT RAIN                  17     FREEZING RAIN              0
LT FREEZING RAIN          0     HAIL                       0
HEAVY SNOW                0     SNOW                       0
LIGHT SNOW                0     SLEET                      0
FOG                      16     FOG W/VIS <= 1/4 MILE      1
HAZE                      2

-  INDICATES NEGATIVE NUMBERS.
R  INDICATES RECORD WAS SET OR TIED.
MM INDICATES DATA IS MISSING.
T  INDICATES TRACE AMOUNT.

$$
