000
CXUS56 KSGX 011643
CLMSAN


CLIMATE REPORT
NATIONAL WEATHER SERVICE SAN DIEGO, CA
943 AM PDT WED MAY 1 2019

...................................

...THE SAN DIEGO/LINDBERGH FIELD CA CLIMATE SUMMARY FOR THE MONTH OF APRIL 2019...

CLIMATE NORMAL PERIOD 1981 TO 2010
CLIMATE RECORD PERIOD 1874 TO 2019

WEATHER         OBSERVED          NORMAL  DEPART  LAST YEAR`S
                 VALUE   DATE(S)  VALUE   FROM    VALUE  DATE(S)
                                          NORMAL
................................................................
TEMPERATURE (F)
RECORD
 HIGH              98   04/20/2009
                        04/20/1958
 LOW               39   04/07/1875
HIGHEST            81   04/08        68      13       85  04/10
LOWEST             55   04/11        56      -1       53  04/20
AVG. MAXIMUM     69.8              67.5     2.3     69.8
AVG. MINIMUM     58.7              55.9     2.8     57.3
MEAN             64.2              61.7     2.5     63.5
DAYS MAX >= 90      0               0.1    -0.1        0
DAYS MAX <= 32      0               0.0     0.0        0
DAYS MIN <= 32      0               0.0     0.0        0

PRECIPITATION (INCHES)
RECORD
 MAXIMUM         5.37   1926
 MINIMUM         0.00   1993
TOTALS           0.16              0.78   -0.62     0.02
DAILY AVG.       0.01              0.03   -0.02     0.00
DAYS >= .01         4               4.0     0.0        2
DAYS >= .10         0               1.9    -1.9        0
DAYS >= .50         0               0.4    -0.4        0
DAYS >= 1.00        0               0.1    -0.1        0
GREATEST
 24 HR. TOTAL    0.07   04/30 TO 04/30           04/30 TO 04/30
                                                          04/19 TO 04/19EATHER         OBSERVED          NORMAL  DEPART  LAST YEAR`S
                                                          04/19 TO 04/19EATHER         OBSERVED          NORMAL  DEPART  LAST YEAR`S
 STORM TOTAL       MM                                 MM
 (MM/DD(HH))            MM                    04/30(00) TO 04/30(00)
                                                 04/19(00) TO 04/19(00)9EATHER         OBSERVED          NORMAL  DEPART  LAST YEAR`S
                                                 04/19(00) TO 04/19(00)9EATHER         OBSERVED          NORMAL  DEPART  LAST YEAR`S

DEGREE_DAYS
HEATING TOTAL      33               113     -80       58
 SINCE 7/1        781              1149    -368      632
COOLING TOTAL      18                14       4       23
 SINCE 1/1         22                24      -2       41

FREEZE DATES
RECORD
 EARLIEST     MM
 LATEST       MM
EARLIEST                        MM
LATEST                          MM
.................................................................

WIND (MPH)
AVERAGE WIND SPEED              6.3
RESULTANT WIND SPEED/DIRECTION   4/277
HIGHEST WIND SPEED/DIRECTION    23/260    DATE  04/17
HIGHEST GUST SPEED/DIRECTION    29/310    DATE  04/10

SKY COVER
POSSIBLE SUNSHINE (PERCENT)   MM
AVERAGE SKY COVER           0.60
NUMBER OF DAYS FAIR            4
NUMBER OF DAYS PC             16
NUMBER OF DAYS CLOUDY         10

AVERAGE RH (PERCENT)     67

WEATHER CONDITIONS. NUMBER OF DAYS WITH
  0
  0
  0
  0
  0
  0
  0
HAZE                      4

-  INDICATES NEGATIVE NUMBERS.
R  INDICATES RECORD WAS SET OR TIED.
MM INDICATES DATA IS MISSING.
T  INDICATES TRACE AMOUNT.

$$
