000
CXUS56 KSGX 011759
CLMSAN


CLIMATE REPORT
NATIONAL WEATHER SERVICE SAN DIEGO, CA
1058 AM PDT MON JUL 1 2019

...................................

...THE SAN DIEGO/LINDBERGH FIELD CA CLIMATE SUMMARY FOR THE MONTH OF JUNE 2019...

CLIMATE NORMAL PERIOD 1981 TO 2010
CLIMATE RECORD PERIOD 1874 TO 2019

WEATHER         OBSERVED          NORMAL  DEPART  LAST YEAR`S
                 VALUE   DATE(S)  VALUE   FROM    VALUE  DATE(S)
                                          NORMAL
................................................................
TEMPERATURE (F)
RECORD
 HIGH             101   06/10/1979
 LOW               50   06/14/1943
                        06/04/1908
                        06/13/1894
HIGHEST            79   06/30        72       7       78  06/14
LOWEST             61   06/21        62      -1       60  06/02
                        06/10
                        06/06
AVG. MAXIMUM     70.2              70.8    -0.6     71.7
AVG. MINIMUM     62.4              62.0     0.4     63.2
MEAN             66.3              66.4    -0.1     67.4
DAYS MAX >= 90      0               0.1    -0.1        0
DAYS MAX <= 32      0               0.0     0.0        0
DAYS MIN <= 32      0               0.0     0.0        0

PRECIPITATION (INCHES)
RECORD
 MAXIMUM         0.87   1990
 MINIMUM         0.00   2014
                        2013
                        2007
TOTALS           0.01              0.07   -0.06        T
DAILY AVG.       0.00              0.00    0.00        T
DAYS >= .01         1               0.8     0.2        0
DAYS >= .10         0               0.2    -0.2        0
DAYS >= .50         0               0.0     0.0        0
DAYS >= 1.00        0               0.0     0.0        0
GREATEST
 24 HR. TOTAL    0.01   06/21 TO 06/21           06/23 TO 06/23
                                                          05/31 TO 06/01EATHER         OBSERVED          NORMAL  DEPART  LAST YEAR`S
                                                          06/01 TO 06/01EATHER         OBSERVED          NORMAL  DEPART  LAST YEAR`S
 STORM TOTAL       MM                                 MM
 (MM/DD(HH))            MM                    06/23(00) TO 06/23(00)
                                                 06/01(00) TO 06/01(00)1EATHER         OBSERVED          NORMAL  DEPART  LAST YEAR`S
                                                 06/01(00) TO 06/01(00)1EATHER         OBSERVED          NORMAL  DEPART  LAST YEAR`S

DEGREE_DAYS
HEATING TOTAL       4                18     -14        0
 SINCE 7/1        823              1225    -402      679
COOLING TOTAL      51                60      -9       81
 SINCE 1/1         83               109     -26      133

FREEZE DATES
RECORD
 EARLIEST     MM
 LATEST       MM
EARLIEST                        MM
LATEST                          MM
.................................................................

WIND (MPH)
AVERAGE WIND SPEED              6.0
RESULTANT WIND SPEED/DIRECTION   4/257
HIGHEST WIND SPEED/DIRECTION    18/280    DATE  06/23
HIGHEST GUST SPEED/DIRECTION    25/200    DATE  06/21

SKY COVER
POSSIBLE SUNSHINE (PERCENT)   MM
AVERAGE SKY COVER           0.80
NUMBER OF DAYS FAIR            0
NUMBER OF DAYS PC             12
NUMBER OF DAYS CLOUDY         18

AVERAGE RH (PERCENT)     75

WEATHER CONDITIONS. NUMBER OF DAYS WITH
  0
  0
  0
  0
  0
  0
  0
HAZE                      4

-  INDICATES NEGATIVE NUMBERS.
R  INDICATES RECORD WAS SET OR TIED.
MM INDICATES DATA IS MISSING.
T  INDICATES TRACE AMOUNT.

$$
