000
CXUS54 KEWX 031700
CLMSAT

CLIMATE REPORT
NATIONAL WEATHER SERVICE AUSTIN/SAN ANTONIO, TX
1201 PM CDT FRI MAY 3 2019

...................................

...THE SAN ANTONIO CLIMATE SUMMARY FOR THE MONTH OF APRIL 2019...

CLIMATE NORMAL PERIOD 1981 TO 2010
CLIMATE RECORD PERIOD 1886 TO 2019

WEATHER         OBSERVED          NORMAL  DEPART  LAST YEAR`S
                 VALUE   DATE(S)  VALUE   FROM    VALUE  DATE(S)
                                          NORMAL
................................................................
TEMPERATURE (F)
HIGHEST            92   04/10                         87  04/13
                                                          04/12
LOWEST             37   04/02                         41  04/15
AVG. MAXIMUM     79.7              80.5    -0.8     79.1
AVG. MINIMUM     57.5              58.1    -0.6     56.9
MEAN             68.6              69.3    -0.7     68.0
DAYS MAX >= 90      1                                  0
DAYS MAX <= 32      0                                  0
DAYS MIN <= 32      0                                  0
DAYS MIN <= 0       0                                  0

PRECIPITATION (INCHES)
TOTALS           3.47              2.10    1.37     0.36
DAILY AVG.       0.12              0.07    0.05     0.01
DAYS >= .01         7                                  3
DAYS >= .10         5                                  1
DAYS >= .50         2                                  0
DAYS >= 1.00        1                                  0
GREATEST
 24 HR. TOTAL    1.59   04/07 TO 04/07

SNOWFALL (INCHES)
TOTALS            0.0               0.0     0.0      0.0
SINCE 7/1           T               0.7    -0.7      1.9

DEGREE_DAYS
HEATING TOTAL      39                39       0       37
 SINCE 7/1       1536              1494      42     1303
COOLING TOTAL     156               168     -12      133
 SINCE 1/1        252               259      -7      301
.................................................................

WIND (MPH)
AVERAGE WIND SPEED              10.4
HIGHEST WIND SPEED/DIRECTION    39/260    DATE  04/07
HIGHEST GUST SPEED/DIRECTION    52/330    DATE  04/17

SKY COVER
POSSIBLE SUNSHINE (PERCENT)   MM
AVERAGE SKY COVER           0.50
NUMBER OF DAYS FAIR           10
NUMBER OF DAYS PC             11
NUMBER OF DAYS CLOUDY          9

AVERAGE RH (PERCENT)     66

WEATHER CONDITIONS. NUMBER OF DAYS WITH
THUNDERSTORM              5    MIXED PRECIP             0
HEAVY RAIN                4    RAIN                     4
LIGHT RAIN                9    FREEZING RAIN            0
LT FREEZING RAIN          0    HAIL                     0
HEAVY SNOW                0    SNOW                     0
LIGHT SNOW                0    SLEET                    0
FOG                      10    FOG W/VIS <= 1/4 MILE    0
HAZE                      1

-  INDICATES NEGATIVE NUMBERS.
R  INDICATES RECORD WAS SET OR TIED.
MM INDICATES DATA IS MISSING.
T  INDICATES TRACE AMOUNT.

&&

MONTHLY CLIMATE SUMMARY:
APRIL 2019 WAS THE 50TH COLDEST AND 37TH WETTEST APRIL
SINCE RECORD KEEPING BEGAN.

SEA LEVEL PRESSURE:
HIGHEST SLP 30.29 ON THE 1ST.
LOWEST SLP 29.45 ON THE 10TH.

PRELIMINARY LOCAL CLIMATOLOGICAL DATA (WS FORM: F-6)

                                          STATION:   SAN ANTONIO
                                          MONTH:     APRIL
                                          YEAR:      2019
                                          LATITUDE:   29 31 N
                                          LONGITUDE:  98 28 W

  TEMPERATURE IN F:       :PCPN:    SNOW:  WIND      :SUNSHINE: SKY     :PK WND
================================================================================
1   2   3   4   5  6A  6B    7    8   9   10  11  12  13   14  15   16   17  18
                                     12Z  AVG MX 2MIN
DY MAX MIN AVG DEP HDD CDD  WTR  SNW DPTH SPD SPD DIR MIN PSBL S-S WX    SPD DR
================================================================================

 1  62  42  52 -14  13   0 0.00  0.0    0  5.6 12 130   M    M   7        13 130
 2  71  37  54 -12  11   0 0.00  0.0    0  8.1 18 150   M    M   5        23 160
 3  68  57  63  -3   2   0    T  0.0    0 11.3 22 150   M    M  10 1      25 150
 4  86  66  76  10   0  11    T  0.0    0  6.5 14 270   M    M   7 1      18 260
 5  82  59  71   4   0   6 0.00  0.0    0  7.7 16 120   M    M   7        21 140
 6  83  69  76   9   0  11 0.04  0.0    0  7.4 16 130   M    M   9 18     20 230
 7  74  58  66  -1   0   1 1.59  0.0    0  8.6 39 260   M    M   7 13     51 250
 8  88  57  73   5   0   8 0.00  0.0    0  7.2 17 320   M    M   3        25 320
 9  89  56  73   5   0   8 0.00  0.0    0  7.7 15 140   M    M   1        20 150
10  92  59  76   8   0  11 0.00  0.0    0 11.0 28 160   M    M   2        38 170
11  84  59  72   4   0   7 0.00  0.0    0  7.2 22 330   M    M   5        28 340
12  79  56  68   0   0   3 0.00  0.0    0 11.0 25 130   M    M   4        31 130
13  74  49  62  -7   3   0 0.44  0.0    0 14.9 32 300   M    M   6 13     40 290
14  73  44  59 -10   6   0 0.00  0.0    0  7.8 25 330   M    M   1        34 340
15  80  53  67  -2   0   2 0.00  0.0    0 12.2 23 120   M    M   2        27 140
16  79  65  72   3   0   7 0.00  0.0    0 17.6 26 140   M    M   9        31 150
17  84  60  72   2   0   7 0.51  0.0    0 14.0 36 330   M    M   9 13     52 330
18  77  54  66  -4   0   1 0.45  0.0    0 12.2 32 330   M    M   5 13     42 290
19  77  52  65  -5   0   0 0.00  0.0    0  9.9 23 340   M    M   1        36 340
20  81  47  64  -6   1   0 0.00  0.0    0  8.3 18 160   M    M   1        25 150
21  83  58  71   0   0   6 0.00  0.0    0 14.0 24 150   M    M   5        33 130
22  80  66  73   2   0   8    T  0.0    0 14.4 23 130   M    M   8        32 150
23  77  67  72   1   0   7 0.01  0.0    0 12.2 21 130   M    M  10 1      26 130
24  69  55  62  -9   3   0 0.43  0.0    0  8.1 23  40   M    M   8 13     30  40
25  87  54  71  -1   0   6 0.00  0.0    0  8.1 20 340   M    M   2        26  10
26  84  58  71  -1   0   6 0.00  0.0    0  7.1 15  40   M    M   1        20  40
27  84  61  73   1   0   8 0.00  0.0    0 10.5 21 150   M    M   1        26 150
28  83  66  75   3   0  10 0.00  0.0    0 12.9 21 140   M    M   6        30 130
29  80  69  75   2   0  10    T  0.0    0 13.4 21 150   M    M   9        25 140
30  82  72  77   4   0  12    T  0.0    0 14.7 23 130   M    M  10 1      29 150
================================================================================
SM 2392 1725        39 156  3.47     0.0 311.6          M      161
================================================================================
AV 79.7 57.5                              10.4 FASTST   M    M   5    MAX(MPH)
                                 MISC ---->  # 39 260               # 52  330
================================================================================
NOTES:
# LAST OF SEVERAL OCCURRENCES
COLUMN 17 PEAK WIND IN M.P.H.

SYMBOLS USED IN COLUMN 16
1 = FOG OR MIST
2 = FOG REDUCING VISIBILITY TO 1/4 MILE OR LESS
3 = THUNDER
4 = ICE PELLETS
5 = HAIL
6 = FREEZING RAIN OR DRIZZLE
7 = DUSTSTORM OR SANDSTORM
8 = SMOKE OR HAZE
9 = BLOWING SNOW
X = TORNADO

$$
