683
CXUS54 KEWX 011703
CLMSAT

CLIMATE REPORT
NATIONAL WEATHER SERVICE AUSTIN/SAN ANTONIO, TX
1203 PM CDT THU AUG 1 2019

................................................................

...THE SAN ANTONIO CLIMATE SUMMARY FOR THE MONTH OF JULY 2019...

CLIMATE NORMAL PERIOD 1981 TO 2010
CLIMATE RECORD PERIOD 1886 TO 2019

WEATHER         OBSERVED          NORMAL  DEPART  LAST YEAR`S
                 VALUE   DATE(S)  VALUE   FROM    VALUE  DATE(S)
                                          NORMAL
................................................................
TEMPERATURE (F)
HIGHEST           100   07/31                        105  07/23
LOWEST             64   07/25                         71  07/27
                                                          07/09
AVG. MAXIMUM     95.0              94.6     0.4     97.0
AVG. MINIMUM     74.6              74.6     0.0     75.3
MEAN             84.8              84.6     0.2     86.1
DAYS MAX >= 90     31                                 30
DAYS MAX <= 32      0                                  0
DAYS MIN <= 32      0                                  0
DAYS MIN <= 0       0                                  0

PRECIPITATION (INCHES)
TOTALS           0.14              2.74   -2.60     4.87
DAILY AVG.       0.00              0.09   -0.09     0.16
DAYS >= .01         3                                  7
DAYS >= .10         0                                  7
DAYS >= .50         0                                  3
DAYS >= 1.00        0                                  1
GREATEST
 24 HR. TOTAL    0.98   06/30 TO 07/01
                        07/01 TO 07/01
                        07/01 TO 07/02

SNOWFALL (INCHES)
TOTALS            0.0               0.0     0.0      0.0
SINCE 7/1         0.0               0.0     0.0      0.0

DEGREE_DAYS
HEATING TOTAL       0                 0       0        0
 SINCE 7/1          0                 0       0        0
COOLING TOTAL     623               608      15      663
 SINCE 1/1       1767              1760       7     2095
.................................................................

WIND (MPH)
AVERAGE WIND SPEED              9.7
HIGHEST WIND SPEED/DIRECTION    32/010    DATE  07/10
HIGHEST GUST SPEED/DIRECTION    44/020    DATE  07/10

SKY COVER
POSSIBLE SUNSHINE (PERCENT)   MM
AVERAGE SKY COVER           0.50
NUMBER OF DAYS FAIR            4
NUMBER OF DAYS PC             26
NUMBER OF DAYS CLOUDY          1

AVERAGE RH (PERCENT)     62

WEATHER CONDITIONS. NUMBER OF DAYS WITH
THUNDERSTORM              3    MIXED PRECIP             0
HEAVY RAIN                0    RAIN                     0
LIGHT RAIN                4    FREEZING RAIN            0
LT FREEZING RAIN          0    HAIL                     0
HEAVY SNOW                0    SNOW                     0
LIGHT SNOW                0    SLEET                    0
FOG                       1    FOG W/VIS <= 1/4 MILE    0
HAZE                      0

-  INDICATES NEGATIVE NUMBERS.
R  INDICATES RECORD WAS SET OR TIED.
MM INDICATES DATA IS MISSING.
T  INDICATES TRACE AMOUNT.

&&

MONTHLY CLIMATE SUMMARY:
JULY 2019 WAS TIED FOR THE 51ST WARMEST JULY (0.2 DEGREES ABOVE NORMAL)
AND WAS TIED FOR THE 19TH DRIEST JULY SINCE RECORD KEEPING BEGAN.

SEA LEVEL PRESSURE DATA:
HIGHEST SLP 30.12 ON THE 27TH
LOWEST SLP 29.72 ON THE 12TH

PRELIMINARY LOCAL CLIMATOLOGICAL DATA (WS FORM: F-6)

                                          STATION:   SAN ANTONIO
                                          MONTH:     JULY
                                          YEAR:      2019
                                          LATITUDE:   29 31 N
                                          LONGITUDE:  98 28 W

  TEMPERATURE IN F:       :PCPN:    SNOW:  WIND      :SUNSHINE: SKY     :PK WND
================================================================================
1   2   3   4   5  6A  6B    7    8   9   10  11  12  13   14  15   16   17  18
                                     12Z  AVG MX 2MIN
DY MAX MIN AVG DEP HDD CDD  WTR  SNW DPTH SPD SPD DIR MIN PSBL S-S WX    SPD DR
================================================================================

 1  90  72  81  -3   0  16 0.00  0.0    0  9.7 22 140   M    M   7        27 130
 2  91  75  83  -1   0  18 0.00  0.0    0 10.5 28 130   M    M   7        34 140
 3  90  76  83  -1   0  18 0.03  0.0    0 10.4 24 140   M    M   9        30 130
 4  91  74  83  -1   0  18 0.00  0.0    0 12.2 22 130   M    M   7        26 140
 5  94  77  86   2   0  21 0.00  0.0    0 13.0 23 130   M    M   6        27 130
 6  92  77  85   1   0  20 0.00  0.0    0  9.8 18 150   M    M   6        23 150
 7  93  78  86   2   0  21 0.00  0.0    0  8.8 17 150   M    M   5        22 130
 8  94  77  86   2   0  21 0.00  0.0    0  9.0 20 130   M    M   4        26 130
 9  93  78  86   2   0  21 0.00  0.0    0  8.6 17 160   M    M   7        24 170
10  96  72  84   0   0  19 0.04  0.0    0  6.7 32  10   M    M   4 13     44  20
11  96  73  85   1   0  20    T  0.0    0  8.0 20  50   M    M   5 3      25  50
12  96  75  86   2   0  21 0.00  0.0    0  6.5 15  20   M    M   6        19  20
13  96  71  84   0   0  19 0.00  0.0    0  7.1 16 320   M    M   6        22  10
14  99  77  88   4   0  23 0.07  0.0    0  7.1 17 330   M    M   7 3      21 140
15  95  76  86   2   0  21 0.00  0.0    0  7.6 22 140   M    M   5        25 140
16  97  77  87   2   0  22 0.00  0.0    0 13.4 23 130   M    M   5        28 130
17  96  78  87   2   0  22 0.00  0.0    0 14.4 24 140   M    M   5        29 150
18  99  75  87   2   0  22 0.00  0.0    0 14.3 25 130   M    M   4        32 130
19  98  76  87   2   0  22 0.00  0.0    0 14.9 24 140   M    M   4        30 140
20  98  77  88   3   0  23 0.00  0.0    0 13.5 22 120   M    M   5        27 150
21  97  76  87   2   0  22 0.00  0.0    0 12.5 24 130   M    M   7        29 130
22  95  76  86   1   0  21 0.00  0.0    0  6.8 17 160   M    M   7        22 140
23  94  76  85   0   0  20 0.00  0.0    0 10.0 20  20   M    M   5        27  10
24  91  71  81  -4   0  16 0.00  0.0    0  7.9 18  40   M    M   3        26  10
25  92  64  78  -7   0  13 0.00  0.0    0  5.7 14 110   M    M   1        19  90
26  93  66  80  -5   0  15 0.00  0.0    0  5.7 14 100   M    M   4        21 120
27  95  68  82  -3   0  17 0.00  0.0    0  6.3 22 160   M    M   2        26 160
28  99  77  88   3   0  23 0.00  0.0    0 13.7 25 140   M    M   5        32 150
29  97  74  86   1   0  21 0.00  0.0    0 10.9 21 150   M    M   4        27 120
30  98  78  88   3   0  23 0.00  0.0    0  8.8 17 140   M    M   6        22 160
31 100  77  89   3   0  24 0.00  0.0    0  7.7 21 140   M    M   3        25 140
================================================================================
SM 2945 2314         0 623  0.14     0.0 301.5          M      161
================================================================================
AV 95.0 74.7                               9.7 FASTST   M    M   5    MAX(MPH)
                                 MISC ---->  # 32  10               # 44   20
================================================================================
NOTES:
# LAST OF SEVERAL OCCURRENCES
COLUMN 17 PEAK WIND IN M.P.H.

SYMBOLS USED IN COLUMN 16:
1 = FOG OR MIST
2 = FOG REDUCING VISIBILITY TO 1/4 MILE OR LESS
3 = THUNDER
4 = ICE PELLETS
5 = HAIL
6 = FREEZING RAIN OR DRIZZLE
7 = DUSTSTORM OR SANDSTORM
8 = SMOKE OR HAZE
9 = BLOWING SNOW
X = TORNADO

$$
